-- Data for Name: sensor_activities; Type: TABLE DATA; Schema: public; Owner: -
--

COPY public.sensor_activities (id, deveui, battery, eventtype, buttonmode, sensortime, motioncheck, motioninterval, motiontreshold, created_at, updated_at, created_by_id, updated_by_id) FROM stdin;
55	BC9740FFFE10932A	102	USAGE CHECK Event	Workplace Detection	2022-12-08 17:48:46.94	5755	0	0	\N	2022-12-08 17:48:47.664	\N	\N
8	BC9740FFFE1092B2	101	USAGE START Event	Workplace Detection	2022-12-09 07:24:29.82	5280	0	0	\N	2022-12-09 07:24:30.583	\N	\N
33	BC9740FFFE1092F4	101	LIFECHECK Event	Workplace Detection	2022-12-08 15:34:43.675	5827	0	0	\N	2022-12-08 15:34:44.334	\N	\N
15	BC9740FFFE1092B8	101	USAGE CHECK Event	Workplace Detection	2022-12-09 10:10:17.087	15484	0	0	\N	2022-12-09 10:10:18.327	\N	\N
31	BC9740FFFE10932F	101	USAGE START Event	Workplace Detection	2022-12-09 08:44:20.95	4673	0	0	\N	2022-12-09 08:44:21.83	\N	\N
43	BC9740FFFE109325	101	LIFECHECK Event	Workplace Detection	2022-12-08 17:31:40.092	8185	0	0	\N	2022-12-08 17:31:40.836	\N	\N
7	BC9740FFFE1092B6	101	USAGE START Event	Workplace Detection	2022-12-08 18:00:28.985	842	0	0	\N	2022-12-08 18:00:29.48	\N	\N
66	BC9740FFFE1092EB	101	LIFECHECK Event	Workplace Detection	2022-12-08 15:45:23.563	4360	0	0	\N	2022-12-08 15:45:25.266	\N	\N
40	BC9740FFFE10930E	101	USAGE CHECK Event	Workplace Detection	2022-12-09 09:50:01.053	16693	0	0	\N	2022-12-09 09:50:02.81	\N	\N
52	BC9740FFFE10931F	101	USAGE START Event	Workplace Detection	2022-12-09 10:14:09.338	9900	0	0	\N	2022-12-09 10:14:10.02	\N	\N
39	BC9740FFFE109305	101	USAGE START Event	Workplace Detection	2022-12-09 06:21:10.617	3036	0	0	\N	2022-12-09 06:21:12.125	\N	\N
64	BC9740FFFE1092D0	101	USAGE START Event	Workplace Detection	2022-12-09 09:50:09.306	14638	0	0	\N	2022-12-09 09:50:09.767	\N	\N
57	BC9740FFFE109322	101	USAGE START Event	Workplace Detection	2022-12-09 08:47:37.689	4635	0	0	\N	2022-12-09 08:47:38.397	\N	\N
20	BC9740FFFE1092C3	101	USAGE CHECK Event	Workplace Detection	2022-12-08 16:51:58.3	7242	0	0	\N	2022-12-08 16:51:59.146	\N	\N
9	BC9740FFFE1092BE	101	LIFECHECK Event	Workplace Detection	2022-12-08 14:55:39.906	1165	0	0	\N	2022-12-08 14:55:40.408	\N	\N
17	BC9740FFFE1092E0	101	USAGE CHECK Event	Workplace Detection	2022-12-08 13:33:32.171	8436	0	0	\N	2022-12-08 13:33:32.789	\N	\N
45	BC9740FFFE109333	101	USAGE CHECK Event	Workplace Detection	2022-12-08 15:57:38.743	9186	0	0	\N	2022-12-08 15:57:39.267	\N	\N
60	BC9740FFFE109303	101	USAGE START Event	Workplace Detection	2022-12-08 17:26:30.881	20761	0	0	\N	2022-12-08 17:26:32.052	\N	\N
27	BC9740FFFE109329	101	USAGE START Event	Workplace Detection	2022-12-09 08:01:55.116	4013	0	0	\N	2022-12-09 08:01:56.645	\N	\N
49	BC9740FFFE10932B	102	USAGE START Event	Workplace Detection	2022-12-09 10:44:49.618	8609	0	0	\N	2022-12-09 10:44:50.278	\N	\N
62	BC9740FFFE109310	101	USAGE START Event	Workplace Detection	2022-12-08 17:20:54.831	7572	0	0	\N	2022-12-08 17:20:56.458	\N	\N
67	BC9740FFFE1092FE	101	USAGE START Event	Workplace Detection	2022-12-08 17:54:54.703	10420	0	0	\N	2022-12-08 17:54:55.125	\N	\N
11	BC9740FFFE1092B4	101	USAGE START Event	Workplace Detection	2022-12-08 17:55:56.151	4607	0	0	\N	2022-12-08 17:55:56.769	\N	\N
56	BC9740FFFE109306	101	USAGE CHECK Event	Workplace Detection	2022-12-08 14:05:52.35	8612	0	0	\N	2022-12-08 14:05:52.981	\N	\N
48	BC9740FFFE1092F0	101	USAGE START Event	Workplace Detection	2022-12-09 10:34:44.137	7640	0	0	\N	2022-12-09 10:34:45.564	\N	\N
61	BC9740FFFE1092E2	101	USAGE START Event	Workplace Detection	2022-12-08 17:52:26.86	6637	0	0	\N	2022-12-08 17:52:26.769	\N	\N
50	BC9740FFFE1092D6	101	USAGE START Event	Workplace Detection	2022-12-08 17:37:14.88	13784	0	0	\N	2022-12-08 17:37:16.646	\N	\N
58	BC9740FFFE1092EE	101	USAGE START Event	Workplace Detection	2022-12-08 17:54:02.441	8406	0	0	\N	2022-12-08 17:54:03.146	\N	\N
36	BC9740FFFE10932D	101	USAGE CHECK Event	Workplace Detection	2022-12-08 15:16:41.005	7119	0	0	\N	2022-12-08 15:16:41.512	\N	\N
22	BC9740FFFE1092BA	101	LIFECHECK Event	Workplace Detection	2022-12-08 15:54:09.498	6664	0	0	\N	2022-12-08 15:54:10.288	\N	\N
28	BC9740FFFE10931E	101	USAGE START Event	Workplace Detection	2022-12-08 17:49:19.278	6350	0	0	\N	2022-12-08 17:49:19.747	\N	\N
42	BC9740FFFE1092E3	101	USAGE CHECK Event	Workplace Detection	2022-12-09 10:45:32.606	10655	0	0	\N	2022-12-09 10:45:33.795	\N	\N
13	BC9740FFFE1092C1	101	USAGE CHECK Event	Workplace Detection	2022-12-08 16:25:50.204	4658	0	0	\N	2022-12-08 16:25:50.631	\N	\N
44	BC9740FFFE109318	102	USAGE START Event	Workplace Detection	2022-12-08 17:30:58.442	2218	0	0	\N	2022-12-08 17:30:59.875	\N	\N
37	BC9740FFFE1092F1	101	USAGE START Event	Workplace Detection	2022-12-08 17:46:46.627	4227	0	0	\N	2022-12-08 17:46:47.064	\N	\N
29	BC9740FFFE10931A	101	LIFECHECK Event	Workplace Detection	2022-12-08 16:27:40.831	4566	0	0	\N	2022-12-08 16:27:41.812	\N	\N
59	BC9740FFFE109308	101	USAGE CHECK Event	Workplace Detection	2022-12-09 10:37:37.565	11015	0	0	\N	2022-12-09 10:37:38.16	\N	\N
65	BC9740FFFE1092D7	101	LIFECHECK Event	Workplace Detection	2022-12-08 18:09:06.633	8815	0	0	\N	2022-12-08 18:09:09.404	\N	\N
34	BC9740FFFE109311	101	USAGE START Event	Workplace Detection	2022-12-08 17:17:53.275	16294	0	0	\N	2022-12-08 17:17:55.949	\N	\N
16	BC9740FFFE1092B3	101	USAGE START Event	Workplace Detection	2022-12-08 14:18:05.293	2276	0	0	\N	2022-12-08 14:18:05.734	\N	\N
46	BC9740FFFE10932C	101	USAGE CHECK Event	Workplace Detection	2022-12-09 10:45:10.447	6969	0	0	\N	2022-12-09 10:45:11.606	\N	\N
53	BC9740FFFE109326	101	USAGE CHECK Event	Workplace Detection	2022-12-08 17:48:59.566	3265	0	0	\N	2022-12-08 17:49:00.01	\N	\N
47	BC9740FFFE1092F2	102	LIFECHECK Event	Workplace Detection	2022-12-08 14:26:51.356	5158	0	0	\N	2022-12-08 14:26:51.906	\N	\N
14	BC9740FFFE1092CA	101	USAGE START Event	Workplace Detection	2022-12-09 10:22:42.785	15357	0	0	\N	2022-12-09 10:22:43.258	\N	\N
10	BC9740FFFE1092BF	101	USAGE START Event	Workplace Detection	2022-12-08 17:05:34.449	4358	0	0	\N	2022-12-08 17:05:36.755	\N	\N
12	BC9740FFFE1092B5	101	USAGE START Event	Workplace Detection	2022-12-09 06:49:41.291	9009	0	0	\N	2022-12-09 06:49:41.693	\N	\N
54	BC9740FFFE1092CF	101	USAGE CHECK Event	Workplace Detection	2022-12-09 10:21:47.976	12392	0	0	\N	2022-12-09 10:21:48.862	\N	\N
19	BC9740FFFE1092C5	101	USAGE CHECK Event	Workplace Detection	2022-12-09 10:49:20.558	24356	0	0	\N	2022-12-09 10:49:21.56	\N	\N
26	BC9740FFFE1092B7	101	LIFECHECK Event	Workplace Detection	2022-12-09 06:56:23.847	4323	0	0	\N	2022-12-09 06:56:25.011	\N	\N
41	BC9740FFFE1092F6	101	USAGE START Event	Workplace Detection	2022-12-09 08:07:05.422	8720	0	0	\N	2022-12-09 08:07:05.843	\N	\N
51	BC9740FFFE109327	102	LIFECHECK Event	Workplace Detection	2022-12-08 17:45:28.631	15204	0	0	\N	2022-12-08 17:45:29.468	\N	\N
18	BC9740FFFE1092DD	101	USAGE START Event	Workplace Detection	2022-12-09 09:20:30.958	15728	0	0	\N	2022-12-09 09:20:31.395	\N	\N
63	BC9740FFFE1092D1	101	USAGE CHECK Event	Workplace Detection	2022-12-09 10:30:52.033	12228	0	0	\N	2022-12-09 10:30:52.513	\N	\N
21	BC9740FFFE1092BC	101	USAGE START Event	Workplace Detection	2022-12-09 06:51:12.249	1901	0	0	\N	2022-12-09 06:51:12.774	\N	\N
119	BC9740FFFE109301	101	LIFECHECK Event	Workplace Detection	2022-12-08 16:05:20.719	8896	0	0	\N	2022-12-08 16:05:21.111	\N	\N
120	BC9740FFFE1092F8	102	LIFECHECK Event	Workplace Detection	2022-12-09 09:04:56.547	1875	0	0	\N	2022-12-09 09:04:57.058	\N	\N
78	BC9740FFFE1092DA	102	USAGE START Event	Workplace Detection	2022-12-08 17:48:25.688	14936	0	0	\N	2022-12-08 17:48:26.111	\N	\N
103	BC9740FFFE1092FC	102	USAGE START Event	Workplace Detection	2022-12-09 07:50:50.725	7414	0	0	\N	2022-12-09 07:50:51.891	\N	\N
101	BC9740FFFE109307	102	LIFECHECK Event	Workplace Detection	2022-12-08 12:26:42.006	7729	0	0	\N	2022-12-08 12:26:42.373	\N	\N
111	BC9740FFFE1092B9	101	USAGE CHECK Event	Workplace Detection	2022-12-08 16:28:41.793	13714	0	0	\N	2022-12-08 16:28:42.443	\N	\N
108	BC9740FFFE109312	101	USAGE START Event	Workplace Detection	2022-12-08 17:45:31.177	12720	0	0	\N	2022-12-08 17:45:31.854	\N	\N
93	BC9740FFFE109302	101	LIFECHECK Event	Workplace Detection	2022-12-08 17:50:09.305	15955	0	0	\N	2022-12-08 17:50:09.973	\N	\N
109	BC9740FFFE1092D5	102	USAGE START Event	Workplace Detection	2022-12-09 08:25:15.169	6984	0	0	\N	2022-12-09 08:25:15.893	\N	\N
77	BC9740FFFE10930D	102	USAGE START Event	Workplace Detection	2022-12-08 16:18:58.564	12439	0	0	\N	2022-12-08 16:18:59.227	\N	\N
100	BC9740FFFE1092D8	101	USAGE CHECK Event	Workplace Detection	2022-12-09 07:56:08.695	12873	0	0	\N	2022-12-09 07:56:09.722	\N	\N
90	BC9740FFFE1092FF	101	USAGE START Event	Workplace Detection	2022-12-08 17:50:24.648	12612	0	0	\N	2022-12-08 17:50:25.119	\N	\N
116	BC9740FFFE10932E	101	USAGE CHECK Event	Workplace Detection	2022-12-08 17:57:10.783	11937	0	0	\N	2022-12-08 17:57:11.194	\N	\N
68	BC9740FFFE10930C	101	USAGE START Event	Workplace Detection	2022-12-08 17:50:26.701	14683	0	0	\N	2022-12-08 17:50:27.375	\N	\N
83	BC9740FFFE1092D9	102	USAGE START Event	Workplace Detection	2022-12-08 17:46:25.32	21599	0	0	\N	2022-12-08 17:46:25.824	\N	\N
81	BC9740FFFE1092CB	101	USAGE CHECK Event	Workplace Detection	2022-12-09 10:32:28.521	4414	0	0	\N	2022-12-09 10:32:29.256	\N	\N
104	BC9740FFFE10930A	101	USAGE START Event	Workplace Detection	2022-12-08 17:54:06.289	11362	0	0	\N	2022-12-08 17:54:06.762	\N	\N
87	BC9740FFFE109319	101	USAGE START Event	Workplace Detection	2022-12-08 17:56:01.434	4922	0	0	\N	2022-12-08 17:56:02.197	\N	\N
86	BC9740FFFE1092F5	101	USAGE CHECK Event	Workplace Detection	2022-12-09 10:27:11.032	2833	0	0	\N	2022-12-09 10:27:12.281	\N	\N
95	BC9740FFFE1092C7	101	USAGE CHECK Event	Workplace Detection	2022-12-07 15:19:45.788	8984	0	0	\N	2022-12-07 15:19:46.603	\N	\N
114	BC9740FFFE1092CD	101	USAGE START Event	Workplace Detection	2022-12-09 10:43:19.55	12449	0	0	\N	2022-12-09 10:43:20.793	\N	\N
110	BC9740FFFE109300	101	USAGE CHECK Event	Workplace Detection	2022-12-09 07:19:41.002	3755	0	0	\N	2022-12-09 07:19:41.496	\N	\N
30	BC9740FFFE109320	101	USAGE START Event	Workplace Detection	2022-12-08 17:57:13.232	6553	0	0	\N	2022-12-08 17:57:13.65	\N	\N
107	BC9740FFFE109309	101	USAGE START Event	Workplace Detection	2022-12-09 08:19:56.457	16015	0	0	\N	2022-12-09 08:19:57.668	\N	\N
97	BC9740FFFE1092D3	101	USAGE CHECK Event	Workplace Detection	2022-12-09 10:38:59.47	12250	0	0	\N	2022-12-09 10:39:00.139	\N	\N
121	BC9740FFFE1092D2	101	LIFECHECK Event	Workplace Detection	2022-12-08 18:14:58.705	7922	0	0	\N	2022-12-08 18:15:00.639	\N	\N
99	BC9740FFFE1092C9	101	USAGE CHECK Event	Workplace Detection	2022-12-08 10:35:50.754	4147	0	0	\N	2022-12-08 10:35:51.563	\N	\N
80	BC9740FFFE1092E1	101	LIFECHECK Event	Workplace Detection	2022-12-08 15:43:55.35	8523	0	0	\N	2022-12-08 15:43:56.038	\N	\N
102	BC9740FFFE109328	101	USAGE CHECK Event	Workplace Detection	2022-12-08 14:43:34.551	11351	0	0	\N	2022-12-08 14:43:35.188	\N	\N
79	BC9740FFFE1092ED	101	LIFECHECK Event	Workplace Detection	2022-12-08 15:53:08.513	5876	0	0	\N	2022-12-08 15:53:08.915	\N	\N
71	BC9740FFFE1092EA	101	USAGE CHECK Event	Workplace Detection	2022-12-09 10:12:58.107	7189	0	0	\N	2022-12-09 10:12:59.592	\N	\N
69	BC9740FFFE1092DB	101	USAGE CHECK Event	Workplace Detection	2022-12-09 10:29:23.65	12763	0	0	\N	2022-12-09 10:29:25.115	\N	\N
118	BC9740FFFE109330	101	USAGE START Event	Workplace Detection	2022-12-08 17:52:04.395	1244	0	0	\N	2022-12-08 17:52:04.948	\N	\N
96	BC9740FFFE1092C6	102	USAGE CHECK Event	Workplace Detection	2022-12-09 10:34:58.13	3067	0	0	\N	2022-12-09 10:34:59.858	\N	\N
88	BC9740FFFE1092FD	101	USAGE START Event	Workplace Detection	2022-12-08 17:45:40.465	13019	0	0	\N	2022-12-08 17:45:41.087	\N	\N
117	BC9740FFFE1092EF	101	USAGE START Event	Workplace Detection	2022-12-08 17:52:01.07	1525	0	0	\N	2022-12-08 17:52:01.584	\N	\N
72	BC9740FFFE109321	101	USAGE START Event	Workplace Detection	2022-12-08 17:51:06.516	14333	0	0	\N	2022-12-08 17:51:07.032	\N	\N
94	BC9740FFFE10931D	101	USAGE START Event	Workplace Detection	2022-12-08 17:47:10.606	4887	0	0	\N	2022-12-08 17:47:11.198	\N	\N
25	BC9740FFFE1092DE	101	USAGE START Event	Workplace Detection	2022-12-08 13:04:36.441	6628	0	0	\N	2022-12-08 13:04:37.134	\N	\N
106	BC9740FFFE1092D4	101	LIFECHECK Event	Workplace Detection	2022-12-08 15:14:26.811	7157	0	0	\N	2022-12-08 15:14:27.451	\N	\N
84	BC9740FFFE10930F	101	USAGE START Event	Workplace Detection	2022-12-08 14:18:37.989	2629	0	0	\N	2022-12-08 14:18:38.305	\N	\N
92	BC9740FFFE1092CE	101	USAGE CHECK Event	Workplace Detection	2022-12-09 10:29:47.273	6219	0	0	\N	2022-12-09 10:29:49.67	\N	\N
82	BC9740FFFE1092F7	101	USAGE CHECK Event	Workplace Detection	2022-12-09 10:22:55.015	17836	0	0	\N	2022-12-09 10:22:55.499	\N	\N
89	BC9740FFFE109332	101	USAGE CHECK Event	Workplace Detection	2022-12-09 10:21:28.471	12828	0	0	\N	2022-12-09 10:21:29.408	\N	\N
74	BC9740FFFE1092E9	101	LIFECHECK Event	Workplace Detection	2022-12-08 16:04:19.225	2289	0	0	\N	2022-12-08 16:04:20.294	\N	\N
85	BC9740FFFE10931C	101	LIFECHECK Event	Workplace Detection	2022-12-08 14:08:50.461	10316	0	0	\N	2022-12-08 14:08:50.819	\N	\N
98	BC9740FFFE1092DC	101	USAGE CHECK Event	Workplace Detection	2022-12-09 10:22:09.795	15549	0	0	\N	2022-12-09 10:22:10.858	\N	\N
24	BC9740FFFE1092C8	101	USAGE CHECK Event	Workplace Detection	2022-12-09 10:36:33.258	1897	0	0	\N	2022-12-09 10:36:33.826	\N	\N
91	BC9740FFFE1092EC	101	USAGE START Event	Workplace Detection	2022-12-08 17:49:13.194	6576	0	0	\N	2022-12-08 17:49:13.776	\N	\N
113	BC9740FFFE1092FB	101	USAGE START Event	Workplace Detection	2022-12-08 17:52:36.715	3122	0	0	\N	2022-12-08 17:52:36.611	\N	\N
75	BC9740FFFE109315	102	USAGE START Event	Workplace Detection	2022-12-08 15:47:48.428	1247	0	0	\N	2022-12-08 15:47:49.375	\N	\N
112	BC9740FFFE1092FA	101	LIFECHECK Event	Workplace Detection	2022-12-09 10:48:27.402	14627	0	0	\N	2022-12-09 10:48:28.173	\N	\N
115	BC9740FFFE1092E7	101	USAGE CHECK Event	Workplace Detection	2022-12-09 10:49:26.668	9266	0	0	\N	2022-12-09 10:49:27.239	\N	\N
105	BC9740FFFE1092F3	102	LIFECHECK Event	Workplace Detection	2022-12-08 15:16:23.763	7325	0	0	\N	2022-12-08 15:16:24.312	\N	\N
136	BC9740FFFE108C75	100	USAGE START Event	Workplace Detection	2022-12-09 10:40:33.993	5151	0	0	\N	2022-12-09 10:40:35.14	\N	\N
35	BC9740FFFE109314	101	USAGE CHECK Event	Workplace Detection	2022-12-08 16:04:08.243	8646	0	0	\N	2022-12-08 16:04:08.881	\N	\N
128	BC9740FFFE108CAA	100	USAGE CHECK Event	Workplace Detection	2022-12-09 10:30:19.993	7323	0	0	\N	2022-12-09 10:30:21.018	\N	\N
135	BC9740FFFE108C8A	100	USAGE CHECK Event	Workplace Detection	2022-12-09 10:31:33.278	7954	0	0	\N	2022-12-09 10:31:33.774	\N	\N
156	BC9740FFFE108C8F	100	LIFECHECK Event	Workplace Detection	2022-12-08 17:52:27.065	4059	0	0	\N	2022-12-08 17:52:27.66	\N	\N
126	BC9740FFFE108C84	100	USAGE CHECK Event	Workplace Detection	2022-12-09 10:36:20.76	6761	0	0	\N	2022-12-09 10:36:21.734	\N	\N
134	BC9740FFFE108C88	100	USAGE START Event	Workplace Detection	2022-12-07 18:40:14.887	3050	0	0	\N	2022-12-07 18:40:16.945	\N	\N
149	BC9740FFFE108C74	100	LIFECHECK Event	Workplace Detection	2022-12-08 15:32:42.274	1984	0	0	\N	2022-12-08 15:32:42.657	\N	\N
144	BC9740FFFE108C7A	100	LIFECHECK Event	Workplace Detection	2022-12-08 17:54:58.459	8252	0	0	\N	2022-12-08 17:54:59.065	\N	\N
131	BC9740FFFE108C8C	100	USAGE START Event	Workplace Detection	2022-12-08 12:33:44.461	2902	0	0	\N	2022-12-08 12:33:44.924	\N	\N
143	BC9740FFFE108C85	100	LIFECHECK Event	Workplace Detection	2022-12-09 06:15:34.706	1840	0	0	\N	2022-12-09 06:15:38.299	\N	\N
130	BC9740FFFE108C81	100	USAGE START Event	Workplace Detection	2022-12-09 10:10:42.577	4099	0	0	\N	2022-12-09 10:10:44.948	\N	\N
161	BC9740FFFE10930B	102	LIFECHECK Event	Workplace Detection	2022-12-09 09:05:09.731	3689	0	0	\N	2022-12-09 09:05:10.135	\N	\N
147	BC9740FFFE108C8D	100	USAGE CHECK Event	Workplace Detection	2022-12-08 14:56:42.409	6424	0	0	\N	2022-12-08 14:56:43.13	\N	\N
122	BC9740FFFE1092E5	101	USAGE START Event	Workplace Detection	2022-12-09 09:53:15.876	5688	0	0	\N	2022-12-09 09:53:16.465	\N	\N
132	BC9740FFFE108C8B	100	USAGE CHECK Event	Workplace Detection	2022-12-08 14:57:18.694	8817	0	0	\N	2022-12-08 14:57:19.513	\N	\N
155	BC9740FFFE108C89	100	LIFECHECK Event	Workplace Detection	2022-12-08 17:40:21.332	2991	0	0	\N	2022-12-08 17:40:22.124	\N	\N
157	BC9740FFFE108CAD	100	LIFECHECK Event	Workplace Detection	2022-12-08 17:47:47.228	2909	0	0	\N	2022-12-08 17:47:48.109	\N	\N
159	BC9740FFFE10931B	101	USAGE CHECK Event	Workplace Detection	2022-12-09 10:41:21.827	9964	0	0	\N	2022-12-09 10:41:22.935	\N	\N
145	BC9740FFFE108C8E	100	USAGE CHECK Event	Workplace Detection	2022-12-08 17:25:19.648	2507	0	0	\N	2022-12-08 17:25:20.696	\N	\N
138	BC9740FFFE108C77	101	USAGE CHECK Event	Workplace Detection	2022-12-09 08:41:42.507	6610	0	0	\N	2022-12-09 08:41:43.553	\N	\N
129	BC9740FFFE108C87	100	USAGE CHECK Event	Workplace Detection	2022-12-08 12:20:05.191	5205	0	0	\N	2022-12-08 12:20:05.961	\N	\N
158	BC9740FFFE108C7D	101	USAGE CHECK Event	Workplace Detection	2022-12-09 10:13:29.891	3616	0	0	\N	2022-12-09 10:13:30.62	\N	\N
140	BC9740FFFE108C86	100	USAGE START Event	Workplace Detection	2022-12-09 10:14:42.769	3562	0	0	\N	2022-12-09 10:14:43.337	\N	\N
133	BC9740FFFE108C90	100	USAGE START Event	Workplace Detection	2022-12-08 17:43:10.385	3616	0	0	\N	2022-12-08 17:43:11.423	\N	\N
152	BC9740FFFE108C7B	100	USAGE START Event	Workplace Detection	2022-12-08 19:33:39.344	7953	0	0	\N	2022-12-08 19:33:43.842	\N	\N
151	BC9740FFFE108C79	100	USAGE CHECK Event	Workplace Detection	2022-12-08 20:00:36.185	4559	0	0	\N	2022-12-08 20:00:42.578	\N	\N
70	BC9740FFFE1092F9	101	LIFECHECK Event	Workplace Detection	2022-12-08 17:50:27.532	17272	0	0	\N	2022-12-08 17:50:27.915	\N	\N
154	BC9740FFFE108C7F	100	LIFECHECK Event	Workplace Detection	2022-12-08 11:33:14.287	9320	0	0	\N	2022-12-08 11:33:15.151	\N	\N
142	BC9740FFFE108CAC	100	LIFECHECK Event	Workplace Detection	2022-12-09 07:27:49.18	1524	0	0	\N	2022-12-09 07:27:50.73	\N	\N
153	BC9740FFFE108C7C	100	USAGE CHECK Event	Workplace Detection	2022-12-08 15:00:36.055	3121	0	0	\N	2022-12-08 15:00:37.034	\N	\N
123	BC9740FFFE1092CC	101	USAGE CHECK Event	Workplace Detection	2022-12-09 07:17:02.48	8361	0	0	\N	2022-12-09 07:17:03.236	\N	\N
139	BC9740FFFE108CAE	100	LIFECHECK Event	Workplace Detection	2022-12-08 15:49:53.704	5977	0	0	\N	2022-12-08 15:49:54.908	\N	\N
73	BC9740FFFE109323	101	USAGE START Event	Workplace Detection	2022-12-09 09:31:08.841	8071	0	0	\N	2022-12-09 09:31:09.202	\N	\N
137	BC9740FFFE108C76	100	USAGE START Event	Workplace Detection	2022-12-09 10:23:07.431	7586	0	0	\N	2022-12-09 10:23:07.841	\N	\N
38	BC9740FFFE109316	101	USAGE START Event	Workplace Detection	2022-12-08 17:37:32.176	4179	0	0	\N	2022-12-08 17:37:34.003	\N	\N
32	BC9740FFFE109324	101	USAGE START Event	Workplace Detection	2022-12-09 08:48:40.793	9050	0	0	\N	2022-12-09 08:48:41.276	\N	\N
146	BC9740FFFE108C80	100	LIFECHECK Event	Workplace Detection	2022-12-08 10:41:59.13	1272	0	0	\N	2022-12-08 10:42:00.044	\N	\N
23	BC9740FFFE1092C2	101	USAGE CHECK Event	Workplace Detection	2022-12-09 07:27:50.996	6165	0	0	\N	2022-12-09 07:27:52.174	\N	\N
127	BC9740FFFE108CAB	101	LIFECHECK Event	Workplace Detection	2022-12-08 14:52:34.577	1465	0	0	\N	2022-12-08 14:52:36.083	\N	\N
160	BC9740FFFE109331	101	LIFECHECK Event	Workplace Detection	2022-12-09 08:17:09.051	2739	0	0	\N	2022-12-09 08:17:10.286	\N	\N
141	BC9740FFFE108C7E	100	USAGE CHECK Event	Workplace Detection	2022-12-09 10:13:20.052	7021	0	0	\N	2022-12-09 10:13:21.34	\N	\N
125	BC9740FFFE108C83	100	USAGE CHECK Event	Workplace Detection	2022-12-09 10:47:46.05	9898	0	0	\N	2022-12-09 10:47:46.91	\N	\N
124	BC9740FFFE108C82	100	USAGE CHECK Event	Workplace Detection	2022-12-09 10:36:31.026	8166	0	0	\N	2022-12-09 10:36:31.412	\N	\N
150	BC9740FFFE108C78	100	USAGE START Event	Workplace Detection	2022-12-08 15:45:26.035	3417	0	0	\N	2022-12-08 15:45:26.745	\N	\N
162	BC9740FFFE1092E4	102	LIFECHECK Event	Workplace Detection	2022-12-09 09:03:23.481	3553	0	0	\N	2022-12-09 09:03:24.121	\N	\N
148	BC9740FFFE108C73	100	USAGE CHECK Event	Workplace Detection	2022-12-09 08:32:11.39	6791	0	0	\N	2022-12-09 08:32:13.126	\N	\N
76	BC9740FFFE109313	101	USAGE CHECK Event	Workplace Detection	2022-12-08 16:02:30.145	21059	0	0	\N	2022-12-08 16:02:31.457	\N	\N
\.


--
-- Data for Name: sensors; Type: TABLE DATA; Schema: public; Owner: -
--

COPY public.sensors (id, isavailable, datasourceurl, currentpayload, sensortype, roomid, workplaceid, created_at, updated_at, created_by_id, updated_by_id) FROM stdin;
\.


--
-- Data for Name: strapi_api_token_permissions; Type: TABLE DATA; Schema: public; Owner: -
--

COPY public.strapi_api_token_permissions (id, action, created_at, updated_at, created_by_id, updated_by_id) FROM stdin;
\.


--
-- Data for Name: strapi_api_token_permissions_token_links; Type: TABLE DATA; Schema: public; Owner: -
--

COPY public.strapi_api_token_permissions_token_links (id, api_token_permission_id, api_token_id) FROM stdin;
\.


--
-- Data for Name: strapi_api_tokens; Type: TABLE DATA; Schema: public; Owner: -
--

COPY public.strapi_api_tokens (id, name, description, type, access_key, created_at, updated_at, created_by_id, updated_by_id, last_used_at, expires_at, lifespan) FROM stdin;
1	Admin Data Creator	Initial data Creator Account Token	full-access	3bd4108acf2d02f413afb5d6fc1fd98fec72df3b15eaa951538e0cecbf339622ec309d1e02f47cd55e03ae82d7d80f99383af9e0bb300bacc81e887d438fef3c	2022-02-25 09:16:39.613	2022-02-25 09:16:39.613	\N	\N	\N	\N	\N
\.


--
-- Data for Name: strapi_core_store_settings; Type: TABLE DATA; Schema: public; Owner: -
--

COPY public.strapi_core_store_settings (id, key, value, type, environment, tag) FROM stdin;
3	plugin_content_manager_configuration_content_types::plugin::users-permissions.role	{"uid":"plugin::users-permissions.role","settings":{"bulkable":true,"filterable":true,"searchable":true,"pageSize":10,"mainField":"name","defaultSortBy":"name","defaultSortOrder":"ASC"},"metadatas":{"id":{"edit":{},"list":{"label":"Id","searchable":true,"sortable":true}},"name":{"edit":{"label":"Name","description":"","placeholder":"","visible":true,"editable":true},"list":{"label":"Name","searchable":true,"sortable":true}},"description":{"edit":{"label":"Description","description":"","placeholder":"","visible":true,"editable":true},"list":{"label":"Description","searchable":true,"sortable":true}},"type":{"edit":{"label":"Type","description":"","placeholder":"","visible":true,"editable":true},"list":{"label":"Type","searchable":true,"sortable":true}},"permissions":{"edit":{"label":"Permissions","description":"","placeholder":"","visible":true,"editable":true,"mainField":"action"},"list":{"label":"Permissions","searchable":false,"sortable":false}},"users":{"edit":{"label":"Users","description":"","placeholder":"","visible":true,"editable":true,"mainField":"username"},"list":{"label":"Users","searchable":false,"sortable":false}},"createdAt":{"edit":{"label":"CreatedAt","description":"","placeholder":"","visible":false,"editable":true},"list":{"label":"CreatedAt","searchable":true,"sortable":true}},"updatedAt":{"edit":{"label":"UpdatedAt","description":"","placeholder":"","visible":false,"editable":true},"list":{"label":"UpdatedAt","searchable":true,"sortable":true}}},"layouts":{"list":["id","name","description","type"],"editRelations":["permissions","users"],"edit":[[{"name":"name","size":6},{"name":"description","size":6}],[{"name":"type","size":6}]]}}	object	\N	\N
2	plugin_content_manager_configuration_content_types::admin::user	{"uid":"admin::user","settings":{"bulkable":true,"filterable":true,"searchable":true,"pageSize":10,"mainField":"firstname","defaultSortBy":"firstname","defaultSortOrder":"ASC"},"metadatas":{"id":{"edit":{},"list":{"label":"Id","searchable":true,"sortable":true}},"firstname":{"edit":{"label":"Firstname","description":"","placeholder":"","visible":true,"editable":true},"list":{"label":"Firstname","searchable":true,"sortable":true}},"lastname":{"edit":{"label":"Lastname","description":"","placeholder":"","visible":true,"editable":true},"list":{"label":"Lastname","searchable":true,"sortable":true}},"username":{"edit":{"label":"Username","description":"","placeholder":"","visible":true,"editable":true},"list":{"label":"Username","searchable":true,"sortable":true}},"email":{"edit":{"label":"Email","description":"","placeholder":"","visible":true,"editable":true},"list":{"label":"Email","searchable":true,"sortable":true}},"password":{"edit":{"label":"Password","description":"","placeholder":"","visible":true,"editable":true},"list":{"label":"Password","searchable":true,"sortable":true}},"resetPasswordToken":{"edit":{"label":"ResetPasswordToken","description":"","placeholder":"","visible":true,"editable":true},"list":{"label":"ResetPasswordToken","searchable":true,"sortable":true}},"registrationToken":{"edit":{"label":"RegistrationToken","description":"","placeholder":"","visible":true,"editable":true},"list":{"label":"RegistrationToken","searchable":true,"sortable":true}},"isActive":{"edit":{"label":"IsActive","description":"","placeholder":"","visible":true,"editable":true},"list":{"label":"IsActive","searchable":true,"sortable":true}},"roles":{"edit":{"label":"Roles","description":"","placeholder":"","visible":true,"editable":true,"mainField":"name"},"list":{"label":"Roles","searchable":false,"sortable":false}},"blocked":{"edit":{"label":"Blocked","description":"","placeholder":"","visible":true,"editable":true},"list":{"label":"Blocked","searchable":true,"sortable":true}},"preferedLanguage":{"edit":{"label":"PreferedLanguage","description":"","placeholder":"","visible":true,"editable":true},"list":{"label":"PreferedLanguage","searchable":true,"sortable":true}},"createdAt":{"edit":{"label":"CreatedAt","description":"","placeholder":"","visible":false,"editable":true},"list":{"label":"CreatedAt","searchable":true,"sortable":true}},"updatedAt":{"edit":{"label":"UpdatedAt","description":"","placeholder":"","visible":false,"editable":true},"list":{"label":"UpdatedAt","searchable":true,"sortable":true}}},"layouts":{"list":["id","firstname","lastname","username"],"editRelations":["roles"],"edit":[[{"name":"firstname","size":6},{"name":"lastname","size":6}],[{"name":"username","size":6},{"name":"email","size":6}],[{"name":"password","size":6},{"name":"resetPasswordToken","size":6}],[{"name":"registrationToken","size":6},{"name":"isActive","size":4}],[{"name":"blocked","size":4},{"name":"preferedLanguage","size":6}]]}}	object	\N	\N
4	plugin_content_manager_configuration_content_types::admin::role	{"uid":"admin::role","settings":{"bulkable":true,"filterable":true,"searchable":true,"pageSize":10,"mainField":"name","defaultSortBy":"name","defaultSortOrder":"ASC"},"metadatas":{"id":{"edit":{},"list":{"label":"Id","searchable":true,"sortable":true}},"name":{"edit":{"label":"Name","description":"","placeholder":"","visible":true,"editable":true},"list":{"label":"Name","searchable":true,"sortable":true}},"code":{"edit":{"label":"Code","description":"","placeholder":"","visible":true,"editable":true},"list":{"label":"Code","searchable":true,"sortable":true}},"description":{"edit":{"label":"Description","description":"","placeholder":"","visible":true,"editable":true},"list":{"label":"Description","searchable":true,"sortable":true}},"users":{"edit":{"label":"Users","description":"","placeholder":"","visible":true,"editable":true,"mainField":"firstname"},"list":{"label":"Users","searchable":false,"sortable":false}},"permissions":{"edit":{"label":"Permissions","description":"","placeholder":"","visible":true,"editable":true,"mainField":"action"},"list":{"label":"Permissions","searchable":false,"sortable":false}},"createdAt":{"edit":{"label":"CreatedAt","description":"","placeholder":"","visible":false,"editable":true},"list":{"label":"CreatedAt","searchable":true,"sortable":true}},"updatedAt":{"edit":{"label":"UpdatedAt","description":"","placeholder":"","visible":false,"editable":true},"list":{"label":"UpdatedAt","searchable":true,"sortable":true}}},"layouts":{"list":["id","name","code","description"],"editRelations":["users","permissions"],"edit":[[{"name":"name","size":6},{"name":"code","size":6}],[{"name":"description","size":6}]]}}	object	\N	\N
6	plugin_content_manager_configuration_content_types::api::room.room	{"uid":"api::room.room","settings":{"bulkable":true,"filterable":true,"searchable":true,"pageSize":10,"mainField":"roomname","defaultSortBy":"roomname","defaultSortOrder":"ASC"},"metadatas":{"id":{"edit":{},"list":{"label":"Id","searchable":true,"sortable":true}},"roomname":{"edit":{"label":"Roomname","description":"","placeholder":"","visible":true,"editable":true},"list":{"label":"Roomname","searchable":true,"sortable":true}},"roomnumber":{"edit":{"label":"Roomnumber","description":"","placeholder":"","visible":true,"editable":true},"list":{"label":"Roomnumber","searchable":true,"sortable":true}},"publicid":{"edit":{"label":"Publicid","description":"","placeholder":"","visible":true,"editable":true},"list":{"label":"Publicid","searchable":true,"sortable":true}},"resourceurl":{"edit":{"label":"Resourceurl","description":"","placeholder":"","visible":true,"editable":true},"list":{"label":"Resourceurl","searchable":true,"sortable":true}},"floorid":{"edit":{"label":"Floorid","description":"","placeholder":"","visible":true,"editable":true},"list":{"label":"Floorid","searchable":true,"sortable":true}},"createdAt":{"edit":{"label":"CreatedAt","description":"","placeholder":"","visible":false,"editable":true},"list":{"label":"CreatedAt","searchable":true,"sortable":true}},"updatedAt":{"edit":{"label":"UpdatedAt","description":"","placeholder":"","visible":false,"editable":true},"list":{"label":"UpdatedAt","searchable":true,"sortable":true}}},"layouts":{"list":["id","roomname","roomnumber","publicid"],"editRelations":[],"edit":[[{"name":"roomname","size":6},{"name":"roomnumber","size":6}],[{"name":"publicid","size":6},{"name":"resourceurl","size":6}],[{"name":"floorid","size":4}]]}}	object	\N	\N
16	plugin_upload_settings	{"sizeOptimization":true,"responsiveDimensions":true,"autoOrientation":false}	object	\N	\N
5	plugin_content_manager_configuration_content_types::plugin::upload.file	{"uid":"plugin::upload.file","settings":{"bulkable":true,"filterable":true,"searchable":true,"pageSize":10,"mainField":"name","defaultSortBy":"name","defaultSortOrder":"ASC"},"metadatas":{"id":{"edit":{},"list":{"label":"Id","searchable":true,"sortable":true}},"name":{"edit":{"label":"Name","description":"","placeholder":"","visible":true,"editable":true},"list":{"label":"Name","searchable":true,"sortable":true}},"alternativeText":{"edit":{"label":"AlternativeText","description":"","placeholder":"","visible":true,"editable":true},"list":{"label":"AlternativeText","searchable":true,"sortable":true}},"caption":{"edit":{"label":"Caption","description":"","placeholder":"","visible":true,"editable":true},"list":{"label":"Caption","searchable":true,"sortable":true}},"width":{"edit":{"label":"Width","description":"","placeholder":"","visible":true,"editable":true},"list":{"label":"Width","searchable":true,"sortable":true}},"height":{"edit":{"label":"Height","description":"","placeholder":"","visible":true,"editable":true},"list":{"label":"Height","searchable":true,"sortable":true}},"formats":{"edit":{"label":"Formats","description":"","placeholder":"","visible":true,"editable":true},"list":{"label":"Formats","searchable":false,"sortable":false}},"hash":{"edit":{"label":"Hash","description":"","placeholder":"","visible":true,"editable":true},"list":{"label":"Hash","searchable":true,"sortable":true}},"ext":{"edit":{"label":"Ext","description":"","placeholder":"","visible":true,"editable":true},"list":{"label":"Ext","searchable":true,"sortable":true}},"mime":{"edit":{"label":"Mime","description":"","placeholder":"","visible":true,"editable":true},"list":{"label":"Mime","searchable":true,"sortable":true}},"size":{"edit":{"label":"Size","description":"","placeholder":"","visible":true,"editable":true},"list":{"label":"Size","searchable":true,"sortable":true}},"url":{"edit":{"label":"Url","description":"","placeholder":"","visible":true,"editable":true},"list":{"label":"Url","searchable":true,"sortable":true}},"previewUrl":{"edit":{"label":"PreviewUrl","description":"","placeholder":"","visible":true,"editable":true},"list":{"label":"PreviewUrl","searchable":true,"sortable":true}},"provider":{"edit":{"label":"Provider","description":"","placeholder":"","visible":true,"editable":true},"list":{"label":"Provider","searchable":true,"sortable":true}},"provider_metadata":{"edit":{"label":"Provider_metadata","description":"","placeholder":"","visible":true,"editable":true},"list":{"label":"Provider_metadata","searchable":false,"sortable":false}},"folder":{"edit":{"label":"folder","description":"","placeholder":"","visible":true,"editable":true,"mainField":"name"},"list":{"label":"folder","searchable":true,"sortable":true}},"folderPath":{"edit":{"label":"folderPath","description":"","placeholder":"","visible":true,"editable":true},"list":{"label":"folderPath","searchable":true,"sortable":true}},"createdAt":{"edit":{"label":"CreatedAt","description":"","placeholder":"","visible":false,"editable":true},"list":{"label":"CreatedAt","searchable":true,"sortable":true}},"updatedAt":{"edit":{"label":"UpdatedAt","description":"","placeholder":"","visible":false,"editable":true},"list":{"label":"UpdatedAt","searchable":true,"sortable":true}}},"layouts":{"list":["id","name","alternativeText","caption"],"edit":[[{"name":"name","size":6},{"name":"alternativeText","size":6}],[{"name":"caption","size":6},{"name":"width","size":4}],[{"name":"height","size":4}],[{"name":"formats","size":12}],[{"name":"hash","size":6},{"name":"ext","size":6}],[{"name":"mime","size":6},{"name":"size","size":4}],[{"name":"url","size":6},{"name":"previewUrl","size":6}],[{"name":"provider","size":6}],[{"name":"provider_metadata","size":12}],[{"name":"folderPath","size":6}]],"editRelations":["folder"]}}	object	\N	\N
1	strapi_content_types_schema	{"admin::permission":{"collectionName":"admin_permissions","info":{"name":"Permission","description":"","singularName":"permission","pluralName":"permissions","displayName":"Permission"},"options":{},"pluginOptions":{"content-manager":{"visible":false},"content-type-builder":{"visible":false}},"attributes":{"action":{"type":"string","minLength":1,"configurable":false,"required":true},"subject":{"type":"string","minLength":1,"configurable":false,"required":false},"properties":{"type":"json","configurable":false,"required":false,"default":{}},"conditions":{"type":"json","configurable":false,"required":false,"default":[]},"role":{"configurable":false,"type":"relation","relation":"manyToOne","inversedBy":"permissions","target":"admin::role"},"createdAt":{"type":"datetime"},"updatedAt":{"type":"datetime"},"createdBy":{"type":"relation","relation":"oneToOne","target":"admin::user","configurable":false,"writable":false,"visible":false,"useJoinTable":false,"private":true},"updatedBy":{"type":"relation","relation":"oneToOne","target":"admin::user","configurable":false,"writable":false,"visible":false,"useJoinTable":false,"private":true}},"kind":"collectionType","__schema__":{"collectionName":"admin_permissions","info":{"name":"Permission","description":"","singularName":"permission","pluralName":"permissions","displayName":"Permission"},"options":{},"pluginOptions":{"content-manager":{"visible":false},"content-type-builder":{"visible":false}},"attributes":{"action":{"type":"string","minLength":1,"configurable":false,"required":true},"subject":{"type":"string","minLength":1,"configurable":false,"required":false},"properties":{"type":"json","configurable":false,"required":false,"default":{}},"conditions":{"type":"json","configurable":false,"required":false,"default":[]},"role":{"configurable":false,"type":"relation","relation":"manyToOne","inversedBy":"permissions","target":"admin::role"}},"kind":"collectionType"},"modelType":"contentType","modelName":"permission","connection":"default","uid":"admin::permission","plugin":"admin","globalId":"AdminPermission"},"admin::user":{"collectionName":"admin_users","info":{"name":"User","description":"","singularName":"user","pluralName":"users","displayName":"User"},"pluginOptions":{"content-manager":{"visible":false},"content-type-builder":{"visible":false}},"attributes":{"firstname":{"type":"string","unique":false,"minLength":1,"configurable":false,"required":false},"lastname":{"type":"string","unique":false,"minLength":1,"configurable":false,"required":false},"username":{"type":"string","unique":false,"configurable":false,"required":false},"email":{"type":"email","minLength":6,"configurable":false,"required":true,"unique":true,"private":true},"password":{"type":"password","minLength":6,"configurable":false,"required":false,"private":true},"resetPasswordToken":{"type":"string","configurable":false,"private":true},"registrationToken":{"type":"string","configurable":false,"private":true},"isActive":{"type":"boolean","default":false,"configurable":false,"private":true},"roles":{"configurable":false,"private":true,"type":"relation","relation":"manyToMany","inversedBy":"users","target":"admin::role","collectionName":"strapi_users_roles"},"blocked":{"type":"boolean","default":false,"configurable":false,"private":true},"preferedLanguage":{"type":"string","configurable":false,"required":false},"createdAt":{"type":"datetime"},"updatedAt":{"type":"datetime"},"createdBy":{"type":"relation","relation":"oneToOne","target":"admin::user","configurable":false,"writable":false,"visible":false,"useJoinTable":false,"private":true},"updatedBy":{"type":"relation","relation":"oneToOne","target":"admin::user","configurable":false,"writable":false,"visible":false,"useJoinTable":false,"private":true}},"kind":"collectionType","__schema__":{"collectionName":"admin_users","info":{"name":"User","description":"","singularName":"user","pluralName":"users","displayName":"User"},"pluginOptions":{"content-manager":{"visible":false},"content-type-builder":{"visible":false}},"attributes":{"firstname":{"type":"string","unique":false,"minLength":1,"configurable":false,"required":false},"lastname":{"type":"string","unique":false,"minLength":1,"configurable":false,"required":false},"username":{"type":"string","unique":false,"configurable":false,"required":false},"email":{"type":"email","minLength":6,"configurable":false,"required":true,"unique":true,"private":true},"password":{"type":"password","minLength":6,"configurable":false,"required":false,"private":true},"resetPasswordToken":{"type":"string","configurable":false,"private":true},"registrationToken":{"type":"string","configurable":false,"private":true},"isActive":{"type":"boolean","default":false,"configurable":false,"private":true},"roles":{"configurable":false,"private":true,"type":"relation","relation":"manyToMany","inversedBy":"users","target":"admin::role","collectionName":"strapi_users_roles"},"blocked":{"type":"boolean","default":false,"configurable":false,"private":true},"preferedLanguage":{"type":"string","configurable":false,"required":false}},"kind":"collectionType"},"modelType":"contentType","modelName":"user","connection":"default","uid":"admin::user","plugin":"admin","globalId":"AdminUser"},"admin::role":{"collectionName":"admin_roles","info":{"name":"Role","description":"","singularName":"role","pluralName":"roles","displayName":"Role"},"options":{},"pluginOptions":{"content-manager":{"visible":false},"content-type-builder":{"visible":false}},"attributes":{"name":{"type":"string","minLength":1,"unique":true,"configurable":false,"required":true},"code":{"type":"string","minLength":1,"unique":true,"configurable":false,"required":true},"description":{"type":"string","configurable":false},"users":{"configurable":false,"type":"relation","relation":"manyToMany","mappedBy":"roles","target":"admin::user"},"permissions":{"configurable":false,"type":"relation","relation":"oneToMany","mappedBy":"role","target":"admin::permission"},"createdAt":{"type":"datetime"},"updatedAt":{"type":"datetime"},"createdBy":{"type":"relation","relation":"oneToOne","target":"admin::user","configurable":false,"writable":false,"visible":false,"useJoinTable":false,"private":true},"updatedBy":{"type":"relation","relation":"oneToOne","target":"admin::user","configurable":false,"writable":false,"visible":false,"useJoinTable":false,"private":true}},"kind":"collectionType","__schema__":{"collectionName":"admin_roles","info":{"name":"Role","description":"","singularName":"role","pluralName":"roles","displayName":"Role"},"options":{},"pluginOptions":{"content-manager":{"visible":false},"content-type-builder":{"visible":false}},"attributes":{"name":{"type":"string","minLength":1,"unique":true,"configurable":false,"required":true},"code":{"type":"string","minLength":1,"unique":true,"configurable":false,"required":true},"description":{"type":"string","configurable":false},"users":{"configurable":false,"type":"relation","relation":"manyToMany","mappedBy":"roles","target":"admin::user"},"permissions":{"configurable":false,"type":"relation","relation":"oneToMany","mappedBy":"role","target":"admin::permission"}},"kind":"collectionType"},"modelType":"contentType","modelName":"role","connection":"default","uid":"admin::role","plugin":"admin","globalId":"AdminRole"},"admin::api-token":{"collectionName":"strapi_api_tokens","info":{"name":"Api Token","singularName":"api-token","pluralName":"api-tokens","displayName":"Api Token","description":""},"options":{},"pluginOptions":{"content-manager":{"visible":false},"content-type-builder":{"visible":false}},"attributes":{"name":{"type":"string","minLength":1,"configurable":false,"required":true,"unique":true},"description":{"type":"string","minLength":1,"configurable":false,"required":false,"default":""},"type":{"type":"enumeration","enum":["read-only","full-access","custom"],"configurable":false,"required":true,"default":"read-only"},"accessKey":{"type":"string","minLength":1,"configurable":false,"required":true},"lastUsedAt":{"type":"datetime","configurable":false,"required":false},"permissions":{"type":"relation","target":"admin::api-token-permission","relation":"oneToMany","mappedBy":"token","configurable":false,"required":false},"expiresAt":{"type":"datetime","configurable":false,"required":false},"lifespan":{"type":"integer","configurable":false,"required":false},"createdAt":{"type":"datetime"},"updatedAt":{"type":"datetime"},"createdBy":{"type":"relation","relation":"oneToOne","target":"admin::user","configurable":false,"writable":false,"visible":false,"useJoinTable":false,"private":true},"updatedBy":{"type":"relation","relation":"oneToOne","target":"admin::user","configurable":false,"writable":false,"visible":false,"useJoinTable":false,"private":true}},"kind":"collectionType","__schema__":{"collectionName":"strapi_api_tokens","info":{"name":"Api Token","singularName":"api-token","pluralName":"api-tokens","displayName":"Api Token","description":""},"options":{},"pluginOptions":{"content-manager":{"visible":false},"content-type-builder":{"visible":false}},"attributes":{"name":{"type":"string","minLength":1,"configurable":false,"required":true,"unique":true},"description":{"type":"string","minLength":1,"configurable":false,"required":false,"default":""},"type":{"type":"enumeration","enum":["read-only","full-access","custom"],"configurable":false,"required":true,"default":"read-only"},"accessKey":{"type":"string","minLength":1,"configurable":false,"required":true},"lastUsedAt":{"type":"datetime","configurable":false,"required":false},"permissions":{"type":"relation","target":"admin::api-token-permission","relation":"oneToMany","mappedBy":"token","configurable":false,"required":false},"expiresAt":{"type":"datetime","configurable":false,"required":false},"lifespan":{"type":"integer","configurable":false,"required":false}},"kind":"collectionType"},"modelType":"contentType","modelName":"api-token","connection":"default","uid":"admin::api-token","plugin":"admin","globalId":"AdminApiToken"},"admin::api-token-permission":{"collectionName":"strapi_api_token_permissions","info":{"name":"API Token Permission","description":"","singularName":"api-token-permission","pluralName":"api-token-permissions","displayName":"API Token Permission"},"options":{},"pluginOptions":{"content-manager":{"visible":false},"content-type-builder":{"visible":false}},"attributes":{"action":{"type":"string","minLength":1,"configurable":false,"required":true},"token":{"configurable":false,"type":"relation","relation":"manyToOne","inversedBy":"permissions","target":"admin::api-token"},"createdAt":{"type":"datetime"},"updatedAt":{"type":"datetime"},"createdBy":{"type":"relation","relation":"oneToOne","target":"admin::user","configurable":false,"writable":false,"visible":false,"useJoinTable":false,"private":true},"updatedBy":{"type":"relation","relation":"oneToOne","target":"admin::user","configurable":false,"writable":false,"visible":false,"useJoinTable":false,"private":true}},"kind":"collectionType","__schema__":{"collectionName":"strapi_api_token_permissions","info":{"name":"API Token Permission","description":"","singularName":"api-token-permission","pluralName":"api-token-permissions","displayName":"API Token Permission"},"options":{},"pluginOptions":{"content-manager":{"visible":false},"content-type-builder":{"visible":false}},"attributes":{"action":{"type":"string","minLength":1,"configurable":false,"required":true},"token":{"configurable":false,"type":"relation","relation":"manyToOne","inversedBy":"permissions","target":"admin::api-token"}},"kind":"collectionType"},"modelType":"contentType","modelName":"api-token-permission","connection":"default","uid":"admin::api-token-permission","plugin":"admin","globalId":"AdminApiTokenPermission"},"plugin::upload.file":{"collectionName":"files","info":{"singularName":"file","pluralName":"files","displayName":"File","description":""},"options":{},"pluginOptions":{"content-manager":{"visible":false},"content-type-builder":{"visible":false}},"attributes":{"name":{"type":"string","configurable":false,"required":true},"alternativeText":{"type":"string","configurable":false},"caption":{"type":"string","configurable":false},"width":{"type":"integer","configurable":false},"height":{"type":"integer","configurable":false},"formats":{"type":"json","configurable":false},"hash":{"type":"string","configurable":false,"required":true},"ext":{"type":"string","configurable":false},"mime":{"type":"string","configurable":false,"required":true},"size":{"type":"decimal","configurable":false,"required":true},"url":{"type":"string","configurable":false,"required":true},"previewUrl":{"type":"string","configurable":false},"provider":{"type":"string","configurable":false,"required":true},"provider_metadata":{"type":"json","configurable":false},"related":{"type":"relation","relation":"morphToMany","configurable":false},"folder":{"type":"relation","relation":"manyToOne","target":"plugin::upload.folder","inversedBy":"files","private":true},"folderPath":{"type":"string","min":1,"required":true,"private":true},"createdAt":{"type":"datetime"},"updatedAt":{"type":"datetime"},"createdBy":{"type":"relation","relation":"oneToOne","target":"admin::user","configurable":false,"writable":false,"visible":false,"useJoinTable":false,"private":true},"updatedBy":{"type":"relation","relation":"oneToOne","target":"admin::user","configurable":false,"writable":false,"visible":false,"useJoinTable":false,"private":true}},"indexes":[{"name":"upload_files_folder_path_index","columns":["folder_path"],"type":null}],"kind":"collectionType","__schema__":{"collectionName":"files","info":{"singularName":"file","pluralName":"files","displayName":"File","description":""},"options":{},"pluginOptions":{"content-manager":{"visible":false},"content-type-builder":{"visible":false}},"attributes":{"name":{"type":"string","configurable":false,"required":true},"alternativeText":{"type":"string","configurable":false},"caption":{"type":"string","configurable":false},"width":{"type":"integer","configurable":false},"height":{"type":"integer","configurable":false},"formats":{"type":"json","configurable":false},"hash":{"type":"string","configurable":false,"required":true},"ext":{"type":"string","configurable":false},"mime":{"type":"string","configurable":false,"required":true},"size":{"type":"decimal","configurable":false,"required":true},"url":{"type":"string","configurable":false,"required":true},"previewUrl":{"type":"string","configurable":false},"provider":{"type":"string","configurable":false,"required":true},"provider_metadata":{"type":"json","configurable":false},"related":{"type":"relation","relation":"morphToMany","configurable":false},"folder":{"type":"relation","relation":"manyToOne","target":"plugin::upload.folder","inversedBy":"files","private":true},"folderPath":{"type":"string","min":1,"required":true,"private":true}},"kind":"collectionType"},"modelType":"contentType","modelName":"file","connection":"default","uid":"plugin::upload.file","plugin":"upload","globalId":"UploadFile"},"plugin::upload.folder":{"collectionName":"upload_folders","info":{"singularName":"folder","pluralName":"folders","displayName":"Folder"},"options":{},"pluginOptions":{"content-manager":{"visible":false},"content-type-builder":{"visible":false}},"attributes":{"name":{"type":"string","min":1,"required":true},"pathId":{"type":"integer","unique":true,"required":true},"parent":{"type":"relation","relation":"manyToOne","target":"plugin::upload.folder","inversedBy":"children"},"children":{"type":"relation","relation":"oneToMany","target":"plugin::upload.folder","mappedBy":"parent"},"files":{"type":"relation","relation":"oneToMany","target":"plugin::upload.file","mappedBy":"folder"},"path":{"type":"string","min":1,"required":true},"createdAt":{"type":"datetime"},"updatedAt":{"type":"datetime"},"createdBy":{"type":"relation","relation":"oneToOne","target":"admin::user","configurable":false,"writable":false,"visible":false,"useJoinTable":false,"private":true},"updatedBy":{"type":"relation","relation":"oneToOne","target":"admin::user","configurable":false,"writable":false,"visible":false,"useJoinTable":false,"private":true}},"indexes":[{"name":"upload_folders_path_id_index","columns":["path_id"],"type":"unique"},{"name":"upload_folders_path_index","columns":["path"],"type":"unique"}],"kind":"collectionType","__schema__":{"collectionName":"upload_folders","info":{"singularName":"folder","pluralName":"folders","displayName":"Folder"},"options":{},"pluginOptions":{"content-manager":{"visible":false},"content-type-builder":{"visible":false}},"attributes":{"name":{"type":"string","min":1,"required":true},"pathId":{"type":"integer","unique":true,"required":true},"parent":{"type":"relation","relation":"manyToOne","target":"plugin::upload.folder","inversedBy":"children"},"children":{"type":"relation","relation":"oneToMany","target":"plugin::upload.folder","mappedBy":"parent"},"files":{"type":"relation","relation":"oneToMany","target":"plugin::upload.file","mappedBy":"folder"},"path":{"type":"string","min":1,"required":true}},"kind":"collectionType"},"modelType":"contentType","modelName":"folder","connection":"default","uid":"plugin::upload.folder","plugin":"upload","globalId":"UploadFolder"},"plugin::i18n.locale":{"info":{"singularName":"locale","pluralName":"locales","collectionName":"locales","displayName":"Locale","description":""},"options":{"draftAndPublish":false},"pluginOptions":{"content-manager":{"visible":false},"content-type-builder":{"visible":false}},"attributes":{"name":{"type":"string","min":1,"max":50,"configurable":false},"code":{"type":"string","unique":true,"configurable":false},"createdAt":{"type":"datetime"},"updatedAt":{"type":"datetime"},"createdBy":{"type":"relation","relation":"oneToOne","target":"admin::user","configurable":false,"writable":false,"visible":false,"useJoinTable":false,"private":true},"updatedBy":{"type":"relation","relation":"oneToOne","target":"admin::user","configurable":false,"writable":false,"visible":false,"useJoinTable":false,"private":true}},"kind":"collectionType","__schema__":{"info":{"singularName":"locale","pluralName":"locales","collectionName":"locales","displayName":"Locale","description":""},"options":{"draftAndPublish":false},"pluginOptions":{"content-manager":{"visible":false},"content-type-builder":{"visible":false}},"attributes":{"name":{"type":"string","min":1,"max":50,"configurable":false},"code":{"type":"string","unique":true,"configurable":false}},"kind":"collectionType"},"modelType":"contentType","modelName":"locale","connection":"default","uid":"plugin::i18n.locale","plugin":"i18n","collectionName":"i18n_locale","globalId":"I18NLocale"},"plugin::users-permissions.permission":{"collectionName":"up_permissions","info":{"name":"permission","description":"","singularName":"permission","pluralName":"permissions","displayName":"Permission"},"pluginOptions":{"content-manager":{"visible":false},"content-type-builder":{"visible":false}},"attributes":{"action":{"type":"string","required":true,"configurable":false},"role":{"type":"relation","relation":"manyToOne","target":"plugin::users-permissions.role","inversedBy":"permissions","configurable":false},"createdAt":{"type":"datetime"},"updatedAt":{"type":"datetime"},"createdBy":{"type":"relation","relation":"oneToOne","target":"admin::user","configurable":false,"writable":false,"visible":false,"useJoinTable":false,"private":true},"updatedBy":{"type":"relation","relation":"oneToOne","target":"admin::user","configurable":false,"writable":false,"visible":false,"useJoinTable":false,"private":true}},"kind":"collectionType","__schema__":{"collectionName":"up_permissions","info":{"name":"permission","description":"","singularName":"permission","pluralName":"permissions","displayName":"Permission"},"pluginOptions":{"content-manager":{"visible":false},"content-type-builder":{"visible":false}},"attributes":{"action":{"type":"string","required":true,"configurable":false},"role":{"type":"relation","relation":"manyToOne","target":"plugin::users-permissions.role","inversedBy":"permissions","configurable":false}},"kind":"collectionType"},"modelType":"contentType","modelName":"permission","connection":"default","uid":"plugin::users-permissions.permission","plugin":"users-permissions","globalId":"UsersPermissionsPermission"},"plugin::users-permissions.role":{"collectionName":"up_roles","info":{"name":"role","description":"","singularName":"role","pluralName":"roles","displayName":"Role"},"pluginOptions":{"content-manager":{"visible":false},"content-type-builder":{"visible":false}},"attributes":{"name":{"type":"string","minLength":3,"required":true,"configurable":false},"description":{"type":"string","configurable":false},"type":{"type":"string","unique":true,"configurable":false},"permissions":{"type":"relation","relation":"oneToMany","target":"plugin::users-permissions.permission","mappedBy":"role","configurable":false},"users":{"type":"relation","relation":"oneToMany","target":"plugin::users-permissions.user","mappedBy":"role","configurable":false},"createdAt":{"type":"datetime"},"updatedAt":{"type":"datetime"},"createdBy":{"type":"relation","relation":"oneToOne","target":"admin::user","configurable":false,"writable":false,"visible":false,"useJoinTable":false,"private":true},"updatedBy":{"type":"relation","relation":"oneToOne","target":"admin::user","configurable":false,"writable":false,"visible":false,"useJoinTable":false,"private":true}},"kind":"collectionType","__schema__":{"collectionName":"up_roles","info":{"name":"role","description":"","singularName":"role","pluralName":"roles","displayName":"Role"},"pluginOptions":{"content-manager":{"visible":false},"content-type-builder":{"visible":false}},"attributes":{"name":{"type":"string","minLength":3,"required":true,"configurable":false},"description":{"type":"string","configurable":false},"type":{"type":"string","unique":true,"configurable":false},"permissions":{"type":"relation","relation":"oneToMany","target":"plugin::users-permissions.permission","mappedBy":"role","configurable":false},"users":{"type":"relation","relation":"oneToMany","target":"plugin::users-permissions.user","mappedBy":"role","configurable":false}},"kind":"collectionType"},"modelType":"contentType","modelName":"role","connection":"default","uid":"plugin::users-permissions.role","plugin":"users-permissions","globalId":"UsersPermissionsRole"},"plugin::users-permissions.user":{"collectionName":"up_users","info":{"name":"user","description":"","singularName":"user","pluralName":"users","displayName":"User"},"options":{"draftAndPublish":false,"timestamps":true},"attributes":{"username":{"type":"string","minLength":3,"unique":true,"configurable":false,"required":false},"email":{"type":"email","minLength":6,"configurable":false,"required":true},"provider":{"type":"string","configurable":false},"password":{"type":"password","minLength":6,"configurable":false,"private":true},"resetPasswordToken":{"type":"string","configurable":false,"private":true},"confirmationToken":{"type":"string","configurable":false,"private":true},"confirmed":{"type":"boolean","default":false,"configurable":false},"blocked":{"type":"boolean","default":false,"configurable":false},"role":{"type":"relation","relation":"manyToOne","target":"plugin::users-permissions.role","inversedBy":"users","configurable":false},"displayname":{"type":"string","required":false},"familyname":{"type":"string","required":false},"givenname":{"type":"string","required":false},"createdAt":{"type":"datetime"},"updatedAt":{"type":"datetime"},"createdBy":{"type":"relation","relation":"oneToOne","target":"admin::user","configurable":false,"writable":false,"visible":false,"useJoinTable":false,"private":true},"updatedBy":{"type":"relation","relation":"oneToOne","target":"admin::user","configurable":false,"writable":false,"visible":false,"useJoinTable":false,"private":true}},"config":{"attributes":{"resetPasswordToken":{"hidden":true},"confirmationToken":{"hidden":true},"provider":{"hidden":true}}},"kind":"collectionType","__filename__":"schema.json","__schema__":{"collectionName":"up_users","info":{"name":"user","description":"","singularName":"user","pluralName":"users","displayName":"User"},"options":{"draftAndPublish":false,"timestamps":true},"attributes":{"username":{"type":"string","minLength":3,"unique":true,"configurable":false,"required":false},"email":{"type":"email","minLength":6,"configurable":false,"required":true},"provider":{"type":"string","configurable":false},"password":{"type":"password","minLength":6,"configurable":false,"private":true},"resetPasswordToken":{"type":"string","configurable":false,"private":true},"confirmationToken":{"type":"string","configurable":false,"private":true},"confirmed":{"type":"boolean","default":false,"configurable":false},"blocked":{"type":"boolean","default":false,"configurable":false},"role":{"type":"relation","relation":"manyToOne","target":"plugin::users-permissions.role","inversedBy":"users","configurable":false},"displayname":{"type":"string","required":false},"familyname":{"type":"string","required":false},"givenname":{"type":"string","required":false}},"kind":"collectionType"},"modelType":"contentType","modelName":"user","connection":"default","uid":"plugin::users-permissions.user","plugin":"users-permissions","globalId":"UsersPermissionsUser"},"api::activity-history.activity-history":{"kind":"collectionType","collectionName":"activity_histories","info":{"singularName":"activity-history","pluralName":"activity-histories","displayName":"Activity History","description":""},"options":{"draftAndPublish":false},"pluginOptions":{},"attributes":{"deveui":{"type":"string"},"battery":{"type":"integer"},"eventtype":{"type":"string"},"buttonmode":{"type":"string"},"sensortime":{"type":"datetime"},"motioncheck":{"type":"integer"},"motioninterval":{"type":"integer"},"motiontreshold":{"type":"integer"},"createdAt":{"type":"datetime"},"updatedAt":{"type":"datetime"},"createdBy":{"type":"relation","relation":"oneToOne","target":"admin::user","configurable":false,"writable":false,"visible":false,"useJoinTable":false,"private":true},"updatedBy":{"type":"relation","relation":"oneToOne","target":"admin::user","configurable":false,"writable":false,"visible":false,"useJoinTable":false,"private":true}},"__schema__":{"collectionName":"activity_histories","info":{"singularName":"activity-history","pluralName":"activity-histories","displayName":"Activity History","description":""},"options":{"draftAndPublish":false},"pluginOptions":{},"attributes":{"deveui":{"type":"string"},"battery":{"type":"integer"},"eventtype":{"type":"string"},"buttonmode":{"type":"string"},"sensortime":{"type":"datetime"},"motioncheck":{"type":"integer"},"motioninterval":{"type":"integer"},"motiontreshold":{"type":"integer"}},"kind":"collectionType"},"modelType":"contentType","modelName":"activity-history","connection":"default","uid":"api::activity-history.activity-history","apiName":"activity-history","globalId":"ActivityHistory","actions":{},"lifecycles":{}},"api::floor.floor":{"kind":"collectionType","collectionName":"floors","info":{"singularName":"floor","pluralName":"floors","displayName":"Floor"},"options":{"draftAndPublish":false},"pluginOptions":{},"attributes":{"floorname":{"type":"string"},"resourceurl":{"type":"string"},"publicid":{"type":"string"},"description":{"type":"text"},"createdAt":{"type":"datetime"},"updatedAt":{"type":"datetime"},"createdBy":{"type":"relation","relation":"oneToOne","target":"admin::user","configurable":false,"writable":false,"visible":false,"useJoinTable":false,"private":true},"updatedBy":{"type":"relation","relation":"oneToOne","target":"admin::user","configurable":false,"writable":false,"visible":false,"useJoinTable":false,"private":true}},"__schema__":{"collectionName":"floors","info":{"singularName":"floor","pluralName":"floors","displayName":"Floor"},"options":{"draftAndPublish":false},"pluginOptions":{},"attributes":{"floorname":{"type":"string"},"resourceurl":{"type":"string"},"publicid":{"type":"string"},"description":{"type":"text"}},"kind":"collectionType"},"modelType":"contentType","modelName":"floor","connection":"default","uid":"api::floor.floor","apiName":"floor","globalId":"Floor","actions":{},"lifecycles":{}},"api::profile.profile":{"kind":"collectionType","collectionName":"profiles","info":{"singularName":"profile","pluralName":"profiles","displayName":"Profile","description":""},"options":{"draftAndPublish":false},"pluginOptions":{},"attributes":{"displayname":{"type":"string"},"userid":{"type":"integer"},"position":{"type":"string"},"givenname":{"type":"string"},"familyname":{"type":"string"},"profileuid":{"type":"string"},"firstaid":{"type":"boolean","default":false},"createdAt":{"type":"datetime"},"updatedAt":{"type":"datetime"},"createdBy":{"type":"relation","relation":"oneToOne","target":"admin::user","configurable":false,"writable":false,"visible":false,"useJoinTable":false,"private":true},"updatedBy":{"type":"relation","relation":"oneToOne","target":"admin::user","configurable":false,"writable":false,"visible":false,"useJoinTable":false,"private":true}},"__schema__":{"collectionName":"profiles","info":{"singularName":"profile","pluralName":"profiles","displayName":"Profile","description":""},"options":{"draftAndPublish":false},"pluginOptions":{},"attributes":{"displayname":{"type":"string"},"userid":{"type":"integer"},"position":{"type":"string"},"givenname":{"type":"string"},"familyname":{"type":"string"},"profileuid":{"type":"string"},"firstaid":{"type":"boolean","default":false}},"kind":"collectionType"},"modelType":"contentType","modelName":"profile","connection":"default","uid":"api::profile.profile","apiName":"profile","globalId":"Profile","actions":{},"lifecycles":{}},"api::room.room":{"kind":"collectionType","collectionName":"rooms","info":{"singularName":"room","pluralName":"rooms","displayName":"Room","description":""},"options":{"draftAndPublish":false},"pluginOptions":{},"attributes":{"roomname":{"type":"string"},"roomnumber":{"type":"string"},"publicid":{"type":"string","unique":true},"resourceurl":{"type":"string"},"floorid":{"type":"integer"},"createdAt":{"type":"datetime"},"updatedAt":{"type":"datetime"},"createdBy":{"type":"relation","relation":"oneToOne","target":"admin::user","configurable":false,"writable":false,"visible":false,"useJoinTable":false,"private":true},"updatedBy":{"type":"relation","relation":"oneToOne","target":"admin::user","configurable":false,"writable":false,"visible":false,"useJoinTable":false,"private":true}},"__schema__":{"collectionName":"rooms","info":{"singularName":"room","pluralName":"rooms","displayName":"Room","description":""},"options":{"draftAndPublish":false},"pluginOptions":{},"attributes":{"roomname":{"type":"string"},"roomnumber":{"type":"string"},"publicid":{"type":"string","unique":true},"resourceurl":{"type":"string"},"floorid":{"type":"integer"}},"kind":"collectionType"},"modelType":"contentType","modelName":"room","connection":"default","uid":"api::room.room","apiName":"room","globalId":"Room","actions":{},"lifecycles":{}},"api::schedule.schedule":{"kind":"collectionType","collectionName":"schedules","info":{"singularName":"schedule","pluralName":"schedules","displayName":"Schedule","description":""},"options":{"draftAndPublish":false},"pluginOptions":{},"attributes":{"eventname":{"type":"string"},"startdate":{"type":"datetime","required":false},"enddate":{"type":"datetime","required":false},"hideName":{"type":"boolean","default":true},"username":{"type":"string"},"roomid":{"type":"integer"},"workplaceid":{"type":"integer"},"userid":{"type":"integer"},"isended":{"type":"boolean","default":false},"localstarttime":{"type":"string"},"localendtime":{"type":"string"},"unixstarttime":{"type":"biginteger"},"unixendtime":{"type":"biginteger"},"createdAt":{"type":"datetime"},"updatedAt":{"type":"datetime"},"createdBy":{"type":"relation","relation":"oneToOne","target":"admin::user","configurable":false,"writable":false,"visible":false,"useJoinTable":false,"private":true},"updatedBy":{"type":"relation","relation":"oneToOne","target":"admin::user","configurable":false,"writable":false,"visible":false,"useJoinTable":false,"private":true}},"__schema__":{"collectionName":"schedules","info":{"singularName":"schedule","pluralName":"schedules","displayName":"Schedule","description":""},"options":{"draftAndPublish":false},"pluginOptions":{},"attributes":{"eventname":{"type":"string"},"startdate":{"type":"datetime","required":false},"enddate":{"type":"datetime","required":false},"hideName":{"type":"boolean","default":true},"username":{"type":"string"},"roomid":{"type":"integer"},"workplaceid":{"type":"integer"},"userid":{"type":"integer"},"isended":{"type":"boolean","default":false},"localstarttime":{"type":"string"},"localendtime":{"type":"string"},"unixstarttime":{"type":"biginteger"},"unixendtime":{"type":"biginteger"}},"kind":"collectionType"},"modelType":"contentType","modelName":"schedule","connection":"default","uid":"api::schedule.schedule","apiName":"schedule","globalId":"Schedule","actions":{},"lifecycles":{}},"api::schedule-history.schedule-history":{"kind":"collectionType","collectionName":"schedule_histories","info":{"singularName":"schedule-history","pluralName":"schedule-histories","displayName":"Schedule History"},"options":{"draftAndPublish":false},"pluginOptions":{},"attributes":{"eventname":{"type":"string"},"startdate":{"type":"datetime","required":false},"enddate":{"type":"datetime","required":false},"hideName":{"type":"boolean","default":true},"username":{"type":"string"},"roomid":{"type":"integer"},"workplaceid":{"type":"integer"},"userid":{"type":"integer"},"isended":{"type":"boolean","default":false},"localstarttime":{"type":"string"},"localendtime":{"type":"string"},"unixstarttime":{"type":"biginteger"},"unixendtime":{"type":"biginteger"},"createdAt":{"type":"datetime"},"updatedAt":{"type":"datetime"},"createdBy":{"type":"relation","relation":"oneToOne","target":"admin::user","configurable":false,"writable":false,"visible":false,"useJoinTable":false,"private":true},"updatedBy":{"type":"relation","relation":"oneToOne","target":"admin::user","configurable":false,"writable":false,"visible":false,"useJoinTable":false,"private":true}},"__schema__":{"collectionName":"schedule_histories","info":{"singularName":"schedule-history","pluralName":"schedule-histories","displayName":"Schedule History"},"options":{"draftAndPublish":false},"pluginOptions":{},"attributes":{"eventname":{"type":"string"},"startdate":{"type":"datetime","required":false},"enddate":{"type":"datetime","required":false},"hideName":{"type":"boolean","default":true},"username":{"type":"string"},"roomid":{"type":"integer"},"workplaceid":{"type":"integer"},"userid":{"type":"integer"},"isended":{"type":"boolean","default":false},"localstarttime":{"type":"string"},"localendtime":{"type":"string"},"unixstarttime":{"type":"biginteger"},"unixendtime":{"type":"biginteger"}},"kind":"collectionType"},"modelType":"contentType","modelName":"schedule-history","connection":"default","uid":"api::schedule-history.schedule-history","apiName":"schedule-history","globalId":"ScheduleHistory","actions":{},"lifecycles":{}},"api::sensor.sensor":{"kind":"collectionType","collectionName":"sensors","info":{"singularName":"sensor","pluralName":"sensors","displayName":"Sensor","description":""},"options":{"draftAndPublish":false},"pluginOptions":{},"attributes":{"isavailable":{"type":"boolean"},"datasourceurl":{"type":"string"},"currentpayload":{"type":"json"},"sensortype":{"type":"string"},"roomid":{"type":"integer"},"workplaceid":{"type":"integer"},"createdAt":{"type":"datetime"},"updatedAt":{"type":"datetime"},"createdBy":{"type":"relation","relation":"oneToOne","target":"admin::user","configurable":false,"writable":false,"visible":false,"useJoinTable":false,"private":true},"updatedBy":{"type":"relation","relation":"oneToOne","target":"admin::user","configurable":false,"writable":false,"visible":false,"useJoinTable":false,"private":true}},"__schema__":{"collectionName":"sensors","info":{"singularName":"sensor","pluralName":"sensors","displayName":"Sensor","description":""},"options":{"draftAndPublish":false},"pluginOptions":{},"attributes":{"isavailable":{"type":"boolean"},"datasourceurl":{"type":"string"},"currentpayload":{"type":"json"},"sensortype":{"type":"string"},"roomid":{"type":"integer"},"workplaceid":{"type":"integer"}},"kind":"collectionType"},"modelType":"contentType","modelName":"sensor","connection":"default","uid":"api::sensor.sensor","apiName":"sensor","globalId":"Sensor","actions":{},"lifecycles":{}},"api::sensor-activity.sensor-activity":{"kind":"collectionType","collectionName":"sensor_activities","info":{"singularName":"sensor-activity","pluralName":"sensor-activities","displayName":"Sensor Activity"},"options":{"draftAndPublish":false},"pluginOptions":{},"attributes":{"deveui":{"type":"string"},"battery":{"type":"integer"},"eventtype":{"type":"string"},"buttonmode":{"type":"string"},"sensortime":{"type":"datetime"},"motioncheck":{"type":"integer"},"motioninterval":{"type":"integer"},"motiontreshold":{"type":"integer"},"createdAt":{"type":"datetime"},"updatedAt":{"type":"datetime"},"createdBy":{"type":"relation","relation":"oneToOne","target":"admin::user","configurable":false,"writable":false,"visible":false,"useJoinTable":false,"private":true},"updatedBy":{"type":"relation","relation":"oneToOne","target":"admin::user","configurable":false,"writable":false,"visible":false,"useJoinTable":false,"private":true}},"__schema__":{"collectionName":"sensor_activities","info":{"singularName":"sensor-activity","pluralName":"sensor-activities","displayName":"Sensor Activity"},"options":{"draftAndPublish":false},"pluginOptions":{},"attributes":{"deveui":{"type":"string"},"battery":{"type":"integer"},"eventtype":{"type":"string"},"buttonmode":{"type":"string"},"sensortime":{"type":"datetime"},"motioncheck":{"type":"integer"},"motioninterval":{"type":"integer"},"motiontreshold":{"type":"integer"}},"kind":"collectionType"},"modelType":"contentType","modelName":"sensor-activity","connection":"default","uid":"api::sensor-activity.sensor-activity","apiName":"sensor-activity","globalId":"SensorActivity","actions":{},"lifecycles":{}},"api::workplace.workplace":{"kind":"collectionType","collectionName":"workplaces","info":{"singularName":"workplace","pluralName":"workplaces","displayName":"Workplace","description":""},"options":{"draftAndPublish":false},"pluginOptions":{},"attributes":{"workplacename":{"type":"string"},"workplaceno":{"type":"string"},"publicid":{"type":"string","unique":true},"resourceurl":{"type":"string"},"floorid":{"type":"integer"},"roomid":{"type":"integer"},"sensordeveui":{"type":"string"},"hasassigned":{"type":"boolean","default":false},"assigneduserid":{"type":"integer"},"mapattrid":{"type":"string"},"createdAt":{"type":"datetime"},"updatedAt":{"type":"datetime"},"createdBy":{"type":"relation","relation":"oneToOne","target":"admin::user","configurable":false,"writable":false,"visible":false,"useJoinTable":false,"private":true},"updatedBy":{"type":"relation","relation":"oneToOne","target":"admin::user","configurable":false,"writable":false,"visible":false,"useJoinTable":false,"private":true}},"__schema__":{"collectionName":"workplaces","info":{"singularName":"workplace","pluralName":"workplaces","displayName":"Workplace","description":""},"options":{"draftAndPublish":false},"pluginOptions":{},"attributes":{"workplacename":{"type":"string"},"workplaceno":{"type":"string"},"publicid":{"type":"string","unique":true},"resourceurl":{"type":"string"},"floorid":{"type":"integer"},"roomid":{"type":"integer"},"sensordeveui":{"type":"string"},"hasassigned":{"type":"boolean","default":false},"assigneduserid":{"type":"integer"},"mapattrid":{"type":"string"}},"kind":"collectionType"},"modelType":"contentType","modelName":"workplace","connection":"default","uid":"api::workplace.workplace","apiName":"workplace","globalId":"Workplace","actions":{},"lifecycles":{}}}	object	\N	\N
22	plugin_content_manager_configuration_content_types::api::profile.profile	{"uid":"api::profile.profile","settings":{"bulkable":true,"filterable":true,"searchable":true,"pageSize":10,"mainField":"displayname","defaultSortBy":"displayname","defaultSortOrder":"ASC"},"metadatas":{"id":{"edit":{},"list":{"label":"id","searchable":true,"sortable":true}},"displayname":{"edit":{"label":"displayname","description":"","placeholder":"","visible":true,"editable":true},"list":{"label":"displayname","searchable":true,"sortable":true}},"userid":{"edit":{"label":"userid","description":"","placeholder":"","visible":true,"editable":true},"list":{"label":"userid","searchable":true,"sortable":true}},"position":{"edit":{"label":"position","description":"","placeholder":"","visible":true,"editable":true},"list":{"label":"position","searchable":true,"sortable":true}},"givenname":{"edit":{"label":"givenname","description":"","placeholder":"","visible":true,"editable":true},"list":{"label":"givenname","searchable":true,"sortable":true}},"familyname":{"edit":{"label":"familyname","description":"","placeholder":"","visible":true,"editable":true},"list":{"label":"familyname","searchable":true,"sortable":true}},"profileuid":{"edit":{"label":"profileuid","description":"","placeholder":"","visible":true,"editable":true},"list":{"label":"profileuid","searchable":true,"sortable":true}},"firstaid":{"edit":{"label":"firstaid","description":"","placeholder":"","visible":true,"editable":true},"list":{"label":"firstaid","searchable":true,"sortable":true}},"createdAt":{"edit":{"label":"createdAt","description":"","placeholder":"","visible":false,"editable":true},"list":{"label":"createdAt","searchable":true,"sortable":true}},"updatedAt":{"edit":{"label":"updatedAt","description":"","placeholder":"","visible":false,"editable":true},"list":{"label":"updatedAt","searchable":true,"sortable":true}}},"layouts":{"edit":[[{"name":"displayname","size":6},{"name":"userid","size":4}],[{"name":"position","size":6},{"name":"givenname","size":6}],[{"name":"familyname","size":6},{"name":"profileuid","size":6}],[{"name":"firstaid","size":4}]],"editRelations":[],"list":["id","displayname","userid","firstaid"]}}	object	\N	\N
8	plugin_content_manager_configuration_content_types::api::workplace.workplace	{"uid":"api::workplace.workplace","settings":{"bulkable":true,"filterable":true,"searchable":true,"pageSize":10,"mainField":"workplacename","defaultSortBy":"workplacename","defaultSortOrder":"ASC"},"metadatas":{"id":{"edit":{},"list":{"label":"Id","searchable":true,"sortable":true}},"workplacename":{"edit":{"label":"Workplacename","description":"","placeholder":"","visible":true,"editable":true},"list":{"label":"Workplacename","searchable":true,"sortable":true}},"workplaceno":{"edit":{"label":"Workplaceno","description":"","placeholder":"","visible":true,"editable":true},"list":{"label":"Workplaceno","searchable":true,"sortable":true}},"publicid":{"edit":{"label":"Publicid","description":"","placeholder":"","visible":true,"editable":true},"list":{"label":"Publicid","searchable":true,"sortable":true}},"resourceurl":{"edit":{"label":"Resourceurl","description":"","placeholder":"","visible":true,"editable":true},"list":{"label":"Resourceurl","searchable":true,"sortable":true}},"floorid":{"edit":{"label":"Floorid","description":"","placeholder":"","visible":true,"editable":true},"list":{"label":"Floorid","searchable":true,"sortable":true}},"roomid":{"edit":{"label":"Roomid","description":"","placeholder":"","visible":true,"editable":true},"list":{"label":"Roomid","searchable":true,"sortable":true}},"sensordeveui":{"edit":{"label":"sensordeveui","description":"","placeholder":"","visible":true,"editable":true},"list":{"label":"sensordeveui","searchable":true,"sortable":true}},"hasassigned":{"edit":{"label":"hasassigned","description":"","placeholder":"","visible":true,"editable":true},"list":{"label":"hasassigned","searchable":true,"sortable":true}},"assigneduserid":{"edit":{"label":"assigneduserid","description":"","placeholder":"","visible":true,"editable":true},"list":{"label":"assigneduserid","searchable":true,"sortable":true}},"mapattrid":{"edit":{"label":"mapattrid","description":"","placeholder":"","visible":true,"editable":true},"list":{"label":"mapattrid","searchable":true,"sortable":true}},"createdAt":{"edit":{"label":"CreatedAt","description":"","placeholder":"","visible":false,"editable":true},"list":{"label":"CreatedAt","searchable":true,"sortable":true}},"updatedAt":{"edit":{"label":"UpdatedAt","description":"","placeholder":"","visible":false,"editable":true},"list":{"label":"UpdatedAt","searchable":true,"sortable":true}}},"layouts":{"edit":[[{"name":"workplacename","size":6},{"name":"workplaceno","size":6}],[{"name":"publicid","size":6},{"name":"resourceurl","size":6}],[{"name":"floorid","size":4},{"name":"roomid","size":4}],[{"name":"sensordeveui","size":6},{"name":"hasassigned","size":4}],[{"name":"assigneduserid","size":4},{"name":"mapattrid","size":6}]],"editRelations":[],"list":["id","workplacename","workplaceno","assigneduserid","mapattrid"]}}	object	\N	\N
30	plugin_content_manager_configuration_content_types::admin::api-token-permission	{"uid":"admin::api-token-permission","settings":{"bulkable":true,"filterable":true,"searchable":true,"pageSize":10,"mainField":"action","defaultSortBy":"action","defaultSortOrder":"ASC"},"metadatas":{"id":{"edit":{},"list":{"label":"id","searchable":true,"sortable":true}},"action":{"edit":{"label":"action","description":"","placeholder":"","visible":true,"editable":true},"list":{"label":"action","searchable":true,"sortable":true}},"token":{"edit":{"label":"token","description":"","placeholder":"","visible":true,"editable":true,"mainField":"name"},"list":{"label":"token","searchable":true,"sortable":true}},"createdAt":{"edit":{"label":"createdAt","description":"","placeholder":"","visible":false,"editable":true},"list":{"label":"createdAt","searchable":true,"sortable":true}},"updatedAt":{"edit":{"label":"updatedAt","description":"","placeholder":"","visible":false,"editable":true},"list":{"label":"updatedAt","searchable":true,"sortable":true}}},"layouts":{"list":["id","action","token","createdAt"],"editRelations":["token"],"edit":[[{"name":"action","size":6}]]}}	object	\N	\N
21	core_admin_auth	{"providers":{"autoRegister":false,"defaultRole":null}}	object	\N	\N
9	plugin_content_manager_configuration_content_types::api::floor.floor	{"uid":"api::floor.floor","settings":{"bulkable":true,"filterable":true,"searchable":true,"pageSize":10,"mainField":"floorname","defaultSortBy":"floorname","defaultSortOrder":"ASC"},"metadatas":{"id":{"edit":{},"list":{"label":"Id","searchable":true,"sortable":true}},"floorname":{"edit":{"label":"Floorname","description":"","placeholder":"","visible":true,"editable":true},"list":{"label":"Floorname","searchable":true,"sortable":true}},"resourceurl":{"edit":{"label":"Resourceurl","description":"","placeholder":"","visible":true,"editable":true},"list":{"label":"Resourceurl","searchable":true,"sortable":true}},"publicid":{"edit":{"label":"Publicid","description":"","placeholder":"","visible":true,"editable":true},"list":{"label":"Publicid","searchable":true,"sortable":true}},"description":{"edit":{"label":"Description","description":"","placeholder":"","visible":true,"editable":true},"list":{"label":"Description","searchable":true,"sortable":true}},"createdAt":{"edit":{"label":"CreatedAt","description":"","placeholder":"","visible":false,"editable":true},"list":{"label":"CreatedAt","searchable":true,"sortable":true}},"updatedAt":{"edit":{"label":"UpdatedAt","description":"","placeholder":"","visible":false,"editable":true},"list":{"label":"UpdatedAt","searchable":true,"sortable":true}}},"layouts":{"list":["id","floorname","resourceurl","publicid"],"editRelations":[],"edit":[[{"name":"floorname","size":6},{"name":"resourceurl","size":6}],[{"name":"publicid","size":6},{"name":"description","size":6}]]}}	object	\N	\N
14	plugin_content_manager_configuration_content_types::plugin::users-permissions.permission	{"uid":"plugin::users-permissions.permission","settings":{"bulkable":true,"filterable":true,"searchable":true,"pageSize":10,"mainField":"action","defaultSortBy":"action","defaultSortOrder":"ASC"},"metadatas":{"id":{"edit":{},"list":{"label":"Id","searchable":true,"sortable":true}},"action":{"edit":{"label":"Action","description":"","placeholder":"","visible":true,"editable":true},"list":{"label":"Action","searchable":true,"sortable":true}},"role":{"edit":{"label":"Role","description":"","placeholder":"","visible":true,"editable":true,"mainField":"name"},"list":{"label":"Role","searchable":true,"sortable":true}},"createdAt":{"edit":{"label":"CreatedAt","description":"","placeholder":"","visible":false,"editable":true},"list":{"label":"CreatedAt","searchable":true,"sortable":true}},"updatedAt":{"edit":{"label":"UpdatedAt","description":"","placeholder":"","visible":false,"editable":true},"list":{"label":"UpdatedAt","searchable":true,"sortable":true}}},"layouts":{"list":["id","action","role","createdAt"],"editRelations":["role"],"edit":[[{"name":"action","size":6}]]}}	object	\N	\N
7	plugin_content_manager_configuration_content_types::api::schedule.schedule	{"uid":"api::schedule.schedule","settings":{"bulkable":true,"filterable":true,"searchable":true,"pageSize":10,"mainField":"eventname","defaultSortBy":"eventname","defaultSortOrder":"ASC"},"metadatas":{"id":{"edit":{},"list":{"label":"Id","searchable":true,"sortable":true}},"eventname":{"edit":{"label":"Eventname","description":"","placeholder":"","visible":true,"editable":true},"list":{"label":"Eventname","searchable":true,"sortable":true}},"startdate":{"edit":{"label":"Startdate","description":"","placeholder":"","visible":true,"editable":true},"list":{"label":"Startdate","searchable":true,"sortable":true}},"enddate":{"edit":{"label":"Enddate","description":"","placeholder":"","visible":true,"editable":true},"list":{"label":"Enddate","searchable":true,"sortable":true}},"hideName":{"edit":{"label":"HideName","description":"","placeholder":"","visible":true,"editable":true},"list":{"label":"HideName","searchable":true,"sortable":true}},"username":{"edit":{"label":"Username","description":"","placeholder":"","visible":true,"editable":true},"list":{"label":"Username","searchable":true,"sortable":true}},"roomid":{"edit":{"label":"Roomid","description":"","placeholder":"","visible":true,"editable":true},"list":{"label":"Roomid","searchable":true,"sortable":true}},"workplaceid":{"edit":{"label":"Workplaceid","description":"","placeholder":"","visible":true,"editable":true},"list":{"label":"Workplaceid","searchable":true,"sortable":true}},"userid":{"edit":{"label":"userid","description":"","placeholder":"","visible":true,"editable":true},"list":{"label":"userid","searchable":true,"sortable":true}},"isended":{"edit":{"label":"isended","description":"","placeholder":"","visible":true,"editable":true},"list":{"label":"isended","searchable":true,"sortable":true}},"localstarttime":{"edit":{"label":"localstarttime","description":"","placeholder":"","visible":true,"editable":true},"list":{"label":"localstarttime","searchable":true,"sortable":true}},"localendtime":{"edit":{"label":"localendtime","description":"","placeholder":"","visible":true,"editable":true},"list":{"label":"localendtime","searchable":true,"sortable":true}},"unixstarttime":{"edit":{"label":"unixstarttime","description":"","placeholder":"","visible":true,"editable":true},"list":{"label":"unixstarttime","searchable":true,"sortable":true}},"unixendtime":{"edit":{"label":"unixendtime","description":"","placeholder":"","visible":true,"editable":true},"list":{"label":"unixendtime","searchable":true,"sortable":true}},"createdAt":{"edit":{"label":"CreatedAt","description":"","placeholder":"","visible":false,"editable":true},"list":{"label":"CreatedAt","searchable":true,"sortable":true}},"updatedAt":{"edit":{"label":"UpdatedAt","description":"","placeholder":"","visible":false,"editable":true},"list":{"label":"UpdatedAt","searchable":true,"sortable":true}}},"layouts":{"list":["id","eventname","startdate","enddate"],"edit":[[{"name":"eventname","size":6},{"name":"startdate","size":6}],[{"name":"enddate","size":6},{"name":"hideName","size":4}],[{"name":"username","size":6},{"name":"roomid","size":4}],[{"name":"workplaceid","size":4},{"name":"userid","size":4},{"name":"isended","size":4}],[{"name":"localstarttime","size":6},{"name":"localendtime","size":6}],[{"name":"unixstarttime","size":4},{"name":"unixendtime","size":4}]],"editRelations":[]}}	object	\N	\N
11	plugin_content_manager_configuration_content_types::admin::api-token	{"uid":"admin::api-token","settings":{"bulkable":true,"filterable":true,"searchable":true,"pageSize":10,"mainField":"name","defaultSortBy":"name","defaultSortOrder":"ASC"},"metadatas":{"id":{"edit":{},"list":{"label":"Id","searchable":true,"sortable":true}},"name":{"edit":{"label":"Name","description":"","placeholder":"","visible":true,"editable":true},"list":{"label":"Name","searchable":true,"sortable":true}},"description":{"edit":{"label":"Description","description":"","placeholder":"","visible":true,"editable":true},"list":{"label":"Description","searchable":true,"sortable":true}},"type":{"edit":{"label":"Type","description":"","placeholder":"","visible":true,"editable":true},"list":{"label":"Type","searchable":true,"sortable":true}},"accessKey":{"edit":{"label":"AccessKey","description":"","placeholder":"","visible":true,"editable":true},"list":{"label":"AccessKey","searchable":true,"sortable":true}},"lastUsedAt":{"edit":{"label":"lastUsedAt","description":"","placeholder":"","visible":true,"editable":true},"list":{"label":"lastUsedAt","searchable":true,"sortable":true}},"permissions":{"edit":{"label":"permissions","description":"","placeholder":"","visible":true,"editable":true,"mainField":"action"},"list":{"label":"permissions","searchable":false,"sortable":false}},"expiresAt":{"edit":{"label":"expiresAt","description":"","placeholder":"","visible":true,"editable":true},"list":{"label":"expiresAt","searchable":true,"sortable":true}},"lifespan":{"edit":{"label":"lifespan","description":"","placeholder":"","visible":true,"editable":true},"list":{"label":"lifespan","searchable":true,"sortable":true}},"createdAt":{"edit":{"label":"CreatedAt","description":"","placeholder":"","visible":false,"editable":true},"list":{"label":"CreatedAt","searchable":true,"sortable":true}},"updatedAt":{"edit":{"label":"UpdatedAt","description":"","placeholder":"","visible":false,"editable":true},"list":{"label":"UpdatedAt","searchable":true,"sortable":true}}},"layouts":{"list":["id","name","description","type"],"edit":[[{"name":"name","size":6},{"name":"description","size":6}],[{"name":"type","size":6},{"name":"accessKey","size":6}],[{"name":"lastUsedAt","size":6},{"name":"expiresAt","size":6}],[{"name":"lifespan","size":4}]],"editRelations":["permissions"]}}	object	\N	\N
15	plugin_content_manager_configuration_content_types::plugin::users-permissions.user	{"uid":"plugin::users-permissions.user","settings":{"bulkable":true,"filterable":true,"searchable":true,"pageSize":10,"mainField":"username","defaultSortBy":"username","defaultSortOrder":"ASC"},"metadatas":{"id":{"edit":{},"list":{"label":"Id","searchable":true,"sortable":true}},"username":{"edit":{"label":"Username","description":"","placeholder":"","visible":true,"editable":true},"list":{"label":"Username","searchable":true,"sortable":true}},"email":{"edit":{"label":"Email","description":"","placeholder":"","visible":true,"editable":true},"list":{"label":"Email","searchable":true,"sortable":true}},"provider":{"edit":{"label":"Provider","description":"","placeholder":"","visible":false,"editable":true},"list":{"label":"Provider","searchable":true,"sortable":true}},"password":{"edit":{"label":"Password","description":"","placeholder":"","visible":true,"editable":true},"list":{"label":"Password","searchable":true,"sortable":true}},"resetPasswordToken":{"edit":{"label":"ResetPasswordToken","description":"","placeholder":"","visible":false,"editable":true},"list":{"label":"ResetPasswordToken","searchable":true,"sortable":true}},"confirmationToken":{"edit":{"label":"ConfirmationToken","description":"","placeholder":"","visible":false,"editable":true},"list":{"label":"ConfirmationToken","searchable":true,"sortable":true}},"confirmed":{"edit":{"label":"Confirmed","description":"","placeholder":"","visible":true,"editable":true},"list":{"label":"Confirmed","searchable":true,"sortable":true}},"blocked":{"edit":{"label":"Blocked","description":"","placeholder":"","visible":true,"editable":true},"list":{"label":"Blocked","searchable":true,"sortable":true}},"role":{"edit":{"label":"Role","description":"","placeholder":"","visible":true,"editable":true,"mainField":"name"},"list":{"label":"Role","searchable":true,"sortable":true}},"displayname":{"edit":{"label":"displayname","description":"","placeholder":"","visible":true,"editable":true},"list":{"label":"displayname","searchable":true,"sortable":true}},"familyname":{"edit":{"label":"familyname","description":"","placeholder":"","visible":true,"editable":true},"list":{"label":"familyname","searchable":true,"sortable":true}},"givenname":{"edit":{"label":"givenname","description":"","placeholder":"","visible":true,"editable":true},"list":{"label":"givenname","searchable":true,"sortable":true}},"createdAt":{"edit":{"label":"CreatedAt","description":"","placeholder":"","visible":false,"editable":true},"list":{"label":"CreatedAt","searchable":true,"sortable":true}},"updatedAt":{"edit":{"label":"UpdatedAt","description":"","placeholder":"","visible":false,"editable":true},"list":{"label":"UpdatedAt","searchable":true,"sortable":true}}},"layouts":{"edit":[[{"name":"username","size":6},{"name":"email","size":6}],[{"name":"password","size":6},{"name":"confirmed","size":4}],[{"name":"blocked","size":4},{"name":"displayname","size":6}],[{"name":"familyname","size":6},{"name":"givenname","size":6}]],"editRelations":["role"],"list":["id","email","familyname","givenname"]}}	object	\N	\N
26	plugin_content_manager_configuration_content_types::api::sensor.sensor	{"uid":"api::sensor.sensor","settings":{"bulkable":true,"filterable":true,"searchable":true,"pageSize":10,"mainField":"datasourceurl","defaultSortBy":"datasourceurl","defaultSortOrder":"ASC"},"metadatas":{"id":{"edit":{},"list":{"label":"id","searchable":true,"sortable":true}},"isavailable":{"edit":{"label":"isavailable","description":"","placeholder":"","visible":true,"editable":true},"list":{"label":"isavailable","searchable":true,"sortable":true}},"datasourceurl":{"edit":{"label":"datasourceurl","description":"","placeholder":"","visible":true,"editable":true},"list":{"label":"datasourceurl","searchable":true,"sortable":true}},"currentpayload":{"edit":{"label":"currentpayload","description":"","placeholder":"","visible":true,"editable":true},"list":{"label":"currentpayload","searchable":false,"sortable":false}},"sensortype":{"edit":{"label":"sensortype","description":"","placeholder":"","visible":true,"editable":true},"list":{"label":"sensortype","searchable":true,"sortable":true}},"roomid":{"edit":{"label":"roomid","description":"","placeholder":"","visible":true,"editable":true},"list":{"label":"roomid","searchable":true,"sortable":true}},"workplaceid":{"edit":{"label":"workplaceid","description":"","placeholder":"","visible":true,"editable":true},"list":{"label":"workplaceid","searchable":true,"sortable":true}},"createdAt":{"edit":{"label":"createdAt","description":"","placeholder":"","visible":false,"editable":true},"list":{"label":"createdAt","searchable":true,"sortable":true}},"updatedAt":{"edit":{"label":"updatedAt","description":"","placeholder":"","visible":false,"editable":true},"list":{"label":"updatedAt","searchable":true,"sortable":true}}},"layouts":{"list":["id","isavailable","datasourceurl","sensortype"],"editRelations":[],"edit":[[{"name":"isavailable","size":4},{"name":"datasourceurl","size":6}],[{"name":"currentpayload","size":12}],[{"name":"sensortype","size":6},{"name":"roomid","size":4}],[{"name":"workplaceid","size":4}]]}}	object	\N	\N
27	plugin_content_manager_configuration_content_types::api::schedule-history.schedule-history	{"uid":"api::schedule-history.schedule-history","settings":{"bulkable":true,"filterable":true,"searchable":true,"pageSize":10,"mainField":"eventname","defaultSortBy":"eventname","defaultSortOrder":"ASC"},"metadatas":{"id":{"edit":{},"list":{"label":"id","searchable":true,"sortable":true}},"eventname":{"edit":{"label":"eventname","description":"","placeholder":"","visible":true,"editable":true},"list":{"label":"eventname","searchable":true,"sortable":true}},"startdate":{"edit":{"label":"startdate","description":"","placeholder":"","visible":true,"editable":true},"list":{"label":"startdate","searchable":true,"sortable":true}},"enddate":{"edit":{"label":"enddate","description":"","placeholder":"","visible":true,"editable":true},"list":{"label":"enddate","searchable":true,"sortable":true}},"hideName":{"edit":{"label":"hideName","description":"","placeholder":"","visible":true,"editable":true},"list":{"label":"hideName","searchable":true,"sortable":true}},"username":{"edit":{"label":"username","description":"","placeholder":"","visible":true,"editable":true},"list":{"label":"username","searchable":true,"sortable":true}},"roomid":{"edit":{"label":"roomid","description":"","placeholder":"","visible":true,"editable":true},"list":{"label":"roomid","searchable":true,"sortable":true}},"workplaceid":{"edit":{"label":"workplaceid","description":"","placeholder":"","visible":true,"editable":true},"list":{"label":"workplaceid","searchable":true,"sortable":true}},"userid":{"edit":{"label":"userid","description":"","placeholder":"","visible":true,"editable":true},"list":{"label":"userid","searchable":true,"sortable":true}},"isended":{"edit":{"label":"isended","description":"","placeholder":"","visible":true,"editable":true},"list":{"label":"isended","searchable":true,"sortable":true}},"localstarttime":{"edit":{"label":"localstarttime","description":"","placeholder":"","visible":true,"editable":true},"list":{"label":"localstarttime","searchable":true,"sortable":true}},"localendtime":{"edit":{"label":"localendtime","description":"","placeholder":"","visible":true,"editable":true},"list":{"label":"localendtime","searchable":true,"sortable":true}},"unixstarttime":{"edit":{"label":"unixstarttime","description":"","placeholder":"","visible":true,"editable":true},"list":{"label":"unixstarttime","searchable":true,"sortable":true}},"unixendtime":{"edit":{"label":"unixendtime","description":"","placeholder":"","visible":true,"editable":true},"list":{"label":"unixendtime","searchable":true,"sortable":true}},"createdAt":{"edit":{"label":"createdAt","description":"","placeholder":"","visible":false,"editable":true},"list":{"label":"createdAt","searchable":true,"sortable":true}},"updatedAt":{"edit":{"label":"updatedAt","description":"","placeholder":"","visible":false,"editable":true},"list":{"label":"updatedAt","searchable":true,"sortable":true}}},"layouts":{"list":["id","eventname","startdate","enddate"],"edit":[[{"name":"eventname","size":6},{"name":"startdate","size":6}],[{"name":"enddate","size":6},{"name":"hideName","size":4}],[{"name":"username","size":6},{"name":"roomid","size":4}],[{"name":"workplaceid","size":4},{"name":"userid","size":4},{"name":"isended","size":4}],[{"name":"localstarttime","size":6},{"name":"localendtime","size":6}],[{"name":"unixstarttime","size":4},{"name":"unixendtime","size":4}]],"editRelations":[]}}	object	\N	\N
23	plugin_content_manager_configuration_content_types::api::sensor-activity.sensor-activity	{"uid":"api::sensor-activity.sensor-activity","settings":{"bulkable":true,"filterable":true,"searchable":true,"pageSize":10,"mainField":"deveui","defaultSortBy":"deveui","defaultSortOrder":"ASC"},"metadatas":{"id":{"edit":{},"list":{"label":"id","searchable":true,"sortable":true}},"deveui":{"edit":{"label":"deveui","description":"","placeholder":"","visible":true,"editable":true},"list":{"label":"deveui","searchable":true,"sortable":true}},"battery":{"edit":{"label":"battery","description":"","placeholder":"","visible":true,"editable":true},"list":{"label":"battery","searchable":true,"sortable":true}},"eventtype":{"edit":{"label":"eventtype","description":"","placeholder":"","visible":true,"editable":true},"list":{"label":"eventtype","searchable":true,"sortable":true}},"buttonmode":{"edit":{"label":"buttonmode","description":"","placeholder":"","visible":true,"editable":true},"list":{"label":"buttonmode","searchable":true,"sortable":true}},"sensortime":{"edit":{"label":"sensortime","description":"","placeholder":"","visible":true,"editable":true},"list":{"label":"sensortime","searchable":true,"sortable":true}},"motioncheck":{"edit":{"label":"motioncheck","description":"","placeholder":"","visible":true,"editable":true},"list":{"label":"motioncheck","searchable":true,"sortable":true}},"motioninterval":{"edit":{"label":"motioninterval","description":"","placeholder":"","visible":true,"editable":true},"list":{"label":"motioninterval","searchable":true,"sortable":true}},"motiontreshold":{"edit":{"label":"motiontreshold","description":"","placeholder":"","visible":true,"editable":true},"list":{"label":"motiontreshold","searchable":true,"sortable":true}},"createdAt":{"edit":{"label":"createdAt","description":"","placeholder":"","visible":false,"editable":true},"list":{"label":"createdAt","searchable":true,"sortable":true}},"updatedAt":{"edit":{"label":"updatedAt","description":"","placeholder":"","visible":false,"editable":true},"list":{"label":"updatedAt","searchable":true,"sortable":true}}},"layouts":{"list":["id","deveui","battery","eventtype"],"editRelations":[],"edit":[[{"name":"deveui","size":6},{"name":"battery","size":4}],[{"name":"eventtype","size":6},{"name":"buttonmode","size":6}],[{"name":"sensortime","size":6},{"name":"motioncheck","size":4}],[{"name":"motioninterval","size":4},{"name":"motiontreshold","size":4}]]}}	object	\N	\N
28	plugin_content_manager_configuration_content_types::plugin::upload.folder	{"uid":"plugin::upload.folder","settings":{"bulkable":true,"filterable":true,"searchable":true,"pageSize":10,"mainField":"name","defaultSortBy":"name","defaultSortOrder":"ASC"},"metadatas":{"id":{"edit":{},"list":{"label":"id","searchable":true,"sortable":true}},"name":{"edit":{"label":"name","description":"","placeholder":"","visible":true,"editable":true},"list":{"label":"name","searchable":true,"sortable":true}},"pathId":{"edit":{"label":"pathId","description":"","placeholder":"","visible":true,"editable":true},"list":{"label":"pathId","searchable":true,"sortable":true}},"parent":{"edit":{"label":"parent","description":"","placeholder":"","visible":true,"editable":true,"mainField":"name"},"list":{"label":"parent","searchable":true,"sortable":true}},"children":{"edit":{"label":"children","description":"","placeholder":"","visible":true,"editable":true,"mainField":"name"},"list":{"label":"children","searchable":false,"sortable":false}},"files":{"edit":{"label":"files","description":"","placeholder":"","visible":true,"editable":true,"mainField":"name"},"list":{"label":"files","searchable":false,"sortable":false}},"path":{"edit":{"label":"path","description":"","placeholder":"","visible":true,"editable":true},"list":{"label":"path","searchable":true,"sortable":true}},"createdAt":{"edit":{"label":"createdAt","description":"","placeholder":"","visible":false,"editable":true},"list":{"label":"createdAt","searchable":true,"sortable":true}},"updatedAt":{"edit":{"label":"updatedAt","description":"","placeholder":"","visible":false,"editable":true},"list":{"label":"updatedAt","searchable":true,"sortable":true}}},"layouts":{"list":["id","name","pathId","parent"],"editRelations":["parent","children","files"],"edit":[[{"name":"name","size":6},{"name":"pathId","size":4}],[{"name":"path","size":6}]]}}	object	\N	\N
12	plugin_content_manager_configuration_content_types::admin::permission	{"uid":"admin::permission","settings":{"bulkable":true,"filterable":true,"searchable":true,"pageSize":10,"mainField":"action","defaultSortBy":"action","defaultSortOrder":"ASC"},"metadatas":{"id":{"edit":{},"list":{"label":"Id","searchable":true,"sortable":true}},"action":{"edit":{"label":"Action","description":"","placeholder":"","visible":true,"editable":true},"list":{"label":"Action","searchable":true,"sortable":true}},"subject":{"edit":{"label":"Subject","description":"","placeholder":"","visible":true,"editable":true},"list":{"label":"Subject","searchable":true,"sortable":true}},"properties":{"edit":{"label":"Properties","description":"","placeholder":"","visible":true,"editable":true},"list":{"label":"Properties","searchable":false,"sortable":false}},"conditions":{"edit":{"label":"Conditions","description":"","placeholder":"","visible":true,"editable":true},"list":{"label":"Conditions","searchable":false,"sortable":false}},"role":{"edit":{"label":"Role","description":"","placeholder":"","visible":true,"editable":true,"mainField":"name"},"list":{"label":"Role","searchable":true,"sortable":true}},"createdAt":{"edit":{"label":"CreatedAt","description":"","placeholder":"","visible":false,"editable":true},"list":{"label":"CreatedAt","searchable":true,"sortable":true}},"updatedAt":{"edit":{"label":"UpdatedAt","description":"","placeholder":"","visible":false,"editable":true},"list":{"label":"UpdatedAt","searchable":true,"sortable":true}}},"layouts":{"list":["id","action","subject","role"],"editRelations":["role"],"edit":[[{"name":"action","size":6},{"name":"subject","size":6}],[{"name":"properties","size":12}],[{"name":"conditions","size":12}]]}}	object	\N	\N
13	plugin_content_manager_configuration_content_types::plugin::i18n.locale	{"uid":"plugin::i18n.locale","settings":{"bulkable":true,"filterable":true,"searchable":true,"pageSize":10,"mainField":"name","defaultSortBy":"name","defaultSortOrder":"ASC"},"metadatas":{"id":{"edit":{},"list":{"label":"Id","searchable":true,"sortable":true}},"name":{"edit":{"label":"Name","description":"","placeholder":"","visible":true,"editable":true},"list":{"label":"Name","searchable":true,"sortable":true}},"code":{"edit":{"label":"Code","description":"","placeholder":"","visible":true,"editable":true},"list":{"label":"Code","searchable":true,"sortable":true}},"createdAt":{"edit":{"label":"CreatedAt","description":"","placeholder":"","visible":false,"editable":true},"list":{"label":"CreatedAt","searchable":true,"sortable":true}},"updatedAt":{"edit":{"label":"UpdatedAt","description":"","placeholder":"","visible":false,"editable":true},"list":{"label":"UpdatedAt","searchable":true,"sortable":true}}},"layouts":{"list":["id","name","code","createdAt"],"editRelations":[],"edit":[[{"name":"name","size":6},{"name":"code","size":6}]]}}	object	\N	\N
17	plugin_i18n_default_locale	"en"	string	\N	\N
18	plugin_users-permissions_grant	{"email":{"enabled":true,"icon":"envelope"},"discord":{"enabled":false,"icon":"discord","key":"","secret":"","callback":"//api/auth/discord/callback","scope":["identify","email"]},"facebook":{"enabled":false,"icon":"facebook-square","key":"","secret":"","callback":"//api/auth/facebook/callback","scope":["email"]},"google":{"enabled":false,"icon":"google","key":"","secret":"","callback":"//api/auth/google/callback","scope":["email"]},"github":{"enabled":false,"icon":"github","key":"","secret":"","callback":"//api/auth/github/callback","scope":["user","user:email"]},"microsoft":{"enabled":false,"icon":"windows","key":"","secret":"","callback":"//api/auth/microsoft/callback","scope":["user.read"]},"twitter":{"enabled":false,"icon":"twitter","key":"","secret":"","callback":"//api/auth/twitter/callback"},"instagram":{"enabled":false,"icon":"instagram","key":"","secret":"","callback":"//api/auth/instagram/callback","scope":["user_profile"]},"vk":{"enabled":false,"icon":"vk","key":"","secret":"","callback":"//api/auth/vk/callback","scope":["email"]},"twitch":{"enabled":false,"icon":"twitch","key":"","secret":"","callback":"//api/auth/twitch/callback","scope":["user:read:email"]},"linkedin":{"enabled":false,"icon":"linkedin","key":"","secret":"","callback":"//api/auth/linkedin/callback","scope":["r_liteprofile","r_emailaddress"]},"cognito":{"enabled":false,"icon":"aws","key":"","secret":"","subdomain":"my.subdomain.com","callback":"//api/auth/cognito/callback","scope":["email","openid","profile"]},"reddit":{"enabled":false,"icon":"reddit","key":"","secret":"","state":true,"callback":"//api/auth/reddit/callback","scope":["identity"]},"auth0":{"enabled":false,"icon":"","key":"","secret":"","subdomain":"my-tenant.eu","callback":"//api/auth/auth0/callback","scope":["openid","email","profile"]},"cas":{"enabled":false,"icon":"book","key":"","secret":"","callback":"//api/auth/cas/callback","scope":["openid email"],"subdomain":"my.subdomain.com/cas"}}	object	\N	\N
19	plugin_users-permissions_email	{"reset_password":{"display":"Email.template.reset_password","icon":"sync","options":{"from":{"name":"Administration Panel","email":"no-reply@strapi.io"},"response_email":"","object":"Reset password","message":"<p>We heard that you lost your password. Sorry about that!</p>\\n\\n<p>But don’t worry! You can use the following link to reset your password:</p>\\n<p><%= URL %>?code=<%= TOKEN %></p>\\n\\n<p>Thanks.</p>"}},"email_confirmation":{"display":"Email.template.email_confirmation","icon":"check-square","options":{"from":{"name":"Administration Panel","email":"no-reply@strapi.io"},"response_email":"","object":"Account confirmation","message":"<p>Thank you for registering!</p>\\n\\n<p>You have to confirm your email address. Please click on the link below.</p>\\n\\n<p><%= URL %>?confirmation=<%= CODE %></p>\\n\\n<p>Thanks.</p>"}}}	object	\N	\N
20	plugin_users-permissions_advanced	{"unique_email":true,"allow_register":true,"email_confirmation":false,"email_reset_password":null,"email_confirmation_redirection":null,"default_role":"authenticated"}	object	\N	\N
24	plugin_content_manager_configuration_content_types::api::activity-history.activity-history	{"uid":"api::activity-history.activity-history","settings":{"bulkable":true,"filterable":true,"searchable":true,"pageSize":10,"mainField":"deveui","defaultSortBy":"deveui","defaultSortOrder":"ASC"},"metadatas":{"id":{"edit":{},"list":{"label":"id","searchable":true,"sortable":true}},"deveui":{"edit":{"label":"deveui","description":"","placeholder":"","visible":true,"editable":true},"list":{"label":"deveui","searchable":true,"sortable":true}},"battery":{"edit":{"label":"battery","description":"","placeholder":"","visible":true,"editable":true},"list":{"label":"battery","searchable":true,"sortable":true}},"eventtype":{"edit":{"label":"eventtype","description":"","placeholder":"","visible":true,"editable":true},"list":{"label":"eventtype","searchable":true,"sortable":true}},"buttonmode":{"edit":{"label":"buttonmode","description":"","placeholder":"","visible":true,"editable":true},"list":{"label":"buttonmode","searchable":true,"sortable":true}},"sensortime":{"edit":{"label":"sensortime","description":"","placeholder":"","visible":true,"editable":true},"list":{"label":"sensortime","searchable":true,"sortable":true}},"motioncheck":{"edit":{"label":"motioncheck","description":"","placeholder":"","visible":true,"editable":true},"list":{"label":"motioncheck","searchable":true,"sortable":true}},"motioninterval":{"edit":{"label":"motioninterval","description":"","placeholder":"","visible":true,"editable":true},"list":{"label":"motioninterval","searchable":true,"sortable":true}},"motiontreshold":{"edit":{"label":"motiontreshold","description":"","placeholder":"","visible":true,"editable":true},"list":{"label":"motiontreshold","searchable":true,"sortable":true}},"createdAt":{"edit":{"label":"createdAt","description":"","placeholder":"","visible":false,"editable":true},"list":{"label":"createdAt","searchable":true,"sortable":true}},"updatedAt":{"edit":{"label":"updatedAt","description":"","placeholder":"","visible":false,"editable":true},"list":{"label":"updatedAt","searchable":true,"sortable":true}}},"layouts":{"list":["id","deveui","battery","eventtype"],"editRelations":[],"edit":[[{"name":"deveui","size":6},{"name":"battery","size":4}],[{"name":"eventtype","size":6},{"name":"buttonmode","size":6}],[{"name":"sensortime","size":6},{"name":"motioncheck","size":4}],[{"name":"motioninterval","size":4},{"name":"motiontreshold","size":4}]]}}	object	\N	\N
29	plugin_upload_metrics	{"weeklySchedule":"12 5 4 * * 5","lastWeeklyUpdate":1670558718964}	object	\N	\N
\.


--
-- Data for Name: strapi_database_schema; Type: TABLE DATA; Schema: public; Owner: -
--

COPY public.strapi_database_schema (id, schema, "time", hash) FROM stdin;
22	{"tables":[{"name":"strapi_core_store_settings","indexes":[],"foreignKeys":[],"columns":[{"name":"id","type":"increments","args":[{"primary":true,"primaryKey":true}],"defaultTo":null,"notNullable":true,"unsigned":false},{"name":"key","type":"string","args":[],"defaultTo":null,"notNullable":false,"unsigned":false},{"name":"value","type":"text","args":["longtext"],"defaultTo":null,"notNullable":false,"unsigned":false},{"name":"type","type":"string","args":[],"defaultTo":null,"notNullable":false,"unsigned":false},{"name":"environment","type":"string","args":[],"defaultTo":null,"notNullable":false,"unsigned":false},{"name":"tag","type":"string","args":[],"defaultTo":null,"notNullable":false,"unsigned":false}]},{"name":"strapi_webhooks","indexes":[],"foreignKeys":[],"columns":[{"name":"id","type":"increments","args":[{"primary":true,"primaryKey":true}],"defaultTo":null,"notNullable":true,"unsigned":false},{"name":"name","type":"string","args":[],"defaultTo":null,"notNullable":false,"unsigned":false},{"name":"url","type":"text","args":["longtext"],"defaultTo":null,"notNullable":false,"unsigned":false},{"name":"headers","type":"jsonb","args":[],"defaultTo":null,"notNullable":false,"unsigned":false},{"name":"events","type":"jsonb","args":[],"defaultTo":null,"notNullable":false,"unsigned":false},{"name":"enabled","type":"boolean","args":[],"defaultTo":null,"notNullable":false,"unsigned":false}]},{"name":"admin_permissions","indexes":[{"name":"admin_permissions_created_by_id_fk","columns":["created_by_id"]},{"name":"admin_permissions_updated_by_id_fk","columns":["updated_by_id"]}],"foreignKeys":[{"name":"admin_permissions_created_by_id_fk","columns":["created_by_id"],"referencedTable":"admin_users","referencedColumns":["id"],"onDelete":"SET NULL"},{"name":"admin_permissions_updated_by_id_fk","columns":["updated_by_id"],"referencedTable":"admin_users","referencedColumns":["id"],"onDelete":"SET NULL"}],"columns":[{"name":"id","type":"increments","args":[{"primary":true,"primaryKey":true}],"defaultTo":null,"notNullable":true,"unsigned":false},{"name":"action","type":"string","args":[],"defaultTo":null,"notNullable":false,"unsigned":false},{"name":"subject","type":"string","args":[],"defaultTo":null,"notNullable":false,"unsigned":false},{"name":"properties","type":"jsonb","args":[],"defaultTo":null,"notNullable":false,"unsigned":false},{"name":"conditions","type":"jsonb","args":[],"defaultTo":null,"notNullable":false,"unsigned":false},{"name":"created_at","type":"datetime","args":[{"useTz":false,"precision":6}],"defaultTo":null,"notNullable":false,"unsigned":false},{"name":"updated_at","type":"datetime","args":[{"useTz":false,"precision":6}],"defaultTo":null,"notNullable":false,"unsigned":false},{"name":"created_by_id","type":"integer","args":[],"defaultTo":null,"notNullable":false,"unsigned":true},{"name":"updated_by_id","type":"integer","args":[],"defaultTo":null,"notNullable":false,"unsigned":true}]},{"name":"admin_users","indexes":[{"name":"admin_users_created_by_id_fk","columns":["created_by_id"]},{"name":"admin_users_updated_by_id_fk","columns":["updated_by_id"]}],"foreignKeys":[{"name":"admin_users_created_by_id_fk","columns":["created_by_id"],"referencedTable":"admin_users","referencedColumns":["id"],"onDelete":"SET NULL"},{"name":"admin_users_updated_by_id_fk","columns":["updated_by_id"],"referencedTable":"admin_users","referencedColumns":["id"],"onDelete":"SET NULL"}],"columns":[{"name":"id","type":"increments","args":[{"primary":true,"primaryKey":true}],"defaultTo":null,"notNullable":true,"unsigned":false},{"name":"firstname","type":"string","args":[],"defaultTo":null,"notNullable":false,"unsigned":false},{"name":"lastname","type":"string","args":[],"defaultTo":null,"notNullable":false,"unsigned":false},{"name":"username","type":"string","args":[],"defaultTo":null,"notNullable":false,"unsigned":false},{"name":"email","type":"string","args":[],"defaultTo":null,"notNullable":false,"unsigned":false},{"name":"password","type":"string","args":[],"defaultTo":null,"notNullable":false,"unsigned":false},{"name":"reset_password_token","type":"string","args":[],"defaultTo":null,"notNullable":false,"unsigned":false},{"name":"registration_token","type":"string","args":[],"defaultTo":null,"notNullable":false,"unsigned":false},{"name":"is_active","type":"boolean","args":[],"defaultTo":null,"notNullable":false,"unsigned":false},{"name":"blocked","type":"boolean","args":[],"defaultTo":null,"notNullable":false,"unsigned":false},{"name":"prefered_language","type":"string","args":[],"defaultTo":null,"notNullable":false,"unsigned":false},{"name":"created_at","type":"datetime","args":[{"useTz":false,"precision":6}],"defaultTo":null,"notNullable":false,"unsigned":false},{"name":"updated_at","type":"datetime","args":[{"useTz":false,"precision":6}],"defaultTo":null,"notNullable":false,"unsigned":false},{"name":"created_by_id","type":"integer","args":[],"defaultTo":null,"notNullable":false,"unsigned":true},{"name":"updated_by_id","type":"integer","args":[],"defaultTo":null,"notNullable":false,"unsigned":true}]},{"name":"admin_roles","indexes":[{"name":"admin_roles_created_by_id_fk","columns":["created_by_id"]},{"name":"admin_roles_updated_by_id_fk","columns":["updated_by_id"]}],"foreignKeys":[{"name":"admin_roles_created_by_id_fk","columns":["created_by_id"],"referencedTable":"admin_users","referencedColumns":["id"],"onDelete":"SET NULL"},{"name":"admin_roles_updated_by_id_fk","columns":["updated_by_id"],"referencedTable":"admin_users","referencedColumns":["id"],"onDelete":"SET NULL"}],"columns":[{"name":"id","type":"increments","args":[{"primary":true,"primaryKey":true}],"defaultTo":null,"notNullable":true,"unsigned":false},{"name":"name","type":"string","args":[],"defaultTo":null,"notNullable":false,"unsigned":false},{"name":"code","type":"string","args":[],"defaultTo":null,"notNullable":false,"unsigned":false},{"name":"description","type":"string","args":[],"defaultTo":null,"notNullable":false,"unsigned":false},{"name":"created_at","type":"datetime","args":[{"useTz":false,"precision":6}],"defaultTo":null,"notNullable":false,"unsigned":false},{"name":"updated_at","type":"datetime","args":[{"useTz":false,"precision":6}],"defaultTo":null,"notNullable":false,"unsigned":false},{"name":"created_by_id","type":"integer","args":[],"defaultTo":null,"notNullable":false,"unsigned":true},{"name":"updated_by_id","type":"integer","args":[],"defaultTo":null,"notNullable":false,"unsigned":true}]},{"name":"strapi_api_tokens","indexes":[{"name":"strapi_api_tokens_created_by_id_fk","columns":["created_by_id"]},{"name":"strapi_api_tokens_updated_by_id_fk","columns":["updated_by_id"]}],"foreignKeys":[{"name":"strapi_api_tokens_created_by_id_fk","columns":["created_by_id"],"referencedTable":"admin_users","referencedColumns":["id"],"onDelete":"SET NULL"},{"name":"strapi_api_tokens_updated_by_id_fk","columns":["updated_by_id"],"referencedTable":"admin_users","referencedColumns":["id"],"onDelete":"SET NULL"}],"columns":[{"name":"id","type":"increments","args":[{"primary":true,"primaryKey":true}],"defaultTo":null,"notNullable":true,"unsigned":false},{"name":"name","type":"string","args":[],"defaultTo":null,"notNullable":false,"unsigned":false},{"name":"description","type":"string","args":[],"defaultTo":null,"notNullable":false,"unsigned":false},{"name":"type","type":"string","args":[],"defaultTo":null,"notNullable":false,"unsigned":false},{"name":"access_key","type":"string","args":[],"defaultTo":null,"notNullable":false,"unsigned":false},{"name":"last_used_at","type":"datetime","args":[{"useTz":false,"precision":6}],"defaultTo":null,"notNullable":false,"unsigned":false},{"name":"expires_at","type":"datetime","args":[{"useTz":false,"precision":6}],"defaultTo":null,"notNullable":false,"unsigned":false},{"name":"lifespan","type":"integer","args":[],"defaultTo":null,"notNullable":false,"unsigned":false},{"name":"created_at","type":"datetime","args":[{"useTz":false,"precision":6}],"defaultTo":null,"notNullable":false,"unsigned":false},{"name":"updated_at","type":"datetime","args":[{"useTz":false,"precision":6}],"defaultTo":null,"notNullable":false,"unsigned":false},{"name":"created_by_id","type":"integer","args":[],"defaultTo":null,"notNullable":false,"unsigned":true},{"name":"updated_by_id","type":"integer","args":[],"defaultTo":null,"notNullable":false,"unsigned":true}]},{"name":"strapi_api_token_permissions","indexes":[{"name":"strapi_api_token_permissions_created_by_id_fk","columns":["created_by_id"]},{"name":"strapi_api_token_permissions_updated_by_id_fk","columns":["updated_by_id"]}],"foreignKeys":[{"name":"strapi_api_token_permissions_created_by_id_fk","columns":["created_by_id"],"referencedTable":"admin_users","referencedColumns":["id"],"onDelete":"SET NULL"},{"name":"strapi_api_token_permissions_updated_by_id_fk","columns":["updated_by_id"],"referencedTable":"admin_users","referencedColumns":["id"],"onDelete":"SET NULL"}],"columns":[{"name":"id","type":"increments","args":[{"primary":true,"primaryKey":true}],"defaultTo":null,"notNullable":true,"unsigned":false},{"name":"action","type":"string","args":[],"defaultTo":null,"notNullable":false,"unsigned":false},{"name":"created_at","type":"datetime","args":[{"useTz":false,"precision":6}],"defaultTo":null,"notNullable":false,"unsigned":false},{"name":"updated_at","type":"datetime","args":[{"useTz":false,"precision":6}],"defaultTo":null,"notNullable":false,"unsigned":false},{"name":"created_by_id","type":"integer","args":[],"defaultTo":null,"notNullable":false,"unsigned":true},{"name":"updated_by_id","type":"integer","args":[],"defaultTo":null,"notNullable":false,"unsigned":true}]},{"name":"files","indexes":[{"name":"upload_files_folder_path_index","columns":["folder_path"],"type":null},{"name":"files_created_by_id_fk","columns":["created_by_id"]},{"name":"files_updated_by_id_fk","columns":["updated_by_id"]}],"foreignKeys":[{"name":"files_created_by_id_fk","columns":["created_by_id"],"referencedTable":"admin_users","referencedColumns":["id"],"onDelete":"SET NULL"},{"name":"files_updated_by_id_fk","columns":["updated_by_id"],"referencedTable":"admin_users","referencedColumns":["id"],"onDelete":"SET NULL"}],"columns":[{"name":"id","type":"increments","args":[{"primary":true,"primaryKey":true}],"defaultTo":null,"notNullable":true,"unsigned":false},{"name":"name","type":"string","args":[],"defaultTo":null,"notNullable":false,"unsigned":false},{"name":"alternative_text","type":"string","args":[],"defaultTo":null,"notNullable":false,"unsigned":false},{"name":"caption","type":"string","args":[],"defaultTo":null,"notNullable":false,"unsigned":false},{"name":"width","type":"integer","args":[],"defaultTo":null,"notNullable":false,"unsigned":false},{"name":"height","type":"integer","args":[],"defaultTo":null,"notNullable":false,"unsigned":false},{"name":"formats","type":"jsonb","args":[],"defaultTo":null,"notNullable":false,"unsigned":false},{"name":"hash","type":"string","args":[],"defaultTo":null,"notNullable":false,"unsigned":false},{"name":"ext","type":"string","args":[],"defaultTo":null,"notNullable":false,"unsigned":false},{"name":"mime","type":"string","args":[],"defaultTo":null,"notNullable":false,"unsigned":false},{"name":"size","type":"decimal","args":[10,2],"defaultTo":null,"notNullable":false,"unsigned":false},{"name":"url","type":"string","args":[],"defaultTo":null,"notNullable":false,"unsigned":false},{"name":"preview_url","type":"string","args":[],"defaultTo":null,"notNullable":false,"unsigned":false},{"name":"provider","type":"string","args":[],"defaultTo":null,"notNullable":false,"unsigned":false},{"name":"provider_metadata","type":"jsonb","args":[],"defaultTo":null,"notNullable":false,"unsigned":false},{"name":"folder_path","type":"string","args":[],"defaultTo":null,"notNullable":false,"unsigned":false},{"name":"created_at","type":"datetime","args":[{"useTz":false,"precision":6}],"defaultTo":null,"notNullable":false,"unsigned":false},{"name":"updated_at","type":"datetime","args":[{"useTz":false,"precision":6}],"defaultTo":null,"notNullable":false,"unsigned":false},{"name":"created_by_id","type":"integer","args":[],"defaultTo":null,"notNullable":false,"unsigned":true},{"name":"updated_by_id","type":"integer","args":[],"defaultTo":null,"notNullable":false,"unsigned":true}]},{"name":"upload_folders","indexes":[{"name":"upload_folders_path_id_index","columns":["path_id"],"type":"unique"},{"name":"upload_folders_path_index","columns":["path"],"type":"unique"},{"name":"upload_folders_created_by_id_fk","columns":["created_by_id"]},{"name":"upload_folders_updated_by_id_fk","columns":["updated_by_id"]}],"foreignKeys":[{"name":"upload_folders_created_by_id_fk","columns":["created_by_id"],"referencedTable":"admin_users","referencedColumns":["id"],"onDelete":"SET NULL"},{"name":"upload_folders_updated_by_id_fk","columns":["updated_by_id"],"referencedTable":"admin_users","referencedColumns":["id"],"onDelete":"SET NULL"}],"columns":[{"name":"id","type":"increments","args":[{"primary":true,"primaryKey":true}],"defaultTo":null,"notNullable":true,"unsigned":false},{"name":"name","type":"string","args":[],"defaultTo":null,"notNullable":false,"unsigned":false},{"name":"path_id","type":"integer","args":[],"defaultTo":null,"notNullable":false,"unsigned":false},{"name":"path","type":"string","args":[],"defaultTo":null,"notNullable":false,"unsigned":false},{"name":"created_at","type":"datetime","args":[{"useTz":false,"precision":6}],"defaultTo":null,"notNullable":false,"unsigned":false},{"name":"updated_at","type":"datetime","args":[{"useTz":false,"precision":6}],"defaultTo":null,"notNullable":false,"unsigned":false},{"name":"created_by_id","type":"integer","args":[],"defaultTo":null,"notNullable":false,"unsigned":true},{"name":"updated_by_id","type":"integer","args":[],"defaultTo":null,"notNullable":false,"unsigned":true}]},{"name":"i18n_locale","indexes":[{"name":"i18n_locale_created_by_id_fk","columns":["created_by_id"]},{"name":"i18n_locale_updated_by_id_fk","columns":["updated_by_id"]}],"foreignKeys":[{"name":"i18n_locale_created_by_id_fk","columns":["created_by_id"],"referencedTable":"admin_users","referencedColumns":["id"],"onDelete":"SET NULL"},{"name":"i18n_locale_updated_by_id_fk","columns":["updated_by_id"],"referencedTable":"admin_users","referencedColumns":["id"],"onDelete":"SET NULL"}],"columns":[{"name":"id","type":"increments","args":[{"primary":true,"primaryKey":true}],"defaultTo":null,"notNullable":true,"unsigned":false},{"name":"name","type":"string","args":[],"defaultTo":null,"notNullable":false,"unsigned":false},{"name":"code","type":"string","args":[],"defaultTo":null,"notNullable":false,"unsigned":false},{"name":"created_at","type":"datetime","args":[{"useTz":false,"precision":6}],"defaultTo":null,"notNullable":false,"unsigned":false},{"name":"updated_at","type":"datetime","args":[{"useTz":false,"precision":6}],"defaultTo":null,"notNullable":false,"unsigned":false},{"name":"created_by_id","type":"integer","args":[],"defaultTo":null,"notNullable":false,"unsigned":true},{"name":"updated_by_id","type":"integer","args":[],"defaultTo":null,"notNullable":false,"unsigned":true}]},{"name":"up_permissions","indexes":[{"name":"up_permissions_created_by_id_fk","columns":["created_by_id"]},{"name":"up_permissions_updated_by_id_fk","columns":["updated_by_id"]}],"foreignKeys":[{"name":"up_permissions_created_by_id_fk","columns":["created_by_id"],"referencedTable":"admin_users","referencedColumns":["id"],"onDelete":"SET NULL"},{"name":"up_permissions_updated_by_id_fk","columns":["updated_by_id"],"referencedTable":"admin_users","referencedColumns":["id"],"onDelete":"SET NULL"}],"columns":[{"name":"id","type":"increments","args":[{"primary":true,"primaryKey":true}],"defaultTo":null,"notNullable":true,"unsigned":false},{"name":"action","type":"string","args":[],"defaultTo":null,"notNullable":false,"unsigned":false},{"name":"created_at","type":"datetime","args":[{"useTz":false,"precision":6}],"defaultTo":null,"notNullable":false,"unsigned":false},{"name":"updated_at","type":"datetime","args":[{"useTz":false,"precision":6}],"defaultTo":null,"notNullable":false,"unsigned":false},{"name":"created_by_id","type":"integer","args":[],"defaultTo":null,"notNullable":false,"unsigned":true},{"name":"updated_by_id","type":"integer","args":[],"defaultTo":null,"notNullable":false,"unsigned":true}]},{"name":"up_roles","indexes":[{"name":"up_roles_created_by_id_fk","columns":["created_by_id"]},{"name":"up_roles_updated_by_id_fk","columns":["updated_by_id"]}],"foreignKeys":[{"name":"up_roles_created_by_id_fk","columns":["created_by_id"],"referencedTable":"admin_users","referencedColumns":["id"],"onDelete":"SET NULL"},{"name":"up_roles_updated_by_id_fk","columns":["updated_by_id"],"referencedTable":"admin_users","referencedColumns":["id"],"onDelete":"SET NULL"}],"columns":[{"name":"id","type":"increments","args":[{"primary":true,"primaryKey":true}],"defaultTo":null,"notNullable":true,"unsigned":false},{"name":"name","type":"string","args":[],"defaultTo":null,"notNullable":false,"unsigned":false},{"name":"description","type":"string","args":[],"defaultTo":null,"notNullable":false,"unsigned":false},{"name":"type","type":"string","args":[],"defaultTo":null,"notNullable":false,"unsigned":false},{"name":"created_at","type":"datetime","args":[{"useTz":false,"precision":6}],"defaultTo":null,"notNullable":false,"unsigned":false},{"name":"updated_at","type":"datetime","args":[{"useTz":false,"precision":6}],"defaultTo":null,"notNullable":false,"unsigned":false},{"name":"created_by_id","type":"integer","args":[],"defaultTo":null,"notNullable":false,"unsigned":true},{"name":"updated_by_id","type":"integer","args":[],"defaultTo":null,"notNullable":false,"unsigned":true}]},{"name":"up_users","indexes":[{"name":"up_users_created_by_id_fk","columns":["created_by_id"]},{"name":"up_users_updated_by_id_fk","columns":["updated_by_id"]}],"foreignKeys":[{"name":"up_users_created_by_id_fk","columns":["created_by_id"],"referencedTable":"admin_users","referencedColumns":["id"],"onDelete":"SET NULL"},{"name":"up_users_updated_by_id_fk","columns":["updated_by_id"],"referencedTable":"admin_users","referencedColumns":["id"],"onDelete":"SET NULL"}],"columns":[{"name":"id","type":"increments","args":[{"primary":true,"primaryKey":true}],"defaultTo":null,"notNullable":true,"unsigned":false},{"name":"username","type":"string","args":[],"defaultTo":null,"notNullable":false,"unsigned":false},{"name":"email","type":"string","args":[],"defaultTo":null,"notNullable":false,"unsigned":false},{"name":"provider","type":"string","args":[],"defaultTo":null,"notNullable":false,"unsigned":false},{"name":"password","type":"string","args":[],"defaultTo":null,"notNullable":false,"unsigned":false},{"name":"reset_password_token","type":"string","args":[],"defaultTo":null,"notNullable":false,"unsigned":false},{"name":"confirmation_token","type":"string","args":[],"defaultTo":null,"notNullable":false,"unsigned":false},{"name":"confirmed","type":"boolean","args":[],"defaultTo":null,"notNullable":false,"unsigned":false},{"name":"blocked","type":"boolean","args":[],"defaultTo":null,"notNullable":false,"unsigned":false},{"name":"displayname","type":"string","args":[],"defaultTo":null,"notNullable":false,"unsigned":false},{"name":"familyname","type":"string","args":[],"defaultTo":null,"notNullable":false,"unsigned":false},{"name":"givenname","type":"string","args":[],"defaultTo":null,"notNullable":false,"unsigned":false},{"name":"created_at","type":"datetime","args":[{"useTz":false,"precision":6}],"defaultTo":null,"notNullable":false,"unsigned":false},{"name":"updated_at","type":"datetime","args":[{"useTz":false,"precision":6}],"defaultTo":null,"notNullable":false,"unsigned":false},{"name":"created_by_id","type":"integer","args":[],"defaultTo":null,"notNullable":false,"unsigned":true},{"name":"updated_by_id","type":"integer","args":[],"defaultTo":null,"notNullable":false,"unsigned":true}]},{"name":"activity_histories","indexes":[{"name":"activity_histories_created_by_id_fk","columns":["created_by_id"]},{"name":"activity_histories_updated_by_id_fk","columns":["updated_by_id"]}],"foreignKeys":[{"name":"activity_histories_created_by_id_fk","columns":["created_by_id"],"referencedTable":"admin_users","referencedColumns":["id"],"onDelete":"SET NULL"},{"name":"activity_histories_updated_by_id_fk","columns":["updated_by_id"],"referencedTable":"admin_users","referencedColumns":["id"],"onDelete":"SET NULL"}],"columns":[{"name":"id","type":"increments","args":[{"primary":true,"primaryKey":true}],"defaultTo":null,"notNullable":true,"unsigned":false},{"name":"deveui","type":"string","args":[],"defaultTo":null,"notNullable":false,"unsigned":false},{"name":"battery","type":"integer","args":[],"defaultTo":null,"notNullable":false,"unsigned":false},{"name":"eventtype","type":"string","args":[],"defaultTo":null,"notNullable":false,"unsigned":false},{"name":"buttonmode","type":"string","args":[],"defaultTo":null,"notNullable":false,"unsigned":false},{"name":"sensortime","type":"datetime","args":[{"useTz":false,"precision":6}],"defaultTo":null,"notNullable":false,"unsigned":false},{"name":"motioncheck","type":"integer","args":[],"defaultTo":null,"notNullable":false,"unsigned":false},{"name":"motioninterval","type":"integer","args":[],"defaultTo":null,"notNullable":false,"unsigned":false},{"name":"motiontreshold","type":"integer","args":[],"defaultTo":null,"notNullable":false,"unsigned":false},{"name":"created_at","type":"datetime","args":[{"useTz":false,"precision":6}],"defaultTo":null,"notNullable":false,"unsigned":false},{"name":"updated_at","type":"datetime","args":[{"useTz":false,"precision":6}],"defaultTo":null,"notNullable":false,"unsigned":false},{"name":"created_by_id","type":"integer","args":[],"defaultTo":null,"notNullable":false,"unsigned":true},{"name":"updated_by_id","type":"integer","args":[],"defaultTo":null,"notNullable":false,"unsigned":true}]},{"name":"floors","indexes":[{"name":"floors_created_by_id_fk","columns":["created_by_id"]},{"name":"floors_updated_by_id_fk","columns":["updated_by_id"]}],"foreignKeys":[{"name":"floors_created_by_id_fk","columns":["created_by_id"],"referencedTable":"admin_users","referencedColumns":["id"],"onDelete":"SET NULL"},{"name":"floors_updated_by_id_fk","columns":["updated_by_id"],"referencedTable":"admin_users","referencedColumns":["id"],"onDelete":"SET NULL"}],"columns":[{"name":"id","type":"increments","args":[{"primary":true,"primaryKey":true}],"defaultTo":null,"notNullable":true,"unsigned":false},{"name":"floorname","type":"string","args":[],"defaultTo":null,"notNullable":false,"unsigned":false},{"name":"resourceurl","type":"string","args":[],"defaultTo":null,"notNullable":false,"unsigned":false},{"name":"publicid","type":"string","args":[],"defaultTo":null,"notNullable":false,"unsigned":false},{"name":"description","type":"text","args":["longtext"],"defaultTo":null,"notNullable":false,"unsigned":false},{"name":"created_at","type":"datetime","args":[{"useTz":false,"precision":6}],"defaultTo":null,"notNullable":false,"unsigned":false},{"name":"updated_at","type":"datetime","args":[{"useTz":false,"precision":6}],"defaultTo":null,"notNullable":false,"unsigned":false},{"name":"created_by_id","type":"integer","args":[],"defaultTo":null,"notNullable":false,"unsigned":true},{"name":"updated_by_id","type":"integer","args":[],"defaultTo":null,"notNullable":false,"unsigned":true}]},{"name":"profiles","indexes":[{"name":"profiles_created_by_id_fk","columns":["created_by_id"]},{"name":"profiles_updated_by_id_fk","columns":["updated_by_id"]}],"foreignKeys":[{"name":"profiles_created_by_id_fk","columns":["created_by_id"],"referencedTable":"admin_users","referencedColumns":["id"],"onDelete":"SET NULL"},{"name":"profiles_updated_by_id_fk","columns":["updated_by_id"],"referencedTable":"admin_users","referencedColumns":["id"],"onDelete":"SET NULL"}],"columns":[{"name":"id","type":"increments","args":[{"primary":true,"primaryKey":true}],"defaultTo":null,"notNullable":true,"unsigned":false},{"name":"displayname","type":"string","args":[],"defaultTo":null,"notNullable":false,"unsigned":false},{"name":"userid","type":"integer","args":[],"defaultTo":null,"notNullable":false,"unsigned":false},{"name":"position","type":"string","args":[],"defaultTo":null,"notNullable":false,"unsigned":false},{"name":"givenname","type":"string","args":[],"defaultTo":null,"notNullable":false,"unsigned":false},{"name":"familyname","type":"string","args":[],"defaultTo":null,"notNullable":false,"unsigned":false},{"name":"profileuid","type":"string","args":[],"defaultTo":null,"notNullable":false,"unsigned":false},{"name":"firstaid","type":"boolean","args":[],"defaultTo":null,"notNullable":false,"unsigned":false},{"name":"created_at","type":"datetime","args":[{"useTz":false,"precision":6}],"defaultTo":null,"notNullable":false,"unsigned":false},{"name":"updated_at","type":"datetime","args":[{"useTz":false,"precision":6}],"defaultTo":null,"notNullable":false,"unsigned":false},{"name":"created_by_id","type":"integer","args":[],"defaultTo":null,"notNullable":false,"unsigned":true},{"name":"updated_by_id","type":"integer","args":[],"defaultTo":null,"notNullable":false,"unsigned":true}]},{"name":"rooms","indexes":[{"name":"rooms_created_by_id_fk","columns":["created_by_id"]},{"name":"rooms_updated_by_id_fk","columns":["updated_by_id"]}],"foreignKeys":[{"name":"rooms_created_by_id_fk","columns":["created_by_id"],"referencedTable":"admin_users","referencedColumns":["id"],"onDelete":"SET NULL"},{"name":"rooms_updated_by_id_fk","columns":["updated_by_id"],"referencedTable":"admin_users","referencedColumns":["id"],"onDelete":"SET NULL"}],"columns":[{"name":"id","type":"increments","args":[{"primary":true,"primaryKey":true}],"defaultTo":null,"notNullable":true,"unsigned":false},{"name":"roomname","type":"string","args":[],"defaultTo":null,"notNullable":false,"unsigned":false},{"name":"roomnumber","type":"string","args":[],"defaultTo":null,"notNullable":false,"unsigned":false},{"name":"publicid","type":"string","args":[],"defaultTo":null,"notNullable":false,"unsigned":false},{"name":"resourceurl","type":"string","args":[],"defaultTo":null,"notNullable":false,"unsigned":false},{"name":"floorid","type":"integer","args":[],"defaultTo":null,"notNullable":false,"unsigned":false},{"name":"created_at","type":"datetime","args":[{"useTz":false,"precision":6}],"defaultTo":null,"notNullable":false,"unsigned":false},{"name":"updated_at","type":"datetime","args":[{"useTz":false,"precision":6}],"defaultTo":null,"notNullable":false,"unsigned":false},{"name":"created_by_id","type":"integer","args":[],"defaultTo":null,"notNullable":false,"unsigned":true},{"name":"updated_by_id","type":"integer","args":[],"defaultTo":null,"notNullable":false,"unsigned":true}]},{"name":"schedules","indexes":[{"name":"schedules_created_by_id_fk","columns":["created_by_id"]},{"name":"schedules_updated_by_id_fk","columns":["updated_by_id"]}],"foreignKeys":[{"name":"schedules_created_by_id_fk","columns":["created_by_id"],"referencedTable":"admin_users","referencedColumns":["id"],"onDelete":"SET NULL"},{"name":"schedules_updated_by_id_fk","columns":["updated_by_id"],"referencedTable":"admin_users","referencedColumns":["id"],"onDelete":"SET NULL"}],"columns":[{"name":"id","type":"increments","args":[{"primary":true,"primaryKey":true}],"defaultTo":null,"notNullable":true,"unsigned":false},{"name":"eventname","type":"string","args":[],"defaultTo":null,"notNullable":false,"unsigned":false},{"name":"startdate","type":"datetime","args":[{"useTz":false,"precision":6}],"defaultTo":null,"notNullable":false,"unsigned":false},{"name":"enddate","type":"datetime","args":[{"useTz":false,"precision":6}],"defaultTo":null,"notNullable":false,"unsigned":false},{"name":"hide_name","type":"boolean","args":[],"defaultTo":null,"notNullable":false,"unsigned":false},{"name":"username","type":"string","args":[],"defaultTo":null,"notNullable":false,"unsigned":false},{"name":"roomid","type":"integer","args":[],"defaultTo":null,"notNullable":false,"unsigned":false},{"name":"workplaceid","type":"integer","args":[],"defaultTo":null,"notNullable":false,"unsigned":false},{"name":"userid","type":"integer","args":[],"defaultTo":null,"notNullable":false,"unsigned":false},{"name":"isended","type":"boolean","args":[],"defaultTo":null,"notNullable":false,"unsigned":false},{"name":"localstarttime","type":"string","args":[],"defaultTo":null,"notNullable":false,"unsigned":false},{"name":"localendtime","type":"string","args":[],"defaultTo":null,"notNullable":false,"unsigned":false},{"name":"unixstarttime","type":"bigInteger","args":[],"defaultTo":null,"notNullable":false,"unsigned":false},{"name":"unixendtime","type":"bigInteger","args":[],"defaultTo":null,"notNullable":false,"unsigned":false},{"name":"created_at","type":"datetime","args":[{"useTz":false,"precision":6}],"defaultTo":null,"notNullable":false,"unsigned":false},{"name":"updated_at","type":"datetime","args":[{"useTz":false,"precision":6}],"defaultTo":null,"notNullable":false,"unsigned":false},{"name":"created_by_id","type":"integer","args":[],"defaultTo":null,"notNullable":false,"unsigned":true},{"name":"updated_by_id","type":"integer","args":[],"defaultTo":null,"notNullable":false,"unsigned":true}]},{"name":"schedule_histories","indexes":[{"name":"schedule_histories_created_by_id_fk","columns":["created_by_id"]},{"name":"schedule_histories_updated_by_id_fk","columns":["updated_by_id"]}],"foreignKeys":[{"name":"schedule_histories_created_by_id_fk","columns":["created_by_id"],"referencedTable":"admin_users","referencedColumns":["id"],"onDelete":"SET NULL"},{"name":"schedule_histories_updated_by_id_fk","columns":["updated_by_id"],"referencedTable":"admin_users","referencedColumns":["id"],"onDelete":"SET NULL"}],"columns":[{"name":"id","type":"increments","args":[{"primary":true,"primaryKey":true}],"defaultTo":null,"notNullable":true,"unsigned":false},{"name":"eventname","type":"string","args":[],"defaultTo":null,"notNullable":false,"unsigned":false},{"name":"startdate","type":"datetime","args":[{"useTz":false,"precision":6}],"defaultTo":null,"notNullable":false,"unsigned":false},{"name":"enddate","type":"datetime","args":[{"useTz":false,"precision":6}],"defaultTo":null,"notNullable":false,"unsigned":false},{"name":"hide_name","type":"boolean","args":[],"defaultTo":null,"notNullable":false,"unsigned":false},{"name":"username","type":"string","args":[],"defaultTo":null,"notNullable":false,"unsigned":false},{"name":"roomid","type":"integer","args":[],"defaultTo":null,"notNullable":false,"unsigned":false},{"name":"workplaceid","type":"integer","args":[],"defaultTo":null,"notNullable":false,"unsigned":false},{"name":"userid","type":"integer","args":[],"defaultTo":null,"notNullable":false,"unsigned":false},{"name":"isended","type":"boolean","args":[],"defaultTo":null,"notNullable":false,"unsigned":false},{"name":"localstarttime","type":"string","args":[],"defaultTo":null,"notNullable":false,"unsigned":false},{"name":"localendtime","type":"string","args":[],"defaultTo":null,"notNullable":false,"unsigned":false},{"name":"unixstarttime","type":"bigInteger","args":[],"defaultTo":null,"notNullable":false,"unsigned":false},{"name":"unixendtime","type":"bigInteger","args":[],"defaultTo":null,"notNullable":false,"unsigned":false},{"name":"created_at","type":"datetime","args":[{"useTz":false,"precision":6}],"defaultTo":null,"notNullable":false,"unsigned":false},{"name":"updated_at","type":"datetime","args":[{"useTz":false,"precision":6}],"defaultTo":null,"notNullable":false,"unsigned":false},{"name":"created_by_id","type":"integer","args":[],"defaultTo":null,"notNullable":false,"unsigned":true},{"name":"updated_by_id","type":"integer","args":[],"defaultTo":null,"notNullable":false,"unsigned":true}]},{"name":"sensors","indexes":[{"name":"sensors_created_by_id_fk","columns":["created_by_id"]},{"name":"sensors_updated_by_id_fk","columns":["updated_by_id"]}],"foreignKeys":[{"name":"sensors_created_by_id_fk","columns":["created_by_id"],"referencedTable":"admin_users","referencedColumns":["id"],"onDelete":"SET NULL"},{"name":"sensors_updated_by_id_fk","columns":["updated_by_id"],"referencedTable":"admin_users","referencedColumns":["id"],"onDelete":"SET NULL"}],"columns":[{"name":"id","type":"increments","args":[{"primary":true,"primaryKey":true}],"defaultTo":null,"notNullable":true,"unsigned":false},{"name":"isavailable","type":"boolean","args":[],"defaultTo":null,"notNullable":false,"unsigned":false},{"name":"datasourceurl","type":"string","args":[],"defaultTo":null,"notNullable":false,"unsigned":false},{"name":"currentpayload","type":"jsonb","args":[],"defaultTo":null,"notNullable":false,"unsigned":false},{"name":"sensortype","type":"string","args":[],"defaultTo":null,"notNullable":false,"unsigned":false},{"name":"roomid","type":"integer","args":[],"defaultTo":null,"notNullable":false,"unsigned":false},{"name":"workplaceid","type":"integer","args":[],"defaultTo":null,"notNullable":false,"unsigned":false},{"name":"created_at","type":"datetime","args":[{"useTz":false,"precision":6}],"defaultTo":null,"notNullable":false,"unsigned":false},{"name":"updated_at","type":"datetime","args":[{"useTz":false,"precision":6}],"defaultTo":null,"notNullable":false,"unsigned":false},{"name":"created_by_id","type":"integer","args":[],"defaultTo":null,"notNullable":false,"unsigned":true},{"name":"updated_by_id","type":"integer","args":[],"defaultTo":null,"notNullable":false,"unsigned":true}]},{"name":"sensor_activities","indexes":[{"name":"sensor_activities_created_by_id_fk","columns":["created_by_id"]},{"name":"sensor_activities_updated_by_id_fk","columns":["updated_by_id"]}],"foreignKeys":[{"name":"sensor_activities_created_by_id_fk","columns":["created_by_id"],"referencedTable":"admin_users","referencedColumns":["id"],"onDelete":"SET NULL"},{"name":"sensor_activities_updated_by_id_fk","columns":["updated_by_id"],"referencedTable":"admin_users","referencedColumns":["id"],"onDelete":"SET NULL"}],"columns":[{"name":"id","type":"increments","args":[{"primary":true,"primaryKey":true}],"defaultTo":null,"notNullable":true,"unsigned":false},{"name":"deveui","type":"string","args":[],"defaultTo":null,"notNullable":false,"unsigned":false},{"name":"battery","type":"integer","args":[],"defaultTo":null,"notNullable":false,"unsigned":false},{"name":"eventtype","type":"string","args":[],"defaultTo":null,"notNullable":false,"unsigned":false},{"name":"buttonmode","type":"string","args":[],"defaultTo":null,"notNullable":false,"unsigned":false},{"name":"sensortime","type":"datetime","args":[{"useTz":false,"precision":6}],"defaultTo":null,"notNullable":false,"unsigned":false},{"name":"motioncheck","type":"integer","args":[],"defaultTo":null,"notNullable":false,"unsigned":false},{"name":"motioninterval","type":"integer","args":[],"defaultTo":null,"notNullable":false,"unsigned":false},{"name":"motiontreshold","type":"integer","args":[],"defaultTo":null,"notNullable":false,"unsigned":false},{"name":"created_at","type":"datetime","args":[{"useTz":false,"precision":6}],"defaultTo":null,"notNullable":false,"unsigned":false},{"name":"updated_at","type":"datetime","args":[{"useTz":false,"precision":6}],"defaultTo":null,"notNullable":false,"unsigned":false},{"name":"created_by_id","type":"integer","args":[],"defaultTo":null,"notNullable":false,"unsigned":true},{"name":"updated_by_id","type":"integer","args":[],"defaultTo":null,"notNullable":false,"unsigned":true}]},{"name":"workplaces","indexes":[{"name":"workplaces_created_by_id_fk","columns":["created_by_id"]},{"name":"workplaces_updated_by_id_fk","columns":["updated_by_id"]}],"foreignKeys":[{"name":"workplaces_created_by_id_fk","columns":["created_by_id"],"referencedTable":"admin_users","referencedColumns":["id"],"onDelete":"SET NULL"},{"name":"workplaces_updated_by_id_fk","columns":["updated_by_id"],"referencedTable":"admin_users","referencedColumns":["id"],"onDelete":"SET NULL"}],"columns":[{"name":"id","type":"increments","args":[{"primary":true,"primaryKey":true}],"defaultTo":null,"notNullable":true,"unsigned":false},{"name":"workplacename","type":"string","args":[],"defaultTo":null,"notNullable":false,"unsigned":false},{"name":"workplaceno","type":"string","args":[],"defaultTo":null,"notNullable":false,"unsigned":false},{"name":"publicid","type":"string","args":[],"defaultTo":null,"notNullable":false,"unsigned":false},{"name":"resourceurl","type":"string","args":[],"defaultTo":null,"notNullable":false,"unsigned":false},{"name":"floorid","type":"integer","args":[],"defaultTo":null,"notNullable":false,"unsigned":false},{"name":"roomid","type":"integer","args":[],"defaultTo":null,"notNullable":false,"unsigned":false},{"name":"sensordeveui","type":"string","args":[],"defaultTo":null,"notNullable":false,"unsigned":false},{"name":"hasassigned","type":"boolean","args":[],"defaultTo":null,"notNullable":false,"unsigned":false},{"name":"assigneduserid","type":"integer","args":[],"defaultTo":null,"notNullable":false,"unsigned":false},{"name":"mapattrid","type":"string","args":[],"defaultTo":null,"notNullable":false,"unsigned":false},{"name":"created_at","type":"datetime","args":[{"useTz":false,"precision":6}],"defaultTo":null,"notNullable":false,"unsigned":false},{"name":"updated_at","type":"datetime","args":[{"useTz":false,"precision":6}],"defaultTo":null,"notNullable":false,"unsigned":false},{"name":"created_by_id","type":"integer","args":[],"defaultTo":null,"notNullable":false,"unsigned":true},{"name":"updated_by_id","type":"integer","args":[],"defaultTo":null,"notNullable":false,"unsigned":true}]},{"name":"admin_permissions_role_links","indexes":[{"name":"admin_permissions_role_links_fk","columns":["permission_id"]},{"name":"admin_permissions_role_links_inv_fk","columns":["role_id"]}],"foreignKeys":[{"name":"admin_permissions_role_links_fk","columns":["permission_id"],"referencedColumns":["id"],"referencedTable":"admin_permissions","onDelete":"CASCADE"},{"name":"admin_permissions_role_links_inv_fk","columns":["role_id"],"referencedColumns":["id"],"referencedTable":"admin_roles","onDelete":"CASCADE"}],"columns":[{"name":"id","type":"increments","args":[{"primary":true,"primaryKey":true}],"defaultTo":null,"notNullable":true,"unsigned":false},{"name":"permission_id","type":"integer","args":[],"defaultTo":null,"notNullable":false,"unsigned":true},{"name":"role_id","type":"integer","args":[],"defaultTo":null,"notNullable":false,"unsigned":true}]},{"name":"admin_users_roles_links","indexes":[{"name":"admin_users_roles_links_fk","columns":["user_id"]},{"name":"admin_users_roles_links_inv_fk","columns":["role_id"]}],"foreignKeys":[{"name":"admin_users_roles_links_fk","columns":["user_id"],"referencedColumns":["id"],"referencedTable":"admin_users","onDelete":"CASCADE"},{"name":"admin_users_roles_links_inv_fk","columns":["role_id"],"referencedColumns":["id"],"referencedTable":"admin_roles","onDelete":"CASCADE"}],"columns":[{"name":"id","type":"increments","args":[{"primary":true,"primaryKey":true}],"defaultTo":null,"notNullable":true,"unsigned":false},{"name":"user_id","type":"integer","args":[],"defaultTo":null,"notNullable":false,"unsigned":true},{"name":"role_id","type":"integer","args":[],"defaultTo":null,"notNullable":false,"unsigned":true}]},{"name":"strapi_api_token_permissions_token_links","indexes":[{"name":"strapi_api_token_permissions_token_links_fk","columns":["api_token_permission_id"]},{"name":"strapi_api_token_permissions_token_links_inv_fk","columns":["api_token_id"]}],"foreignKeys":[{"name":"strapi_api_token_permissions_token_links_fk","columns":["api_token_permission_id"],"referencedColumns":["id"],"referencedTable":"strapi_api_token_permissions","onDelete":"CASCADE"},{"name":"strapi_api_token_permissions_token_links_inv_fk","columns":["api_token_id"],"referencedColumns":["id"],"referencedTable":"strapi_api_tokens","onDelete":"CASCADE"}],"columns":[{"name":"id","type":"increments","args":[{"primary":true,"primaryKey":true}],"defaultTo":null,"notNullable":true,"unsigned":false},{"name":"api_token_permission_id","type":"integer","args":[],"defaultTo":null,"notNullable":false,"unsigned":true},{"name":"api_token_id","type":"integer","args":[],"defaultTo":null,"notNullable":false,"unsigned":true}]},{"name":"files_related_morphs","indexes":[{"name":"files_related_morphs_fk","columns":["file_id"]}],"foreignKeys":[{"name":"files_related_morphs_fk","columns":["file_id"],"referencedColumns":["id"],"referencedTable":"files","onDelete":"CASCADE"}],"columns":[{"name":"id","type":"increments","args":[{"primary":true,"primaryKey":true}],"defaultTo":null,"notNullable":true,"unsigned":false},{"name":"file_id","type":"integer","args":[],"defaultTo":null,"notNullable":false,"unsigned":true},{"name":"related_id","type":"integer","args":[],"defaultTo":null,"notNullable":false,"unsigned":true},{"name":"related_type","type":"string","args":[],"defaultTo":null,"notNullable":false,"unsigned":false},{"name":"field","type":"string","args":[],"defaultTo":null,"notNullable":false,"unsigned":false},{"name":"order","type":"integer","args":[],"defaultTo":null,"notNullable":false,"unsigned":true}]},{"name":"files_folder_links","indexes":[{"name":"files_folder_links_fk","columns":["file_id"]},{"name":"files_folder_links_inv_fk","columns":["folder_id"]}],"foreignKeys":[{"name":"files_folder_links_fk","columns":["file_id"],"referencedColumns":["id"],"referencedTable":"files","onDelete":"CASCADE"},{"name":"files_folder_links_inv_fk","columns":["folder_id"],"referencedColumns":["id"],"referencedTable":"upload_folders","onDelete":"CASCADE"}],"columns":[{"name":"id","type":"increments","args":[{"primary":true,"primaryKey":true}],"defaultTo":null,"notNullable":true,"unsigned":false},{"name":"file_id","type":"integer","args":[],"defaultTo":null,"notNullable":false,"unsigned":true},{"name":"folder_id","type":"integer","args":[],"defaultTo":null,"notNullable":false,"unsigned":true}]},{"name":"upload_folders_parent_links","indexes":[{"name":"upload_folders_parent_links_fk","columns":["folder_id"]},{"name":"upload_folders_parent_links_inv_fk","columns":["inv_folder_id"]}],"foreignKeys":[{"name":"upload_folders_parent_links_fk","columns":["folder_id"],"referencedColumns":["id"],"referencedTable":"upload_folders","onDelete":"CASCADE"},{"name":"upload_folders_parent_links_inv_fk","columns":["inv_folder_id"],"referencedColumns":["id"],"referencedTable":"upload_folders","onDelete":"CASCADE"}],"columns":[{"name":"id","type":"increments","args":[{"primary":true,"primaryKey":true}],"defaultTo":null,"notNullable":true,"unsigned":false},{"name":"folder_id","type":"integer","args":[],"defaultTo":null,"notNullable":false,"unsigned":true},{"name":"inv_folder_id","type":"integer","args":[],"defaultTo":null,"notNullable":false,"unsigned":true}]},{"name":"up_permissions_role_links","indexes":[{"name":"up_permissions_role_links_fk","columns":["permission_id"]},{"name":"up_permissions_role_links_inv_fk","columns":["role_id"]}],"foreignKeys":[{"name":"up_permissions_role_links_fk","columns":["permission_id"],"referencedColumns":["id"],"referencedTable":"up_permissions","onDelete":"CASCADE"},{"name":"up_permissions_role_links_inv_fk","columns":["role_id"],"referencedColumns":["id"],"referencedTable":"up_roles","onDelete":"CASCADE"}],"columns":[{"name":"id","type":"increments","args":[{"primary":true,"primaryKey":true}],"defaultTo":null,"notNullable":true,"unsigned":false},{"name":"permission_id","type":"integer","args":[],"defaultTo":null,"notNullable":false,"unsigned":true},{"name":"role_id","type":"integer","args":[],"defaultTo":null,"notNullable":false,"unsigned":true}]},{"name":"up_users_role_links","indexes":[{"name":"up_users_role_links_fk","columns":["user_id"]},{"name":"up_users_role_links_inv_fk","columns":["role_id"]}],"foreignKeys":[{"name":"up_users_role_links_fk","columns":["user_id"],"referencedColumns":["id"],"referencedTable":"up_users","onDelete":"CASCADE"},{"name":"up_users_role_links_inv_fk","columns":["role_id"],"referencedColumns":["id"],"referencedTable":"up_roles","onDelete":"CASCADE"}],"columns":[{"name":"id","type":"increments","args":[{"primary":true,"primaryKey":true}],"defaultTo":null,"notNullable":true,"unsigned":false},{"name":"user_id","type":"integer","args":[],"defaultTo":null,"notNullable":false,"unsigned":true},{"name":"role_id","type":"integer","args":[],"defaultTo":null,"notNullable":false,"unsigned":true}]}]}	2022-10-05 10:23:11.009	436f477224195b37bc1446b29e9737aa
\.


--
-- Data for Name: strapi_migrations; Type: TABLE DATA; Schema: public; Owner: -
--

COPY public.strapi_migrations (id, name, "time") FROM stdin;
\.


--
-- Data for Name: strapi_webhooks; Type: TABLE DATA; Schema: public; Owner: -
--

COPY public.strapi_webhooks (id, name, url, headers, events, enabled) FROM stdin;
\.


--
-- Data for Name: up_permissions; Type: TABLE DATA; Schema: public; Owner: -
--

COPY public.up_permissions (id, action, created_at, updated_at, created_by_id, updated_by_id) FROM stdin;
1	plugin::users-permissions.auth.connect	2022-02-03 18:13:01.094	2022-02-03 18:13:01.094	\N	\N
2	plugin::users-permissions.user.me	2022-02-03 18:13:01.094	2022-02-03 18:13:01.094	\N	\N
6	plugin::users-permissions.auth.connect	2022-02-03 18:13:01.104	2022-02-03 18:13:01.104	\N	\N
5	plugin::users-permissions.auth.callback	2022-02-03 18:13:01.104	2022-02-03 18:13:01.104	\N	\N
9	plugin::users-permissions.user.me	2022-02-03 18:13:01.104	2022-02-03 18:13:01.104	\N	\N
11	plugin::users-permissions.auth.register	2022-02-03 18:13:01.104	2022-02-03 18:13:01.104	\N	\N
12	api::floor.custom-floor.getFloorByPublicId	2022-02-27 17:53:49.5	2022-02-27 17:53:49.5	\N	\N
13	api::room.custom-room.getRoomByPublicId	2022-02-27 17:53:49.5	2022-02-27 17:53:49.5	\N	\N
14	api::floor.floor.findOne	2022-02-27 17:53:49.5	2022-02-27 17:53:49.5	\N	\N
15	api::room.room.find	2022-02-27 17:53:49.5	2022-02-27 17:53:49.5	\N	\N
16	api::room.room.findOne	2022-02-27 17:53:49.5	2022-02-27 17:53:49.5	\N	\N
17	api::schedule.schedule.find	2022-02-27 17:53:49.5	2022-02-27 17:53:49.5	\N	\N
18	api::schedule.schedule.findOne	2022-02-27 17:53:49.5	2022-02-27 17:53:49.5	\N	\N
20	api::workplace.custom-workplace.getWorkplaceByPublicId	2022-02-27 17:53:49.5	2022-02-27 17:53:49.5	\N	\N
21	api::workplace.workplace.findOne	2022-02-27 17:53:49.5	2022-02-27 17:53:49.5	\N	\N
22	api::schedule.schedule.create	2022-02-27 17:53:49.5	2022-02-27 17:53:49.5	\N	\N
23	api::workplace.workplace.find	2022-02-27 17:53:49.5	2022-02-27 17:53:49.5	\N	\N
25	api::floor.custom-floor.getFloorByPublicId	2022-03-04 12:02:03.687	2022-03-04 12:02:03.687	\N	\N
26	api::floor.floor.create	2022-03-04 12:02:03.687	2022-03-04 12:02:03.687	\N	\N
27	api::floor.floor.find	2022-03-04 12:02:03.688	2022-03-04 12:02:03.688	\N	\N
28	api::floor.floor.findOne	2022-03-04 12:02:03.688	2022-03-04 12:02:03.688	\N	\N
29	api::floor.floor.update	2022-03-04 12:02:03.688	2022-03-04 12:02:03.688	\N	\N
30	api::floor.floor.delete	2022-03-04 12:02:03.688	2022-03-04 12:02:03.688	\N	\N
31	api::room.custom-room.getRoomByPublicId	2022-03-04 12:02:03.688	2022-03-04 12:02:03.688	\N	\N
32	api::room.room.create	2022-03-04 12:02:03.688	2022-03-04 12:02:03.688	\N	\N
33	api::room.room.find	2022-03-04 12:02:03.688	2022-03-04 12:02:03.688	\N	\N
34	api::room.room.findOne	2022-03-04 12:02:03.688	2022-03-04 12:02:03.688	\N	\N
35	api::room.room.delete	2022-03-04 12:02:03.688	2022-03-04 12:02:03.688	\N	\N
36	api::room.room.update	2022-03-04 12:02:03.688	2022-03-04 12:02:03.688	\N	\N
37	api::schedule.schedule.find	2022-03-04 12:02:03.688	2022-03-04 12:02:03.688	\N	\N
38	api::schedule.schedule.delete	2022-03-04 12:02:03.688	2022-03-04 12:02:03.688	\N	\N
39	api::schedule.schedule.update	2022-03-04 12:02:03.688	2022-03-04 12:02:03.688	\N	\N
44	api::schedule.schedule.create	2022-03-04 12:02:03.688	2022-03-04 12:02:03.688	\N	\N
45	api::schedule.schedule.findOne	2022-03-04 12:02:03.688	2022-03-04 12:02:03.688	\N	\N
46	api::workplace.workplace.create	2022-03-04 12:02:03.688	2022-03-04 12:02:03.688	\N	\N
47	api::workplace.custom-workplace.getWorkplaceByPublicId	2022-03-04 12:02:03.688	2022-03-04 12:02:03.688	\N	\N
49	api::workplace.workplace.find	2022-03-04 12:02:03.688	2022-03-04 12:02:03.688	\N	\N
50	api::workplace.workplace.update	2022-03-04 12:02:03.688	2022-03-04 12:02:03.688	\N	\N
51	api::workplace.workplace.delete	2022-03-04 12:02:03.688	2022-03-04 12:02:03.688	\N	\N
52	api::workplace.workplace.findOne	2022-03-04 12:02:03.688	2022-03-04 12:02:03.688	\N	\N
53	api::floor.floor.find	2022-03-09 01:50:11.302	2022-03-09 01:50:11.302	\N	\N
54	api::floor.custom-floor.getAllFloorWorkplaceStatus	2022-03-11 10:25:47.282	2022-03-11 10:25:47.282	\N	\N
55	api::profile.profile.find	2022-03-11 17:46:08.464	2022-03-11 17:46:08.464	\N	\N
56	api::floor.custom-floor.getAllFloorWorkplaceStatus	2022-03-11 17:46:08.464	2022-03-11 17:46:08.464	\N	\N
57	api::profile.profile.findOne	2022-03-11 17:46:08.464	2022-03-11 17:46:08.464	\N	\N
58	api::profile.profile.create	2022-03-11 17:46:08.464	2022-03-11 17:46:08.464	\N	\N
59	api::profile.profile.update	2022-03-11 17:46:08.464	2022-03-11 17:46:08.464	\N	\N
60	api::profile.profile.delete	2022-03-11 17:46:08.464	2022-03-11 17:46:08.464	\N	\N
61	api::workplace.custom-workplace.checkScheduleBooking	2022-03-11 17:46:08.464	2022-03-11 17:46:08.464	\N	\N
62	api::workplace.custom-workplace.checkScheduleBooking	2022-03-11 17:46:39.078	2022-03-11 17:46:39.078	\N	\N
63	api::floor.custom-floor.countAllAvailableWorkspaces	2022-03-26 13:37:59.861	2022-03-26 13:37:59.861	\N	\N
64	api::sensor-activity.sensor-activity.create	2022-03-27 07:39:19.102	2022-03-27 07:39:19.102	\N	\N
65	api::sensor-activity.sensor-activity.find	2022-03-27 07:39:19.102	2022-03-27 07:39:19.102	\N	\N
66	api::sensor-activity.sensor-activity.update	2022-03-27 07:39:19.102	2022-03-27 07:39:19.102	\N	\N
67	api::sensor-activity.sensor-activity.findOne	2022-03-27 07:39:19.102	2022-03-27 07:39:19.102	\N	\N
68	api::workplace.custom-workplace.getUserBookedWorkplaces	2022-04-25 23:13:26.35	2022-04-25 23:13:26.35	\N	\N
70	api::profile.profile.findOne	2022-06-02 09:53:44.509	2022-06-02 09:53:44.509	\N	\N
71	api::profile.profile.find	2022-06-02 09:53:44.509	2022-06-02 09:53:44.509	\N	\N
69	api::profile.profile.getProfileBookedSchedules	2022-06-02 09:53:44.509	2022-06-02 09:53:44.509	\N	\N
73	api::workplace.custom-workplace.endUserScheduledBooking	2022-06-02 09:53:55.375	2022-06-02 09:53:55.375	\N	\N
72	api::workplace.custom-workplace.getUserProfileBookingSchedule	2022-06-02 09:53:55.375	2022-06-02 09:53:55.375	\N	\N
74	plugin::users-permissions.user.update	2022-06-02 09:54:16.203	2022-06-02 09:54:16.203	\N	\N
75	api::data-analysis.custom-data-analysis.getMonthBookingTimesByUser	2022-06-05 16:13:01.76	2022-06-05 16:13:01.76	\N	\N
76	api::data-analysis.custom-data-analysis.getUserMonthlyOnTimeCounts	2022-06-05 16:13:01.76	2022-06-05 16:13:01.76	\N	\N
81	api::data-analysis.custom-data-analysis.getRoomBookingCountByMonthYear	2022-06-05 16:13:01.76	2022-06-05 16:13:01.76	\N	\N
77	api::data-analysis.custom-data-analysis.getMonthlyBookingMinutesByUser	2022-06-05 16:13:01.76	2022-06-05 16:13:01.76	\N	\N
83	api::data-analysis.custom-data-analysis.getUserDetail	2022-06-05 16:13:01.76	2022-06-05 16:13:01.76	\N	\N
78	api::data-analysis.custom-data-analysis.searchRoomBookingCountByFloorMonthYear	2022-06-05 16:13:01.76	2022-06-05 16:13:01.76	\N	\N
79	api::data-analysis.custom-data-analysis.getAllUserBookingMintuesByMonthYear	2022-06-05 16:13:01.76	2022-06-05 16:13:01.76	\N	\N
84	api::data-analysis.custom-data-analysis.getYears	2022-06-05 16:13:01.76	2022-06-05 16:13:01.76	\N	\N
80	api::data-analysis.custom-data-analysis.getOneUserWorkplacesBookingCountByIdYear	2022-06-05 16:13:01.76	2022-06-05 16:13:01.76	\N	\N
82	api::data-analysis.custom-data-analysis.getWorkplaceBookingCountByMonthYear	2022-06-05 16:13:01.76	2022-06-05 16:13:01.76	\N	\N
85	api::profile.profile.getProfileBookedSchedules	2022-06-05 16:13:09.622	2022-06-05 16:13:09.622	\N	\N
87	api::workplace.custom-workplace.endUserScheduledBooking	2022-06-05 16:13:22.546	2022-06-05 16:13:22.546	\N	\N
88	api::workplace.custom-workplace.getUserBookedWorkplaces	2022-06-05 16:13:22.546	2022-06-05 16:13:22.546	\N	\N
86	api::workplace.custom-workplace.getUserProfileBookingSchedule	2022-06-05 16:13:22.546	2022-06-05 16:13:22.546	\N	\N
89	api::data-analysis.custom-data-analysis.getYears	2022-06-05 16:13:44.466	2022-06-05 16:13:44.466	\N	\N
90	api::data-analysis.custom-data-analysis.getUserDetail	2022-06-05 16:13:44.466	2022-06-05 16:13:44.466	\N	\N
91	api::data-analysis.custom-data-analysis.getMonthBookingTimesByUser	2022-06-05 16:13:44.466	2022-06-05 16:13:44.466	\N	\N
92	api::data-analysis.custom-data-analysis.getUserMonthlyOnTimeCounts	2022-06-05 16:13:44.466	2022-06-05 16:13:44.466	\N	\N
93	api::data-analysis.custom-data-analysis.getMonthlyBookingMinutesByUser	2022-06-05 16:13:44.466	2022-06-05 16:13:44.466	\N	\N
94	api::data-analysis.custom-data-analysis.getAllUserBookingMintuesByMonthYear	2022-06-05 16:13:44.466	2022-06-05 16:13:44.466	\N	\N
95	api::data-analysis.custom-data-analysis.getRoomBookingCountByMonthYear	2022-06-05 16:13:44.466	2022-06-05 16:13:44.466	\N	\N
96	api::data-analysis.custom-data-analysis.searchRoomBookingCountByFloorMonthYear	2022-06-05 16:13:44.466	2022-06-05 16:13:44.466	\N	\N
97	api::data-analysis.custom-data-analysis.getWorkplaceBookingCountByMonthYear	2022-06-05 16:13:44.466	2022-06-05 16:13:44.466	\N	\N
98	api::data-analysis.custom-data-analysis.getOneUserWorkplacesBookingCountByIdYear	2022-06-05 16:13:44.466	2022-06-05 16:13:44.466	\N	\N
99	api::schedule-history.schedule-history.findOne	2022-06-07 20:40:29.284	2022-06-07 20:40:29.284	\N	\N
100	api::schedule-history.schedule-history.find	2022-06-07 20:40:29.284	2022-06-07 20:40:29.284	\N	\N
101	api::activity-history.activity-history.findOne	2022-06-07 20:40:48.989	2022-06-07 20:40:48.989	\N	\N
102	api::floor.custom-floor.countAllAvailableWorkspaces	2022-06-07 20:40:48.989	2022-06-07 20:40:48.989	\N	\N
103	api::schedule-history.schedule-history.find	2022-06-07 20:40:48.989	2022-06-07 20:40:48.989	\N	\N
104	api::schedule-history.schedule-history.findOne	2022-06-07 20:40:48.989	2022-06-07 20:40:48.989	\N	\N
105	api::schedule-history.schedule-history.create	2022-06-07 20:40:48.989	2022-06-07 20:40:48.989	\N	\N
106	api::schedule-history.schedule-history.update	2022-06-07 20:40:48.989	2022-06-07 20:40:48.989	\N	\N
107	api::schedule-history.schedule-history.delete	2022-06-07 20:40:48.989	2022-06-07 20:40:48.989	\N	\N
108	api::activity-history.activity-history.find	2022-06-07 20:40:48.989	2022-06-07 20:40:48.989	\N	\N
110	api::floor.custom-floor.getFloorUserBookings	2022-06-19 21:26:17.192	2022-06-19 21:26:17.192	\N	\N
111	api::floor.custom-floor.getFloorUserBookings	2022-06-19 21:26:22.24	2022-06-19 21:26:22.24	\N	\N
112	plugin::users-permissions.user.update	2022-06-19 21:26:25.543	2022-06-19 21:26:25.543	\N	\N
113	api::workplace.custom-workplace.checkUpdateScheduleBooking	2022-06-22 14:31:42.15	2022-06-22 14:31:42.15	\N	\N
114	api::workplace.custom-workplace.updateUserBooking	2022-06-22 14:31:42.15	2022-06-22 14:31:42.15	\N	\N
115	api::workplace.custom-workplace.checkPossibleEndTime	2022-06-22 14:31:42.15	2022-06-22 14:31:42.15	\N	\N
116	api::workplace.custom-workplace.checkPossibleEndTime	2022-06-22 14:32:24.956	2022-06-22 14:32:24.956	\N	\N
117	api::workplace.custom-workplace.updateUserBooking	2022-06-22 14:32:24.956	2022-06-22 14:32:24.956	\N	\N
118	api::workplace.custom-workplace.checkUpdateScheduleBooking	2022-06-22 14:32:24.956	2022-06-22 14:32:24.956	\N	\N
119	api::floor.custom-floor.getAllUserBookings	2022-06-24 07:18:06.949	2022-06-24 07:18:06.949	\N	\N
120	api::floor.custom-floor.getAllUserBookings	2022-06-24 07:18:17.913	2022-06-24 07:18:17.913	\N	\N
121	api::profile.profile.manualResetUserPassword	2022-08-11 23:31:40.788	2022-08-11 23:31:40.788	\N	\N
122	plugin::users-permissions.user.findOne	2022-08-11 23:31:47.051	2022-08-11 23:31:47.051	\N	\N
123	api::profile.profile.getProfileEmail	2022-08-11 23:34:23.462	2022-08-11 23:34:23.462	\N	\N
124	api::workplace.custom-workplace.checkConflictBooking	2022-08-28 21:34:58.42	2022-08-28 21:34:58.42	\N	\N
125	api::profile.profile.getProfileEmail	2022-08-28 21:35:30.665	2022-08-28 21:35:30.665	\N	\N
126	api::profile.profile.manualResetUserPassword	2022-08-28 21:35:30.665	2022-08-28 21:35:30.665	\N	\N
127	api::workplace.custom-workplace.checkConflictBooking	2022-08-28 21:35:30.665	2022-08-28 21:35:30.665	\N	\N
128	api::workplace.custom-workplace.checkConflictUpdateBooking	2022-09-21 09:46:42.604	2022-09-21 09:46:42.604	\N	\N
\.


--
-- Data for Name: up_permissions_role_links; Type: TABLE DATA; Schema: public; Owner: -
--

COPY public.up_permissions_role_links (permission_id, role_id, id) FROM stdin;
1	1	1
2	1	2
5	2	3
11	2	4
9	2	5
6	2	6
12	2	7
14	2	8
13	2	9
15	2	10
16	2	11
17	2	12
18	2	13
20	2	14
21	2	15
23	2	16
22	2	17
25	1	18
26	1	19
27	1	20
28	1	21
30	1	22
29	1	23
31	1	24
32	1	25
33	1	26
37	1	27
34	1	28
36	1	29
38	1	30
35	1	31
39	1	32
44	1	33
46	1	34
47	1	35
45	1	36
49	1	37
50	1	38
52	1	39
51	1	40
53	2	41
54	2	42
56	1	43
55	1	44
57	1	45
59	1	46
60	1	47
58	1	48
61	1	49
62	2	50
63	2	51
64	2	52
66	2	53
65	2	54
67	2	55
68	2	56
70	2	57
71	2	58
69	2	59
73	2	60
72	2	61
74	2	62
76	1	63
78	1	64
80	1	65
81	1	66
83	1	67
75	1	68
79	1	69
82	1	70
84	1	71
77	1	72
85	1	73
87	1	74
86	1	75
88	1	76
89	2	77
91	2	78
90	2	79
92	2	80
93	2	81
94	2	82
95	2	83
96	2	84
97	2	85
98	2	86
99	2	87
100	2	88
102	1	89
101	1	90
104	1	91
105	1	92
103	1	93
106	1	94
107	1	95
108	1	96
110	2	97
111	1	98
112	1	99
113	1	100
114	1	101
115	1	102
116	2	103
117	2	104
118	2	105
119	1	106
120	2	107
121	2	108
122	2	109
123	2	110
124	2	111
125	1	112
126	1	113
127	1	114
128	1	115
\.


--
-- Data for Name: up_roles; Type: TABLE DATA; Schema: public; Owner: -
--

COPY public.up_roles (id, name, description, type, created_at, updated_at, created_by_id, updated_by_id) FROM stdin;
2	Public	Default role given to unauthenticated user.	public	2022-02-03 18:13:01.081	2022-08-28 21:34:58.41	\N	\N
1	Authenticated	Default role given to authenticated user.	authenticated	2022-02-03 18:13:01.075	2022-09-21 09:53:09.681	\N	\N
\.


--
-- Data for Name: up_users; Type: TABLE DATA; Schema: public; Owner: -
--

COPY public.up_users (id, username, email, provider, password, reset_password_token, confirmation_token, confirmed, blocked, created_at, updated_at, created_by_id, updated_by_id, displayname, familyname, givenname) FROM stdin;
53	qZiX8sXZWL	haito.senti@zh.ch	local	$2a$10$3hyoFgg94nKVAo9PvVF.vuGbOFiod0STcnpDUrZV6BVXZeTXNxsQq	\N	\N	t	f	2022-06-30 04:11:37.655	2022-06-30 04:11:37.655	\N	\N	Haito  Senti	Senti	Haito 
56	FA4GBsbajV	christian.steinemann@zh.ch	local	$2a$10$JKGVeAdft9PMULD0Rkx6S.FSsVmbTK0nHmPh75msLmGlAB5QJK1JC	\N	\N	t	f	2022-07-01 10:29:22.59	2022-07-01 10:29:22.59	\N	\N	Christian Steinemann	Steinemann	Christian
57	WAQY-dl3wf	robert.hildebrandt@zh.ch	local	$2a$10$jcKfMcKQKWnZEyjNW8edAuXEifJlt/O.Xpr0roznV6NVIBFbYINAS	\N	\N	t	f	2022-07-04 07:24:32.967	2022-07-04 07:24:32.967	\N	\N	Robert Hildebrandt	Hildebrandt	Robert
58	xpv_-23gw8	guido.schlegel@zh.ch	local	$2a$10$vhtlRP3Ne.1ATmoTB9u9peaqdfTp9ag0uzIrej0dIlsnzjx.N5Aga	\N	\N	t	f	2022-07-04 12:36:09.461	2022-07-04 12:36:09.461	\N	\N	Guido Schlegel	Schlegel	Guido
59	rg9DjZl_GO	roland.ertl@zh.ch	local	$2a$10$FugM0liqhyBmRwKQRoI.euHK6cLf3j2Npwq4YnzAOUgNVKjZZsYtW	\N	\N	t	f	2022-07-05 09:50:09.402	2022-07-05 09:50:09.402	\N	\N	Roland Ertl	Ertl	Roland
60	3uG515wpnT	li.sulejmanagic@zh.ch	local	$2a$10$lbrT0rdWtfoRVYulZuOerO4DSWtIk4lvAMd1qxLDxGT3rDnkQLoiu	\N	\N	t	f	2022-07-07 11:10:34.259	2022-07-07 11:10:34.259	\N	\N	Li Sulejmanagic	Sulejmanagic	Li
77	w4Kw0nSowe	andre.mischler@zh.ch	local	$2a$10$nfvXY0wZarPJyD6zF1aRue9ec7DP6sO3yZ3JsFF0ysq05XUWBNNSW	\N	\N	t	f	2022-07-25 07:36:21.888	2022-07-25 07:36:21.888	\N	\N	André Mischler	Mischler	André
52	cqV9ltjycr	marc.egli@oldfuture.ch	local	$2a$10$JP9CJ5yARomXwt9J7cNnk.Um11NtN60FAZXW1Rc8hVT77vuFZwc5S	\N	\N	t	f	2022-06-29 09:38:16.104	2022-10-06 09:38:11.043	\N	1	Marc Egli	Egli	Marc
61	r9bPkeudvs	sandra.ruettimann@zh.ch	local	$2a$10$of1aZFtJsODFYda4ZtEPyOl0D/se57pQ2LR3k8JzooRKB2brf0kw6	\N	\N	t	f	2022-07-14 11:23:47.641	2022-07-14 11:39:53.346	\N	\N	Sandra  Rüttimann	Rüttimann	Sandra 
62	x-gb8jNHz2	michael.buntefuss@zh.ch	local	$2a$10$LEXGj69J6HZHNJ24/ipV6.DcZifs2jWYdA.9Dklp7ipEP3mjl55xy	\N	\N	t	f	2022-07-15 06:21:53.13	2022-07-15 06:21:53.13	\N	\N	Michael  Buntefuss 	Buntefuss 	Michael 
63	UM1GJWbBPw	steven.darcy@zh.ch	local	$2a$10$oXGuU1YkFzeGm3r.ZJH/Buunrr8gXFxaZNWD6IykHDBK1TF2oXUsa	\N	\N	t	f	2022-07-15 06:26:29.836	2022-07-15 06:26:29.836	\N	\N	Steven Darcy	Darcy	Steven
64	yxpypfXNfz	sascha.korritter@zh.ch	local	$2a$10$WFEG6ETL9RJdD.qJe2Wtq.Nk4uAwc81T68dwNBCDmNTTl.G/ew6/u	\N	\N	t	f	2022-07-15 07:50:54.98	2022-07-15 07:50:54.98	\N	\N	Sascha Korritter	Korritter	Sascha
83	5f6rjLdgLj	michael.rathgeb@zh.ch	local	$2a$10$w0c3aoV2g36ghwr3/FJ2XujVLCcM4zEcAG8XcF7xkTJOM/K2wPlQa	\N	\N	t	f	2022-08-04 11:43:15.297	2022-08-04 11:43:15.297	\N	\N	Michael Rathgeb	Rathgeb	Michael
65	Z_lmVwC-f-	thomas.weller@zh.ch	local	$2a$10$3zTI87ygT/F7zMQTYaAEbezZV/puvyZn5UATIPVx8QWnV3E3vVy1W	\N	\N	t	f	2022-07-15 10:41:48.801	2022-07-15 10:41:48.801	\N	\N	Thomas Weller	Weller	Thomas
66	QqQnw1eDtm	joerg.poell@zh.ch	local	$2a$10$2wLbMecemc2sLWSxPZOVkelsnw1vSJLKHy11ehEoVCKlDWi9yCCxq	\N	\N	t	f	2022-07-18 05:42:25.072	2022-07-18 05:42:25.072	\N	\N	Jörg Poell	Poell	Jörg
68	23U9fLR9wT	marco.flueckiger@zh.ch	local	$2a$10$YM3Hl2gMdBBn9srFhGNoiesfjHtj1SVOEyvQRq5fvtoDpJmjNk9qq	\N	\N	t	f	2022-07-18 07:52:14.717	2022-07-18 07:52:14.717	\N	\N	Marco Flückiger	Flückiger	Marco
69	OSM68v_71i	rolf.boesiger@zh.ch	local	$2a$10$x67x8dugL/YAcA0fjYwh..S.MU//PHY5jgKa9b3novEV8ASYpuQVG	\N	\N	t	f	2022-07-18 07:57:51.851	2022-07-18 07:57:51.851	\N	\N	Rolf Bösiger	Bösiger	Rolf
72	wyY4MsTjHm	carolin.rath@zh.ch	local	$2a$10$4DwYCsDHYXh4WkRl7lEKJurAvKONOwJyXtUTqXNDsuxYaKqNd11sq	\N	\N	t	f	2022-07-19 05:45:33.132	2022-07-19 05:45:33.132	\N	\N	Carolin Rath	Rath	Carolin
73	yr7NM9V_Sj	urs.gubelmann@zh.ch	local	$2a$10$gcOt07XbLteNWD1zmVLh7OabmzZp9/WxMtoXsTBw4Pd8qP1O.j3oS	\N	\N	t	f	2022-07-19 07:17:20.713	2022-07-19 07:24:28.999	\N	\N	Urs Gubelmann	Gubelmann	Urs
78	XyBeI3AKmD	rene.horlacher@zh.ch	local	$2a$10$4kQF1Xm1yMPBCFbZCOycjuBFJmq95OR9JT./InsssuOGRIWjOcrbK	\N	\N	t	f	2022-07-25 14:03:52.452	2022-07-25 14:11:16.325	\N	\N	René Horlacher	Horlacher	René
79	KDLwQDytkh	michael.geisser@zh.ch	local	$2a$10$1pCnchXDyUMKHGNVjsW8leEV5rMGbM9D15apIlQjzjMi7tqmmZ926	\N	\N	t	f	2022-07-27 07:59:18.947	2022-07-27 07:59:18.947	\N	\N	Michael Geisser	Geisser	Michael
80	lnDW5ggOom	mara.azzati@zh.ch	local	$2a$10$MUEF.sL2JnMlrvW1FxWFZ.Z808mqnvhDVRv63SPrp3jzyWtNnHyWW	\N	\N	t	f	2022-07-27 08:07:50.169	2022-07-27 08:07:50.169	\N	\N	Mara Azzati	Azzati	Mara
82	70XCU9pYRa	markus.schmid@zh.ch	local	$2a$10$Yp6L6ZjUoJGT60ZRAgvSCuVotkDXuC5VcYHxa4YhpDN0Q3cHKj.sy	\N	\N	t	f	2022-07-27 09:15:46.076	2022-07-27 09:15:46.076	\N	\N	Markus Schmid	Schmid	Markus
54	ZLF8UbPJIH	florian.hitz@zh.ch	local	$2a$10$DwxXh.FqyztFwPy.8RTygO3o6/gug97vXTtTgHK6Etkw0CcpqU0zG	\N	\N	t	f	2022-06-30 10:29:24.052	2022-11-10 07:05:59.95	\N	\N	Florian Hitz	Hitz	Florian
84	Cm1feLP_uY	marcel.meyer@zh.ch	local	$2a$10$bK0WKMP2uM06nwSKDULfi.dkK.n/..A3BGqIJZOTNM.nRhcqYbAOS	\N	\N	t	f	2022-08-04 11:53:10.97	2022-08-04 11:53:10.97	\N	\N	Marcel Meyer	Meyer	Marcel
85	QhoN1oriAY	corinne.scharmer@zh.ch	local	$2a$10$2nFgWF6MeWR4cYi6kPhLAO6OB.kWbK5Gq66DGUSBc1SKFFPaonUw.	\N	\N	t	f	2022-08-04 14:31:15.198	2022-08-04 14:31:15.198	\N	\N	Corinne Scharmer	Scharmer	Corinne
86	NZHHqct5xq	matthias.meier@zh.ch	local	$2a$10$NDlFCYYFDIbo4XwJ17C4zuJ6v8cFdwr90xIw36.rkmqfWWpFmJ6Sm	\N	\N	t	f	2022-08-09 12:01:23.784	2022-09-02 07:54:36.698	\N	\N	Matthias Samuel  Meier	Meier	Matthias Samuel
81	sjWbBAr02v	mjellma.mitati@zh.ch	local	$2a$10$SkjayKASMUuIjP.2UVecA.m0oXRJxOU7/DTfWVsXs3enLuW9X4JTy	\N	\N	t	f	2022-07-27 09:09:42.441	2022-11-25 07:12:57.004	\N	\N	Mjellma Mitati	Mitati	Mjellma
50	68vAsT9R7o	juerg.zimmerli@zh.ch	local	$2a$10$aw/QZGgLspPjBsxZm45NPuUuCvrD/9N2gxCGuzCBicG7mIYSszPh6	\N	\N	t	f	2022-06-29 07:54:26.45	2022-10-31 06:41:53.639	\N	\N	Jürg Zimmerli	Zimmerli	Jürg
55	A-tHqeP6c4	sandro.fischer@zh.ch	local	$2a$10$z/.VI3zQRIJOc9BecCFsQuRLo.13022eBHB0nzG.4fO1.tQllCZhO	\N	\N	t	f	2022-07-01 09:32:53.128	2022-10-06 05:13:36.831	\N	\N	Sandro Fischer	Fischer	Sandro
87	_RLtKxRFOq	marc.zeugin@zh.ch	local	$2a$10$8Nt4NX5wC4odARLL7ak9L.dJAIWiYMiaUliQkxM.XA/r4nzWANVOC	\N	\N	t	f	2022-08-09 14:25:55.775	2022-08-09 14:25:55.775	\N	\N	Marc Zeugin	Zeugin	Marc
89	ESn5pTKtV8	claudia.damiani@zh.ch	local	$2a$10$15IR1WgBmmzZvAKZ6ELJ7.xejJF0Qvm22UKaOYTmWK3obxV1Z44dW	\N	\N	t	f	2022-08-10 09:41:48.23	2022-08-10 09:41:48.23	\N	\N	Claudia  Damiani 	Damiani 	Claudia 
90	cMGD7ENw0w	peter.mueller@zh.ch	local	$2a$10$AdQcmJzB52VuNTNy8bqUwusjAUk3pfPdUdPEobfCvDwp6SW4VEbbi	\N	\N	t	f	2022-08-10 12:09:05.523	2022-08-10 12:09:05.523	\N	\N	Peter Müller	Müller	Peter
91	OZdjPcJlDi	christine.sersch@zh.ch	local	$2a$10$cfn2rTX71EsYy7/O9lK55unLk98Sg0LRhFZivmTz52.eEj6q8ckS2	\N	\N	t	f	2022-08-10 14:13:28.387	2022-08-10 14:13:28.387	\N	\N	Christine Sersch	Sersch	Christine
93	OrQzh03xoM	karin.lehmann@zh.ch	local	$2a$10$oz99RJKWSvwVsEruVJLHbOHCUs8ZG1pjgY/mUDT/sykwSY4pxPw7m	\N	\N	t	f	2022-08-10 14:27:30.918	2022-08-10 14:27:30.918	\N	\N	Karin Lehmann	Lehmann	Karin
94	gzExBKIWKD	marc.buehler@zh.ch	local	$2a$10$emBPcB1K9QOdr1BQjv.Z2.UQelVKfvTtyziC4tHH4iaQ8epzERQWS	\N	\N	t	f	2022-08-11 06:10:15.299	2022-08-11 06:10:15.299	\N	\N	Marc Bühler	Bühler	Marc
121	uD6Yn3ApXN	mauro.mustaro@zh.ch	local	$2a$10$FVA61LOP7lmrc2tbDw2c6uIY1Z3KlzQG.wgSP8CuLQFytnvdp3E02	\N	\N	t	f	2022-10-27 20:21:03.463	2022-10-27 20:21:03.463	\N	\N	Mauro Mustaro	Mustaro	Mauro
110	VyasCpTMEM	bruno.stehli@zh.ch	local	$2a$10$B2PFtut7Fdhyvn./J9z/nuS8iCUGYRObMogu9XOGvLdWY1tihTlN6	\N	\N	t	f	2022-09-21 05:28:27.099	2022-09-21 05:28:27.099	\N	\N	Bruno Stehli	Stehli	Bruno
100	Apptest	calvin.ongkingco@oldfuture.ch	local	$2a$10$WTJxje.4pzvlVAQpjxHZY.TAbs2WWaC8RnG.smTsHWNGD.vKJekva	\N	\N	f	f	2022-08-11 23:33:22.636	2022-09-21 09:53:18.32	1	1	App Test	Test	App
111	NQ_516cr40	cyrill.hagmann@zh.ch	local	$2a$10$6vZVlU.zp0yhh2mrYnDoq.yK0iuZ8tpIv8xXtt/4YukFHikmfn8fK	\N	\N	t	f	2022-09-21 12:26:47.571	2022-09-21 12:26:47.571	\N	\N	Cyrill Hagmann	Hagmann	Cyrill
96	yDYz4d5n8n	dagmar.soergel@zh.ch	local	$2a$10$m4UCNpVX7wn1clBBRdUu..ikOsWfLYudcq8VzsWtv0hdPRrfbJgzi	\N	\N	t	f	2022-08-11 06:35:08.282	2022-08-11 06:35:08.282	\N	\N	Dagmar Sörgel	Sörgel	Dagmar
97	yKWFUNZBzD	dren.bulliqi@zh.ch	local	$2a$10$8w/RsWKPOKojElW.Btp1NOiAaiIWTzCF35M9hjvGEhd219exen69G	\N	\N	t	f	2022-08-11 06:37:48.8	2022-08-11 06:37:48.8	\N	\N	Dren Bulliqi	Bulliqi	Dren
98	8dCS2f47Yp	ursula.keller@zh.ch	local	$2a$10$5/GIJSdKwyTtaqfVUEhXX.ipXTKaSd8AK1JCu6srYYxMSXpPYceai	\N	\N	t	f	2022-08-11 06:56:22.877	2022-08-11 06:56:22.877	\N	\N	Ursula Keller	Keller	Ursula
99	LWqSbBk7dQ	stefan.epp@zh.ch	local	$2a$10$1eX54dVhBWL8jYEhqen9V.KxgLBXul6p8dkI8HYBOxXIP55C4LwFG	\N	\N	t	f	2022-08-11 13:09:27.07	2022-08-11 13:09:27.07	\N	\N	stefan epp	epp	stefan
112	TSaDAv_1Im	stephan.koller@zh.ch	local	$2a$10$5nPzDKqkPQadtVzCBSsyROKdGiqP7W0jyThmT2oFyu4.BNSv9oKnG	\N	\N	t	f	2022-09-26 08:22:00.536	2022-09-26 08:22:00.536	\N	\N	Stephan Koller	Koller	Stephan
101	--1W3aK-hA	ulrike.georg@zh.ch	local	$2a$10$2pn2nqqfCM2qCGHxxPiu8.CV3lZPmq2lQefgPP1b00t9Ks08xzug2	\N	\N	t	f	2022-08-16 06:12:00.429	2022-08-16 06:12:00.429	\N	\N	Ulrike Georg	Georg	Ulrike
102	vrEmpXeUVV	hansruedi.born@zh.ch	local	$2a$10$W9fNBRkbrmGhSimYabpRW.laRGnquhfpLMArqBRMes2JPXxhLtgi.	\N	\N	t	f	2022-08-17 08:48:32.195	2022-08-17 08:48:32.195	\N	\N	Hansruedi Born	Born	Hansruedi
103	FuhOtKpUuS	juerg.kasper@zh.ch	local	$2a$10$Rmzz2NhRNAK1QoA4l7wO3.qv/I6qWIaP3DQJw8li5s/3RvYiOpXUC	\N	\N	t	f	2022-08-23 07:21:31.206	2022-08-23 07:21:31.206	\N	\N	Jürg Kasper	Kasper	Jürg
125	JuTnInV_11	ivo.bloechlinger@zh.ch	local	$2a$10$ldUjRCgECi8ydAK3fPEhMeOwOGp8v9/.I0PEnyYde4UjCy2AMBCzC	\N	\N	t	f	2022-11-18 10:29:49.805	2022-11-18 10:29:49.805	\N	\N	Ivo Blöchlinger	Blöchlinger	Ivo
104	yE5SSLoglu	thorsten.crecelius@zh.ch	local	$2a$10$gi.Vae92uk6CduEPpZ45e.yLFZvSMeRc1U6UKEVtFlvLlYRm/1ZTC	\N	\N	t	f	2022-08-25 11:17:47.532	2022-08-25 11:17:47.532	\N	\N	Thorsten  Crecelius 	Crecelius 	Thorsten 
105	_yH3Y5tlrL	celine.dias@zh.ch	local	$2a$10$xtG3W7E9X3dsQ8c45HvgFOqCrNUvbyjvH7KtKTi.hb6LOWRhUgELK	\N	\N	t	f	2022-08-30 13:27:07.265	2022-08-30 13:27:07.265	\N	\N	Céline Dias	Dias	Céline
106	BSdYhQRBVr	alejandro.satow@zh.ch	local	$2a$10$UfG8aaiqDjOCTJPAdRstuOj1eIwFfe00fX0wpDQ9eEXSiZcLI3Kxi	\N	\N	t	f	2022-08-31 07:33:15.749	2022-08-31 07:39:12.123	\N	\N	Alex Satow	Satow	Alex
108	4aNWVUxPr_	matthias.gsteiger@zh.ch	local	$2a$10$DTtnqolNEXpb7L1VQ5.FfOg/5Qr6Yp4FP9SrZQQDabJ71.AOyKVBi	\N	\N	t	f	2022-09-06 14:35:13.479	2022-09-06 14:35:13.479	\N	\N	Matthias Gsteiger	Gsteiger	Matthias
109	gYF4U7oZr8	mathias.gasser@zh.ch	local	$2a$10$oxFJ/EAvMZe4bsEBI2Tz4uhUwdJ1M51FGOs.VaC9bzqd//xVqI9jO	\N	\N	t	f	2022-09-08 15:17:12.797	2022-09-08 15:17:12.797	\N	\N	Mathias Gasser	Gasser	Mathias
115	Tt89SnFMru	daniel.fischer@zh.ch	local	$2a$10$PK9h0rkrj0avtj.3IySTsul8/pfkkbjsr9lfb9jtNzV2IK2uOHxgC	\N	\N	t	f	2022-09-27 05:41:15.349	2022-09-27 05:41:15.349	\N	\N	Daniel  Fischer	Fischer	Daniel 
116	DlYWH7qun7	jolanda.riedweg@zh.ch	local	$2a$10$LOtOaxxgv8ENd6kKBZMfvOhbKdmMITsMFcXpmMZOgEAAS.XjUqWny	\N	\N	t	f	2022-10-11 04:58:14.445	2022-10-11 04:58:14.445	\N	\N	Jolanda Riedweg	Riedweg	Jolanda
117	4v56jX1fdm	benjamin.steiner@zh.ch	local	$2a$10$S5lX69MwM1VQ1XS/4E/IHOUP6ILUbJg84rvwYnCCW6wxvVCnvfaBS	\N	\N	t	f	2022-10-11 11:07:16.542	2022-10-11 11:07:16.542	\N	\N	Benjamim Steiner	Steiner	Benjamim
118	KrGdcNlZRL	aferdita.selimi.tairi@zh.ch	local	$2a$10$pH1L9.GBxbEPWXFlRHSr3.6UASSXEAHtSUhZ9CFz4H1QwIe4Xsiie	\N	\N	t	f	2022-10-12 09:05:33.506	2022-10-12 09:05:33.506	\N	\N	Aferdita Selimi Tairi	Selimi Tairi	Aferdita
107	xcJ8eFBou0	hans.eberle@zh.ch	local	$2a$10$qW2hrQVJPPYi/tlbBQCv5udKC1EhY1zvYdiPuhbBm9LU6Lh69laxu	\N	\N	t	f	2022-09-06 05:37:47.957	2022-10-31 08:28:55.533	\N	\N	Hans Eberle	Eberle	Hans
119	ZqSrrhbudR	marco.peruzzini@zh.ch	local	$2a$10$oZnHclVGbYlec2.mZatOx.0avOr4reUDRSlhvwa5gdXOTvXozCpDG	\N	\N	t	f	2022-10-12 15:16:23.623	2022-10-12 15:16:23.623	\N	\N	MARCO PERUZZINI	PERUZZINI	MARCO
120	_fZYKvCfFl	mirijam.azdajic@zh.ch	local	$2a$10$FNWyL8PUJ7ajA6G8imQh9uTyGdcsqBtwo4PH617XuUm221Jg2Vc.i	\N	\N	t	f	2022-10-18 05:37:46.13	2022-10-18 05:37:46.13	\N	\N	Mirijam Azdajic	Azdajic	Mirijam
122	5NTa6CPN7Y	detlev.goettling@zh.ch	local	$2a$10$REQflWeL065G.wDVwpXI3enxmey6J4FVzK5A1dtIJcGTTcloA.4UC	\N	\N	t	f	2022-11-07 06:53:02.106	2022-11-07 06:53:02.106	\N	\N	Detlev Göttling	Göttling	Detlev
88	Z3Dn7gUqNq	emmanuel.granges@zh.ch	local	$2a$10$Wdg78iQO4y7C3IhYrwWJYe7LNCZJLvgzk0j8ptuR6qkeaodShfEPW	\N	\N	t	f	2022-08-10 05:50:53.62	2022-10-24 11:03:35.49	\N	\N	Emmanuel Granges	Granges	Emmanuel
123	hVJKgs-EAm	marjolaine.trotereau@zh.ch	local	$2a$10$qvA/f033rk1YHAT9AtjSw.bk9jISvnot4GHOr9PmFUMDI0R8MhsPe	\N	\N	t	f	2022-11-08 08:02:13.993	2022-11-08 08:02:13.993	\N	\N	Marjolaine  Trotereau 	Trotereau 	Marjolaine 
124	XbZ9fMpgGB	giuseppe.paladino@zh.ch	local	$2a$10$VXDK94w8BGZcJT89ySGQz.0o/8V7XpFwCDzTBiKJnvmb6br64uJP.	\N	\N	t	f	2022-11-18 08:57:19.101	2022-11-18 10:03:17.437	\N	\N	Giuseppe Paladino	Paladino	Giuseppe
126	98UCjvED92	evangelos.mpintzios@zh.ch	local	$2a$10$eST5vBIwK43L3mJVbKMSPuIwDic1YN9V0UofKOmvQxOl1394T.yyS	\N	\N	t	f	2022-11-23 11:01:27.058	2022-11-23 11:01:27.058	\N	\N	Evangelos Mpintzios	Mpintzios	Evangelos
127	2ZQ5ZZ_XxW	michael.tellkamp@zh.ch	local	$2a$10$96XtspFuUDMAH2QkWnMezeCbhQQjLAkAeikv4SXFs/aG9qssjf4RW	\N	\N	t	f	2022-11-28 11:26:52.983	2022-11-28 11:26:52.983	\N	\N	Michael Tellkamp	Tellkamp	Michael
129	1fZsvQgn9n	gualtiero.marchetti@zh.ch	local	$2a$10$daz.GqciuxATsQmsp8EXROPN4neKHDLpEfXTA3Cu5.NRMyj4lU68m	\N	\N	t	f	2022-12-01 06:09:36.344	2022-12-01 06:09:36.344	\N	\N	Gualtiero Marchetti	Marchetti	Gualtiero
114	ri4-sw70A8	colin.liniger@zh.ch	local	$2a$10$OgO/hr9saE4Kgvm7eq5ViuDQFfEfwX6hrrj0hmbe/8fKKJoPiLnJu	\N	\N	t	f	2022-09-26 09:38:21.708	2022-11-30 07:58:07.474	\N	\N	Colin Liniger	Liniger	Colin
113	h6bH-J7l8s	claudio.dinkel@zh.ch	local	$2a$10$b8nFjG9hSw3sF1na.s/NCOeYLUMbrkStFTzYwQbtLOd6vbYN0yjv2	\N	\N	t	f	2022-09-26 09:38:20.404	2022-11-30 08:01:30.536	\N	\N	Claudio Dinkel	Dinkel	Claudio
128	PLMLdkiTDe	andy.germann@zh.ch	local	$2a$10$sEOdAK77fqzXqJGnlDuCduzMOXHUTpmrPWsK8TsBr9jm3RLiGqH7i	\N	\N	t	f	2022-11-28 12:04:56.955	2022-12-05 07:48:24.543	\N	\N	Andy Germann	Germann	Andy
130	0dePK7Tc8O	behar.rexhepi@zh.ch	local	$2a$10$5aeQTL35sBy6SoSH6FsidO9Yiot9UXVFYI9kBBRBZS3O.BBV5.ZH.	\N	\N	t	f	2022-12-06 07:02:18.298	2022-12-06 07:02:18.298	\N	\N	Behar  Rexhepi 	Rexhepi 	Behar 
131	m8RImWtQLw	franco.schoen@zh.ch	local	$2a$10$bn77qNYoQ2zRrsh7C8SF2OuACxp1SbQw/i9Op6oNKCiriZFx48/xC	\N	\N	t	f	2022-12-06 12:04:33.526	2022-12-06 12:04:33.526	\N	\N	Franco Schoen	Schoen	Franco
\.


--
-- Data for Name: up_users_role_links; Type: TABLE DATA; Schema: public; Owner: -
--

COPY public.up_users_role_links (user_id, role_id, id) FROM stdin;
50	1	4
53	1	6
54	1	7
55	1	8
56	1	9
57	1	10
58	1	11
59	1	12
60	1	13
61	1	14
62	1	15
63	1	16
64	1	17
65	1	18
66	1	19
68	1	21
69	1	22
72	1	23
73	1	24
77	1	25
78	1	26
79	1	27
80	1	28
81	1	29
82	1	30
83	1	31
84	1	32
85	1	33
86	1	34
87	1	35
88	1	36
89	1	37
90	1	38
91	1	39
93	1	41
94	1	42
96	1	44
97	1	45
98	1	46
99	1	47
101	1	48
102	1	49
103	1	50
104	1	52
105	1	53
106	1	54
107	1	55
108	1	56
109	1	57
52	1	58
110	1	59
100	1	60
111	1	61
112	1	62
113	1	63
114	1	64
115	1	65
116	1	66
117	1	67
118	1	68
119	1	69
120	1	70
121	1	71
122	1	72
123	1	73
124	1	74
125	1	75
126	1	76
127	1	77
128	1	78
129	1	79
130	1	80
131	1	81
\.


--
-- Data for Name: upload_folders; Type: TABLE DATA; Schema: public; Owner: -
--

COPY public.upload_folders (id, name, path_id, path, created_at, updated_at, created_by_id, updated_by_id) FROM stdin;
\.


--
-- Data for Name: upload_folders_parent_links; Type: TABLE DATA; Schema: public; Owner: -
--

COPY public.upload_folders_parent_links (folder_id, inv_folder_id, id) FROM stdin;
\.


--
-- Data for Name: workplaces; Type: TABLE DATA; Schema: public; Owner: -
--

COPY public.workplaces (id, workplacename, workplaceno, publicid, resourceurl, floorid, roomid, created_at, updated_at, created_by_id, updated_by_id, sensordeveui, hasassigned, assigneduserid, mapattrid) FROM stdin;
6	Büro 266 - 02	02	f68beab1-92df-4039-a3cf-5e15f8b77ea1	https://rwm-ui-bcc6zao37a-oa.a.run.app/workplace/f68beab1-92df-4039-a3cf-5e15f8b77ea1	2	10	2022-02-27 16:30:21.689	2022-05-31 23:45:58.003	\N	1		\N	\N	b_266_2
15	Büro 269 - 05	05	5746e38e-d61c-46ea-9e4b-aa7e7e957d60	https://rwm-ui-bcc6zao37a-oa.a.run.app/workplace/5746e38e-d61c-46ea-9e4b-aa7e7e957d60	2	11	2022-02-27 17:16:37.085	2022-05-29 17:59:55.817	\N	1	\N	\N	2	b_269_5
35	Büro 254 - 03	03	d5945470-522b-4bff-a98e-b6c29d674223	https://rwm-ui-bcc6zao37a-oa.a.run.app/workplace/d5945470-522b-4bff-a98e-b6c29d674223	2	16	2022-02-27 17:29:36.965	2022-05-29 17:52:39.943	\N	1	BC9740FFFE109307	\N	\N	b_254_3
13	Büro 269 - 03	03	45a4f635-95ad-4062-b965-eb979b92b02e	https://rwm-ui-bcc6zao37a-oa.a.run.app/workplace/45a4f635-95ad-4062-b965-eb979b92b02e	2	11	2022-02-27 17:15:57.168	2022-05-29 17:57:09.603	\N	1	BC9740FFFE1092BA	\N	\N	b_269_3
30	Büro 256 - 01	01	e3628066-00b9-49be-aa56-b099b55cc211	https://rwm-ui-bcc6zao37a-oa.a.run.app/workplace/e3628066-00b9-49be-aa56-b099b55cc211	2	15	2022-02-27 17:27:24.54	2022-05-29 17:52:47.522	\N	1	BC9740FFFE1092C1	\N	\N	b_256_1
20	Büro 257 - 02	02	33f93d9e-0570-4e90-9a28-5abc9c971a14	https://rwm-ui-bcc6zao37a-oa.a.run.app/workplace/33f93d9e-0570-4e90-9a28-5abc9c971a14	2	14	2022-02-27 17:23:41.155	2022-05-29 18:00:48.004	\N	1	\N	\N	2	b_257_2
38	Büro 214 - 03	03	9dfb93f6-6b03-4d98-93ed-55e1cc06709e	https://rwm-ui-bcc6zao37a-oa.a.run.app/workplace/9dfb93f6-6b03-4d98-93ed-55e1cc06709e	2	27	2022-02-27 17:36:15.14	2022-05-29 17:42:39.953	\N	1	BC9740FFFE109300	\N	\N	b_214_3
88	Büro 201 - 05	05	b8016b18-3042-443c-9c03-e4163be231c8	https://rwm-ui-bcc6zao37a-oa.a.run.app/workplace/b8016b18-3042-443c-9c03-e4163be231c8	2	19	2022-02-27 18:06:34.955	2022-05-29 17:36:44.801	\N	1	BC9740FFFE109333	\N	\N	b_201_5
22	Büro 257 - 04	04	dd27fb14-dddf-49c2-b427-a1494f99a3ba	https://rwm-ui-bcc6zao37a-oa.a.run.app/workplace/dd27fb14-dddf-49c2-b427-a1494f99a3ba	2	14	2022-02-27 17:24:16.978	2022-05-29 17:53:33.258	\N	1	BC9740FFFE10930F	\N	\N	b_257_4
24	Büro 257 - 06	06	c4987d9a-0f27-4184-9444-caaa1a5af648	https://rwm-ui-bcc6zao37a-oa.a.run.app/workplace/c4987d9a-0f27-4184-9444-caaa1a5af648	2	14	2022-02-27 17:24:50.912	2022-05-29 18:00:58.577	\N	1	\N	\N	2	b_257_6
16	Büro 272 - 01	01	0cb96804-7424-4937-bf11-f491ae2d20d0	https://rwm-ui-bcc6zao37a-oa.a.run.app/workplace/0cb96804-7424-4937-bf11-f491ae2d20d0	2	12	2022-02-27 17:17:32.58	2022-08-18 08:18:37.089	\N	1	\N	t	100	b_272_1
2	Büro 264 - 02	02	ba27624e-5b82-4ba8-a8b4-29323c5e7382	https://rwm-ui-bcc6zao37a-oa.a.run.app/workplace/ba27624e-5b82-4ba8-a8b4-29323c5e7382	2	1	2022-02-26 04:11:24.63	2022-05-29 17:54:49.03	\N	1	BC9740FFFE1092C9	\N	\N	b_264_2
8	Büro 266 - 04	04	bd3b7306-84cd-4cea-93e0-4676ca734e4d	https://rwm-ui-bcc6zao37a-oa.a.run.app/workplaces/bd3b7306-84cd-4cea-93e0-4676ca734e4d	2	10	2022-02-27 16:49:29.51	2022-05-29 17:56:24.331	\N	1	\N	\N	\N	b_266_4
5	Büro 266 - 01	01	0c689f55-4b86-482a-8eeb-3797d1a745bd	https://rwm-ui-bcc6zao37a-oa.a.run.app/workplace/0c689f55-4b86-482a-8eeb-3797d1a745bd	2	10	2022-02-27 16:29:42.298	2022-05-31 23:44:59.091	\N	1	\N	\N	\N	b_266_1
29	Büro 257 - 11	11	0e4d83fa-6cb3-4359-a67f-c5ef8c9a271b	https://rwm-ui-bcc6zao37a-oa.a.run.app/workplace/0e4d83fa-6cb3-4359-a67f-c5ef8c9a271b	2	14	2022-02-27 17:26:27.401	2022-05-31 23:48:19.212	\N	1	BC9740FFFE1092CB	\N	2	b_257_11
11	Büro 269 - 01	01	9f023e62-95ea-4288-aab2-5c80d9e5cd83	https://rwm-ui-bcc6zao37a-oa.a.run.app/workplaces/9f023e62-95ea-4288-aab2-5c80d9e5cd83	2	11	2022-02-27 16:57:00.444	2022-05-29 17:59:46.144	\N	1	\N	\N	2	b_269_1
34	Büro 254 - 02	02	59c861e7-f094-4aef-b790-b33f0905ad16	https://rwm-ui-bcc6zao37a-oa.a.run.app/workplace/59c861e7-f094-4aef-b790-b33f0905ad16	2	16	2022-02-27 17:29:21.489	2022-05-29 17:52:31.247	\N	1	BC9740FFFE1092B8	\N	\N	b_254_2
7	Büro 266 - 03	03	a6f1dad9-1abf-4dbb-96c7-7e5887cb217	https://rwm-ui-bcc6zao37a-oa.a.run.app/api/workplaces/a6f1dad9-1abf-4dbb-96c7-7e5887cb2174	2	10	2022-02-27 16:30:44.34	2022-05-29 17:55:21.51	\N	1	BC9740FFFE1092C0	\N	\N	b_266_3
32	Büro 256 - 03	03	65de25e1-2466-412a-b09c-456850cd1f47	https://rwm-ui-bcc6zao37a-oa.a.run.app/workplace/65de25e1-2466-412a-b09c-456850cd1f47	2	15	2022-02-27 17:27:57.28	2022-05-29 17:53:04.061	\N	1	BC9740FFFE1092C3	\N	\N	b_256_3
14	Büro 269 - 04	04	4e10db40-4d47-47e1-8672-7900f4e65444	https://rwm-ui-bcc6zao37a-oa.a.run.app/workplace/4e10db40-4d47-47e1-8672-7900f4e65444	2	11	2022-02-27 17:16:16.953	2022-05-29 17:57:19.648	\N	1	BC9740FFFE1092C7	\N	\N	b_269_4
23	Büro 257 - 05	05	79bc3a08-5ff5-4514-8832-686f14d9f129	https://rwm-ui-bcc6zao37a-oa.a.run.app/workplace/79bc3a08-5ff5-4514-8832-686f14d9f129	2	14	2022-02-27 17:24:33.361	2022-05-29 18:00:54.748	\N	1	\N	\N	2	b_257_5
21	Büro 257 - 03	03	b3bd4f77-961a-4053-a04d-058bb0c2dd82	https://rwm-ui-bcc6zao37a-oa.a.run.app/workplace/b3bd4f77-961a-4053-a04d-058bb0c2dd82	2	14	2022-02-27 17:24:01.685	2022-05-29 17:53:27.765	\N	1	BC9740FFFE1092B3	\N	\N	b_257_3
25	Büro 257 - 07	07	507253ad-50bf-48ef-8e4d-425e7eda02e5	https://rwm-ui-bcc6zao37a-oa.a.run.app/workplace/507253ad-50bf-48ef-8e4d-425e7eda02e5	2	14	2022-02-27 17:25:10.681	2022-05-29 18:01:02.107	\N	1	\N	\N	2	b_257_7
26	Büro 257 - 08	08	bf0fbe11-4a5a-40e6-b739-2491f95e07db	https://rwm-ui-bcc6zao37a-oa.a.run.app/workplace/bf0fbe11-4a5a-40e6-b739-2491f95e07db	2	14	2022-02-27 17:25:26.75	2022-05-29 18:01:05.701	\N	1	\N	\N	2	b_257_8
194	Büro 201 - 09	09	ba3473e5-37ef-4cb2-b6fb-eda8a9d05f72	https://rwm-ui-bcc6zao37a-oa.a.run.app/workplace/ba3473e5-37ef-4cb2-b6fb-eda8a9d05f72	2	19	2022-05-05 15:51:54.875	2022-05-29 18:01:33.986	\N	1	\N	\N	2	b_201_9
28	Büro 257 - 10	10	60f428bd-449d-455c-b657-51d73d057213	https://rwm-ui-bcc6zao37a-oa.a.run.app/workplace/60f428bd-449d-455c-b657-51d73d057213	2	14	2022-02-27 17:26:09.154	2022-05-29 17:54:24.982	\N	1	BC9740FFFE1092CA	\N	\N	b_257_10
9	Büro 266 - 05	05	8fa7136e-8ffb-4e91-98ff-9922e50a6f1b	https://rwm-ui-bcc6zao37a-oa.a.run.app/workplaces/8fa7136e-8ffb-4e91-98ff-9922e50a6f1b	2	10	2022-02-27 16:50:03.757	2022-05-29 17:56:35.663	\N	1	BC9740FFFE10931B	\N	\N	b_266_5
12	Büro 269 - 02	02	f99bc4d5-9a38-44ce-8df1-252e726843ea	https://rwm-ui-bcc6zao37a-oa.a.run.app/workplace/f99bc4d5-9a38-44ce-8df1-252e726843ea	2	11	2022-02-27 17:13:54.186	2022-05-29 17:57:00.411	\N	1	BC9740FFFE1092E6	\N	\N	b_269_2
3	Büro 264 - 03	03	cd0e5be9-17ca-4a26-b8e6-94d236fd182f	https://rwm-ui-bcc6zao37a-oa.a.run.app/workplace/cd0e5be9-17ca-4a26-b8e6-94d236fd182f	2	1	2022-02-26 04:11:42.029	2022-05-31 23:44:03.769	\N	1	\N	\N	\N	b_264_3
19	Büro 257 - 01	01	385f8cb6-1768-4113-a5f8-8e97f901f63c	https://rwm-ui-bcc6zao37a-oa.a.run.app/workplace/385f8cb6-1768-4113-a5f8-8e97f901f63c	2	14	2022-02-27 17:23:25.146	2022-05-29 18:00:44.41	\N	1	\N	\N	2	b_257_1
4	Büro 264 - 04	04	760a0df4-3a21-4981-9c84-e436bc12e73f	https://rwm-ui-bcc6zao37a-oa.a.run.app/workplace/760a0df4-3a21-4981-9c84-e436bc12e73f	2	1	2022-02-26 04:12:04.84	2022-05-31 23:44:06.985	\N	1	\N	\N	\N	b_264_4
18	Büro 272 - 03	03	8c6a0eea-fb7e-4de6-a8c0-5f43c018ae59	https://rwm-ui-bcc6zao37a-oa.a.run.app/workplace/8c6a0eea-fb7e-4de6-a8c0-5f43c018ae59	2	12	2022-02-27 17:18:21.118	2022-08-22 09:12:26.185	\N	1	\N	t	100	b_272_3
42	Büro 214 - 07	07	3cbf699a-ba1e-4b46-8e86-c71127b33143	https://rwm-ui-bcc6zao37a-oa.a.run.app/workplace/3cbf699a-ba1e-4b46-8e86-c71127b33143	2	27	2022-02-27 17:37:10.064	2022-05-29 17:43:38.822	\N	1	BC9740FFFE1092D8	\N	\N	b_214_7
43	Büro 214 - 08	08	7337a256-3c2e-4a06-99c7-052d5a4f8d93	https://rwm-ui-bcc6zao37a-oa.a.run.app/workplace/7337a256-3c2e-4a06-99c7-052d5a4f8d93	2	27	2022-02-27 17:37:23.533	2022-05-29 17:43:46.252	\N	1	BC9740FFFE10930A	\N	\N	b_214_8
44	Büro 214 - 09	09	fd315913-277d-437f-8a6b-b14644bf102b	https://rwm-ui-bcc6zao37a-oa.a.run.app/workplace/fd315913-277d-437f-8a6b-b14644bf102b	2	27	2022-02-27 17:37:40.98	2022-05-29 17:43:53.158	\N	1	BC9740FFFE109308	\N	\N	b_214_9
46	Büro 214 - 11	11	938a1d5f-4099-4ce2-b5ad-70abd82f4aa4	https://rwm-ui-bcc6zao37a-oa.a.run.app/workplace/938a1d5f-4099-4ce2-b5ad-70abd82f4aa4	2	27	2022-02-27 17:38:15.953	2022-05-29 17:44:06.6	\N	1	BC9740FFFE1092DB	\N	\N	b_214_11
47	Büro 214 - 12	12	2872306a-44a7-4deb-9fcb-d02e4bbfa402	https://rwm-ui-bcc6zao37a-oa.a.run.app/workplace/2872306a-44a7-4deb-9fcb-d02e4bbfa402	2	27	2022-02-27 17:38:29.051	2022-05-29 17:44:11.769	\N	1	BC9740FFFE109309	\N	\N	b_214_12
48	Büro 214 - 13	13	9c6079b9-fc4d-40c4-90da-a085a7d9d3ca	https://rwm-ui-bcc6zao37a-oa.a.run.app/workplace/9c6079b9-fc4d-40c4-90da-a085a7d9d3ca	2	27	2022-02-27 17:38:44.519	2022-05-29 17:44:17.201	\N	1	BC9740FFFE1092FB	\N	\N	b_214_13
49	Büro 214 - 14	14	2ad9a98c-eead-4b23-92f2-0374c44ce635	https://rwm-ui-bcc6zao37a-oa.a.run.app/workplace/2ad9a98c-eead-4b23-92f2-0374c44ce635	2	27	2022-02-27 17:39:09.082	2022-05-29 17:44:41.548	\N	1	BC9740FFFE1092D2	\N	\N	b_214_14
51	Büro 214 - 16	16	aa549b80-d65c-4a6c-b26a-718698b40db5	https://rwm-ui-bcc6zao37a-oa.a.run.app/workplace/aa549b80-d65c-4a6c-b26a-718698b40db5	2	27	2022-02-27 17:39:58.006	2022-05-29 17:44:57.543	\N	1	BC9740FFFE1092FE	\N	\N	b_214_16
52	Büro 214 - 17	17	3f6a9374-def0-4857-b3b5-de2dd295b0e1	https://rwm-ui-bcc6zao37a-oa.a.run.app/workplace/3f6a9374-def0-4857-b3b5-de2dd295b0e1	2	27	2022-02-27 17:40:10.651	2022-05-29 17:45:58.56	\N	1	BC9740FFFE1092D5	\N	\N	b_214_17
53	Büro 214 - 18	18	f4b392cd-e62d-4fec-91e2-b0c1f9a9e721	https://rwm-ui-bcc6zao37a-oa.a.run.app/workplace/f4b392cd-e62d-4fec-91e2-b0c1f9a9e721	2	27	2022-02-27 17:40:24.776	2022-05-29 17:46:08.046	\N	1	BC9740FFFE1092DC	\N	\N	b_214_18
17	Büro 272 - 02	02	092af98d-1440-42a8-af06-8c69bbc06366	https://rwm-ui-bcc6zao37a-oa.a.run.app/workplace/092af98d-1440-42a8-af06-8c69bbc06366	2	12	2022-02-27 17:18:02.855	2022-08-22 09:12:20.462	\N	1	\N	t	100	b_272_2
55	Büro 214 - 20	20	e7f5a3b5-dbe7-4bf8-a2bc-641b64f9fe90	https://rwm-ui-bcc6zao37a-oa.a.run.app/workplace/e7f5a3b5-dbe7-4bf8-a2bc-641b64f9fe90	2	27	2022-02-27 17:40:52.075	2022-05-29 17:46:29.198	\N	1	BC9740FFFE1092FC	\N	\N	b_214_20
56	Büro 214 - 21	21	cd0bb938-458b-417c-b747-cd3d387eb2b1	https://rwm-ui-bcc6zao37a-oa.a.run.app/workplace/cd0bb938-458b-417c-b747-cd3d387eb2b1	2	27	2022-02-27 17:41:05.526	2022-05-29 17:46:44.867	\N	1	BC9740FFFE109321	\N	\N	b_214_21
57	Büro 214 - 22	22	013b756b-11d7-4ab8-ba3b-41a649972a42	https://rwm-ui-bcc6zao37a-oa.a.run.app/workplace/013b756b-11d7-4ab8-ba3b-41a649972a42	2	27	2022-02-27 17:41:26.197	2022-05-29 17:46:52.712	\N	1	BC9740FFFE1092DF	\N	\N	b_214_22
58	Büro 214 - 23	23	bd839560-80e1-4d4f-b255-0c2d87e3557d	https://rwm-ui-bcc6zao37a-oa.a.run.app/workplace/bd839560-80e1-4d4f-b255-0c2d87e3557d	2	27	2022-02-27 17:41:42.36	2022-05-29 17:46:59.37	\N	1	BC9740FFFE1092DD	\N	\N	b_214_23
60	Büro 214 - 25	25	11285901-a7a8-4f91-905c-2428ec7b5aea	https://rwm-ui-bcc6zao37a-oa.a.run.app/workplace/11285901-a7a8-4f91-905c-2428ec7b5aea	2	27	2022-02-27 17:42:08.661	2022-05-29 17:47:12.222	\N	1	BC9740FFFE1092DA	\N	\N	b_214_25
61	Büro 214 - 26	26	d8033102-8fd2-48a9-bf21-3507b56ea255	https://rwm-ui-bcc6zao37a-oa.a.run.app/workplace/d8033102-8fd2-48a9-bf21-3507b56ea255	2	27	2022-02-27 17:42:22.926	2022-05-29 17:47:18.008	\N	1	BC9740FFFE109327	\N	\N	b_214_26
62	Büro 214 - 27	27	3a0dd62f-6ad6-4d69-af04-67cc507702fb	https://rwm-ui-bcc6zao37a-oa.a.run.app/workplace/3a0dd62f-6ad6-4d69-af04-67cc507702fb	2	27	2022-02-27 17:42:37.615	2022-05-29 17:47:26.542	\N	1	BC9740FFFE1092D1	\N	\N	b_214_27
63	Büro 214 - 28	28	0c1b6a1a-a93f-483f-b98e-2d6a13637142	https://rwm-ui-bcc6zao37a-oa.a.run.app/workplace/0c1b6a1a-a93f-483f-b98e-2d6a13637142	2	27	2022-02-27 17:42:50.267	2022-05-29 17:47:36.698	\N	1	BC9740FFFE1092D9	\N	\N	b_214_28
64	Büro 214 - 29	29	461e5561-f5db-4336-9dfa-a59ed3842bf1	https://rwm-ui-bcc6zao37a-oa.a.run.app/workplace/461e5561-f5db-4336-9dfa-a59ed3842bf1	2	27	2022-02-27 17:43:06.028	2022-05-29 17:47:46.756	\N	1	BC9740FFFE1092DE	\N	\N	b_214_29
65	Büro 214 - 30	30	32cdc837-b5e0-44e8-a037-47d7cb0c74ac	https://rwm-ui-bcc6zao37a-oa.a.run.app/workplace/32cdc837-b5e0-44e8-a037-47d7cb0c74ac	2	27	2022-02-27 17:43:21.044	2022-05-29 17:47:53.016	\N	1	BC9740FFFE10932F	\N	\N	b_214_30
66	Büro 214 - 31	31	61d85b64-06d7-42c5-b6b2-4f26b368e76e	https://rwm-ui-bcc6zao37a-oa.a.run.app/workplace/61d85b64-06d7-42c5-b6b2-4f26b368e76e	2	27	2022-02-27 17:43:36.031	2022-05-29 17:47:58.57	\N	1	BC9740FFFE1092D7	\N	\N	b_214_31
67	Büro 214 - 32	32	f9bd1c4c-35b9-455f-ac75-cc80f54ba3b8	https://rwm-ui-bcc6zao37a-oa.a.run.app/workplace/f9bd1c4c-35b9-455f-ac75-cc80f54ba3b8	2	27	2022-02-27 17:43:49.113	2022-05-29 17:48:04.566	\N	1	BC9740FFFE1092FD	\N	\N	b_214_32
68	Büro 231 - 01	01	bd8ada91-cd54-4a67-aa2b-7b6101a393d4	https://rwm-ui-bcc6zao37a-oa.a.run.app/workplace/bd8ada91-cd54-4a67-aa2b-7b6101a393d4	2	28	2022-02-27 17:45:10.536	2022-05-29 17:48:13.143	\N	1	BC9740FFFE109312	\N	\N	b_231_1
70	Büro 231 - 03	03	0ff115d6-c424-4eb3-9653-9533518aef51	https://rwm-ui-bcc6zao37a-oa.a.run.app/workplace/0ff115d6-c424-4eb3-9653-9533518aef51	2	28	2022-02-27 17:45:37.673	2022-05-29 17:48:25.575	\N	1	BC9740FFFE109323	\N	\N	b_231_3
71	Büro 233 - 01	01	df4ec6ee-aa4c-45b3-aa64-49b9c9650c94	https://rwm-ui-bcc6zao37a-oa.a.run.app/workplace/df4ec6ee-aa4c-45b3-aa64-49b9c9650c94	2	29	2022-02-27 17:46:49.29	2022-05-29 17:48:33.478	\N	1	BC9740FFFE109301	\N	\N	b_233_1
72	Büro 233 - 02	02	db75a224-609d-4bfc-9784-831c0e7eaf3d	https://rwm-ui-bcc6zao37a-oa.a.run.app/workplace/db75a224-609d-4bfc-9784-831c0e7eaf3d	2	29	2022-02-27 17:47:05.718	2022-05-29 17:48:53.599	\N	1	BC9740FFFE109302	\N	\N	b_233_2
73	Büro 233 - 03	03	4bd4a74b-cb11-41bf-9203-95212748a21c	https://rwm-ui-bcc6zao37a-oa.a.run.app/workplace/4bd4a74b-cb11-41bf-9203-95212748a21c	2	29	2022-02-27 17:47:26.374	2022-05-29 17:49:02.919	\N	1	BC9740FFFE1092F9	\N	\N	b_233_3
75	Büro 234 - 02	02	68245e08-4ddd-4082-aa63-760e3b9d0bc6	https://rwm-ui-bcc6zao37a-oa.a.run.app/workplace/68245e08-4ddd-4082-aa63-760e3b9d0bc6	2	30	2022-02-27 17:48:47.531	2022-05-29 17:49:18.067	\N	1	BC9740FFFE109316	\N	\N	b_234_2
76	Büro 234 - 03	03	e55c42b1-2878-473d-bb48-a82a60f3174e	https://rwm-ui-bcc6zao37a-oa.a.run.app/workplace/e55c42b1-2878-473d-bb48-a82a60f3174e	2	30	2022-02-27 17:49:03.446	2022-05-29 17:49:23.756	\N	1	\N	\N	\N	b_234_3
54	Büro 214 - 19	19	0a784e29-f033-4ccd-834b-ed78a9e2a68c	https://rwm-ui-bcc6zao37a-oa.a.run.app/workplace/0a784e29-f033-4ccd-834b-ed78a9e2a68c	2	27	2022-02-27 17:40:38.387	2022-05-31 23:47:17.924	\N	1	BC9740FFFE10930C	\N	2	b_214_19
82	Büro 250 - 03	03	4d7e092f-497e-478c-9e7b-d8a35b993cb3	https://rwm-ui-bcc6zao37a-oa.a.run.app/workplace/4d7e092f-497e-478c-9e7b-d8a35b993cb3	2	18	2022-02-27 18:04:40.917	2022-05-29 17:51:48.962	\N	1	BC9740FFFE1092C2	\N	\N	b_250_3
97	Büro 242 - 06	06	e6a4478d-5731-4dc0-b71a-2f3f73363904	https://rwm-ui-bcc6zao37a-oa.a.run.app/workplace/e6a4478d-5731-4dc0-b71a-2f3f73363904	2	20	2022-02-28 01:56:56.721	2022-05-29 17:51:16.079	\N	1	BC9740FFFE109310	\N	\N	b_242_6
87	Büro 201 - 04	04	12f509be-f095-40ce-83de-97589c7f10a8	https://rwm-ui-bcc6zao37a-oa.a.run.app/workplace/12f509be-f095-40ce-83de-97589c7f10a8	2	19	2022-02-27 18:06:17.644	2022-05-29 17:36:37.671	\N	1	BC9740FFFE10930D	\N	\N	b_201_4
89	Büro 201 - 06	06	6976e491-5e6f-4e57-a02e-40fbb57399bb	https://rwm-ui-bcc6zao37a-oa.a.run.app/workplace/6976e491-5e6f-4e57-a02e-40fbb57399bb	2	19	2022-02-27 18:06:48.923	2022-05-29 17:36:51.682	\N	1	BC9740FFFE10932D	\N	\N	b_201_6
91	Büro 201 - 08	08	eeccde25-d649-48f1-b78e-ec7553e0ee72	https://rwm-ui-bcc6zao37a-oa.a.run.app/workplace/eeccde25-d649-48f1-b78e-ec7553e0ee72	2	19	2022-02-27 18:07:18.263	2022-05-29 17:41:12.196	\N	1	BC9740FFFE10932E	\N	\N	b_201_8
95	Büro 242 - 03	03	45525225-35de-417e-9dfd-bc7032af84ed	https://rwm-ui-bcc6zao37a-oa.a.run.app/workplace/45525225-35de-417e-9dfd-bc7032af84ed	2	20	2022-02-28 01:56:30.411	2022-06-20 10:37:25.195	\N	1	BC9740FFFE109315	\N	\N	b_242_3
96	Büro 242 - 05	05	5ef7d009-6647-4b64-bdfb-23daf8a8a325	https://rwm-ui-bcc6zao37a-oa.a.run.app/workplace/5ef7d009-6647-4b64-bdfb-23daf8a8a325	2	20	2022-02-28 01:56:43.787	2022-05-29 17:51:08.78	\N	1	BC9740FFFE10932A	\N	\N	b_242_5
80	Büro 250 - 01	01	e3799c76-083d-4bdb-bc6c-2fb671da66fd	https://rwm-ui-bcc6zao37a-oa.a.run.app/workplace/e3799c76-083d-4bdb-bc6c-2fb671da66fd	2	18	2022-02-27 18:04:02.978	2022-05-29 17:51:24.397	\N	1		\N	\N	b_250_1
81	Büro 250 - 02	02	9c501027-1a1d-46f9-86e4-95e59d4fd09c	https://rwm-ui-bcc6zao37a-oa.a.run.app/workplace/9c501027-1a1d-46f9-86e4-95e59d4fd09c	2	18	2022-02-27 18:04:24.577	2022-05-29 17:51:37.165	\N	1	BC9740FFFE1092BC	\N	\N	b_250_2
83	Büro 250 - 04	04	e1b8fb9b-1a75-4609-ba9a-3c4a151f3454	https://rwm-ui-bcc6zao37a-oa.a.run.app/workplace/e1b8fb9b-1a75-4609-ba9a-3c4a151f3454	2	18	2022-02-27 18:04:54.035	2022-05-29 17:51:55.345	\N	1	BC9740FFFE1092B2	\N	\N	b_250_4
77	Büro 252 - 01	01	47686c68-49a5-484b-8ed4-81710b49821f	https://rwm-ui-bcc6zao37a-oa.a.run.app/workplace/47686c68-49a5-484b-8ed4-81710b49821f	2	17	2022-02-27 18:02:47.573	2022-05-29 17:52:02.307	\N	1	BC9740FFFE1092BF	\N	\N	b_252_1
78	Büro 252 - 02	02	8124da7a-35b6-42a6-bb83-2a396584f592	https://rwm-ui-bcc6zao37a-oa.a.run.app/workplace/8124da7a-35b6-42a6-bb83-2a396584f592	2	17	2022-02-27 18:03:08.942	2022-05-29 17:52:08.397	\N	1	BC9740FFFE1092B9	\N	\N	b_252_2
10	Büro 266 - 06	06	0b39f8e3-13dd-4988-93b9-70a0f23e0993	https://rwm-ui-bcc6zao37a-oa.a.run.app/workplaces/0b39f8e3-13dd-4988-93b9-70a0f23e0993	2	10	2022-02-27 16:50:27.097	2022-05-29 17:56:41.966	\N	1	BC9740FFFE109322	\N	\N	b_266_6
85	Büro 201 - 02	02	6aaa882f-0c8d-448a-b5ec-ef7394c24f9e	https://rwm-ui-bcc6zao37a-oa.a.run.app/workplace/6aaa882f-0c8d-448a-b5ec-ef7394c24f9e	2	19	2022-02-27 18:05:51.689	2022-05-31 23:46:32.483	\N	1	\N	\N	2	b_201_2
107	Büro 238 - 01	01	5eb561a6-945d-4746-9339-25d3f4ecbb50	https://rwm-ui-bcc6zao37a-oa.a.run.app/workplace/5eb561a6-945d-4746-9339-25d3f4ecbb50	2	22	2022-02-28 02:02:24.634	2022-05-29 18:01:55.502	\N	1	\N	\N	2	b_238_1
86	Büro 201 - 03	03	ccd1faf6-5599-4654-b890-e1ea480cb7b3	https://rwm-ui-bcc6zao37a-oa.a.run.app/workplace/ccd1faf6-5599-4654-b890-e1ea480cb7b3	2	19	2022-02-27 18:06:05.867	2022-05-29 17:36:30.972	\N	1	BC9740FFFE109314	\N	\N	b_201_3
113	Büro 211 - 03	03	9baa1003-1e72-491f-856a-2f5d33b69d82	https://rwm-ui-bcc6zao37a-oa.a.run.app/workplace/9baa1003-1e72-491f-856a-2f5d33b69d82	2	25	2022-02-28 02:04:29.34	2022-05-29 17:41:53.983	\N	1	BC9740FFFE10932B	\N	\N	b_211_3
114	Büro 212 - 01	01	8e9824ae-d4ed-4014-a3d4-9ac566312ae9	https://rwm-ui-bcc6zao37a-oa.a.run.app/workplace/8e9824ae-d4ed-4014-a3d4-9ac566312ae9	2	26	2022-02-28 02:05:10.582	2022-05-29 17:42:03.763	\N	1	BC9740FFFE1092D6	\N	\N	b_212_1
45	Büro 214 - 10	10	9b8b580e-c148-4cad-8a5c-959ec07f9ede	https://rwm-ui-bcc6zao37a-oa.a.run.app/workplace/9b8b580e-c148-4cad-8a5c-959ec07f9ede	2	27	2022-02-27 17:37:56.56	2022-05-29 17:43:58.82	\N	1	BC9740FFFE1092D3	\N	\N	b_214_10
112	Büro 211 - 02	02	c31d7cb6-a915-43fb-bd10-add065474ed6	https://rwm-ui-bcc6zao37a-oa.a.run.app/workplace/c31d7cb6-a915-43fb-bd10-add065474ed6	2	25	2022-02-28 02:04:16.01	2022-05-31 23:46:53.217	\N	1	\N	\N	\N	b_211_2
109	Büro 238 - 03	03	d6d25f75-0b83-4d95-9b83-7dcbc6e52aad	https://rwm-ui-bcc6zao37a-oa.a.run.app/workplace/d6d25f75-0b83-4d95-9b83-7dcbc6e52aad	2	22	2022-02-28 02:03:03.078	2022-05-31 23:47:43.427	\N	1	\N	\N	\N	b_238_3
98	Propeller-Bar 242 - 01	01	0a110f30-e7f8-4671-b642-69be94cfe01a	https://rwm-ui-bcc6zao37a-oa.a.run.app/workplace/0a110f30-e7f8-4671-b642-69be94cfe01a	2	20	2022-02-28 01:57:26.697	2022-06-23 08:14:57.259	\N	1	\N	\N	\N	b_p_242_1
104	Büro 241 - 01	01	70cc048e-74c1-435d-8964-f56ba393b667	https://rwm-ui-bcc6zao37a-oa.a.run.app/workplace/70cc048e-74c1-435d-8964-f56ba393b667	2	21	2022-02-28 02:00:22.785	2022-05-29 17:50:11.642	\N	1	BC9740FFFE109318	\N	\N	b_241_1
105	Büro 241 - 02	02	a4f587c0-cc64-4817-aa25-4e19198ca23d	https://rwm-ui-bcc6zao37a-oa.a.run.app/workplace/a4f587c0-cc64-4817-aa25-4e19198ca23d	2	21	2022-02-28 02:00:36.812	2022-05-29 17:50:26.825	\N	1	BC9740FFFE109304	\N	\N	b_241_2
106	Büro 241 - 03	03	2af8156a-d2ea-4fed-b505-678779bb40f5	https://rwm-ui-bcc6zao37a-oa.a.run.app/workplace/2af8156a-d2ea-4fed-b505-678779bb40f5	2	21	2022-02-28 02:00:49.765	2022-05-29 17:50:35.542	\N	1	BC9740FFFE109328	\N	\N	b_241_3
93	Büro 242 - 02	02	10a853d4-1245-49ff-8c13-1c81c95a0650	https://rwm-ui-bcc6zao37a-oa.a.run.app/workplace/10a853d4-1245-49ff-8c13-1c81c95a0650	2	20	2022-02-28 01:55:59.07	2022-05-29 17:50:50.762	\N	1	BC9740FFFE109332	\N	\N	b_242_2
108	Büro 238 - 02	02	4bebdd79-c321-4623-b68a-9dfec11850b0	https://rwm-ui-bcc6zao37a-oa.a.run.app/workplace/4bebdd79-c321-4623-b68a-9dfec11850b0	2	22	2022-02-28 02:02:44.719	2022-05-29 18:01:59.827	\N	1	\N	\N	2	b_238_2
111	Büro 211 - 01	01	b8c9e90c-a967-48b3-8295-52f01534d6ae	https://rwm-ui-bcc6zao37a-oa.a.run.app/workplace/b8c9e90c-a967-48b3-8295-52f01534d6ae	2	25	2022-02-28 02:04:02.462	2022-05-29 18:02:17.637	\N	1	\N	\N	2	b_211_1
99	Propeller-Bar 242 - 02	02	7c1cbe71-afdd-4eae-86d4-cd6a8676d0af	https://rwm-ui-bcc6zao37a-oa.a.run.app/workplace/7c1cbe71-afdd-4eae-86d4-cd6a8676d0af	2	20	2022-02-28 01:57:42.097	2022-06-23 08:15:08.114	\N	1	\N	\N	\N	b_p_242_2
101	Propeller-Bar 242 - 04	04	c706604a-b548-4ab9-9fc4-41fec54420e2	https://rwm-ui-bcc6zao37a-oa.a.run.app/workplace/c706604a-b548-4ab9-9fc4-41fec54420e2	2	20	2022-02-28 01:58:12.555	2022-06-23 08:15:25.775	\N	1	\N	\N	\N	b_p_242_4
102	Propeller-Bar 242 - 05	05	29880aea-6fb2-462f-987d-eba042b0380c	https://rwm-ui-bcc6zao37a-oa.a.run.app/workplace/29880aea-6fb2-462f-987d-eba042b0380c	2	20	2022-02-28 01:59:06.454	2022-06-23 08:15:33.507	\N	1	\N	\N	\N	b_p_242_5
103	Propeller-Bar 242 - 06	06	5e86b6db-c431-4818-980f-2d522f5ce3dc	https://rwm-ui-bcc6zao37a-oa.a.run.app/workplace/5e86b6db-c431-4818-980f-2d522f5ce3dc	2	20	2022-02-28 01:59:22.148	2022-06-23 08:15:41.312	\N	1	\N	\N	\N	b_p_242_6
126	Büro 379 - 03	03	ce5c9101-3fe9-4d55-9cfc-00c4d886312c	https://rwm-ui-bcc6zao37a-oa.a.run.app/workplace/ce5c9101-3fe9-4d55-9cfc-00c4d886312c	3	37	2022-02-28 02:12:28.404	2022-06-05 15:56:19.306	\N	1	BC9740FFFE109305	\N	\N	b_379_3
127	Büro 379 - 04	04	b3f6463b-2c9f-42b3-8301-ccb412ad7d10	https://rwm-ui-bcc6zao37a-oa.a.run.app/workplace/b3f6463b-2c9f-42b3-8301-ccb412ad7d10	3	37	2022-02-28 02:12:43.685	2022-06-05 15:56:29.269	\N	1	BC9740FFFE1092E5	\N	\N	b_379_4
138	Büro 387 - 01	01	c080d11f-cb27-451c-8e9a-f6db7e5c1a49	https://rwm-ui-bcc6zao37a-oa.a.run.app/workplace/c080d11f-cb27-451c-8e9a-f6db7e5c1a49	3	40	2022-02-28 02:20:07.238	2022-06-05 15:56:42.776	\N	1	BC9740FFFE1092E1	\N	\N	b_387_1
128	Büro 382 - 01	01	5d2a0aaa-8acc-4a51-b3be-7e74ed47bce5	https://rwm-ui-bcc6zao37a-oa.a.run.app/workplace/5d2a0aaa-8acc-4a51-b3be-7e74ed47bce5	3	38	2022-02-28 02:13:47.716	2022-06-05 15:57:05.518	\N	1	BC9740FFFE1092E2	\N	\N	b_382_1
129	Büro 382 - 02	02	eaa2c8b4-e6a4-4e19-90c3-2f88b00c7a3e	https://rwm-ui-bcc6zao37a-oa.a.run.app/workplace/eaa2c8b4-e6a4-4e19-90c3-2f88b00c7a3e	3	38	2022-02-28 02:14:11.667	2022-06-05 15:57:20.178	\N	1	BC9740FFFE1092FA	\N	\N	b_382_2
130	Büro 382 - 03	03	21e45136-c0cc-4c20-ba28-ae8b05b5d5f7	https://rwm-ui-bcc6zao37a-oa.a.run.app/workplace/21e45136-c0cc-4c20-ba28-ae8b05b5d5f7	3	38	2022-02-28 02:14:31.081	2022-06-05 15:57:35.669	\N	1	BC9740FFFE1092EB	\N	\N	b_382_3
131	Büro 382 - 04	04	f873a9f8-d904-480b-88e2-c686d9105232	https://rwm-ui-bcc6zao37a-oa.a.run.app/workplace/f873a9f8-d904-480b-88e2-c686d9105232	3	38	2022-02-28 02:14:51.268	2022-06-05 15:57:44.933	\N	1	BC9740FFFE1092E8	\N	\N	b_382_4
133	Büro 384 - 02	02	c4e5b3d0-b5f1-4574-bd3e-62bb2dd1bf01	https://rwm-ui-bcc6zao37a-oa.a.run.app/workplace/c4e5b3d0-b5f1-4574-bd3e-62bb2dd1bf01	3	39	2022-02-28 02:15:53.633	2022-06-05 15:57:53.361	\N	1	BC9740FFFE109319	\N	\N	b_384_2
134	Büro 384 - 03	03	588bfb42-6607-4d65-8191-c8309eeb30df	https://rwm-ui-bcc6zao37a-oa.a.run.app/workplace/588bfb42-6607-4d65-8191-c8309eeb30df	3	39	2022-02-28 02:16:05.622	2022-06-05 15:58:15.322	\N	1	BC9740FFFE1092EE	\N	\N	b_384_3
121	Büro 377 - 02	02	53140466-75a7-426b-b8b8-dcce228d067b	https://rwm-ui-bcc6zao37a-oa.a.run.app/workplace/53140466-75a7-426b-b8b8-dcce228d067b	3	36	2022-02-28 02:09:25.829	2022-06-05 16:11:06.858	\N	1	BC9740FFFE109324	\N	\N	b_377_2
135	Büro 384 - 04	04	1da84c8e-0fae-47d7-9d9d-1f2d96e1938c	https://rwm-ui-bcc6zao37a-oa.a.run.app/workplace/1da84c8e-0fae-47d7-9d9d-1f2d96e1938c	3	39	2022-02-28 02:18:43.969	2022-06-05 15:58:26.063	\N	1	BC9740FFFE1092B4	\N	\N	b_384_4
139	Büro 387 - 02	02	926ba9a2-664f-4c12-8847-1d257974bf11	https://rwm-ui-bcc6zao37a-oa.a.run.app/workplace/926ba9a2-664f-4c12-8847-1d257974bf11	3	40	2022-02-28 02:20:29.833	2022-06-05 15:58:37.954	\N	1	BC9740FFFE109325	\N	\N	b_387_2
136	Büro 384 - 05	05	ea76638e-7dc1-40f6-aa89-86e556aff2a5	https://rwm-ui-bcc6zao37a-oa.a.run.app/workplace/ea76638e-7dc1-40f6-aa89-86e556aff2a5	3	39	2022-02-28 02:18:59.012	2022-06-05 15:58:46.459	\N	1	BC9740FFFE1092F0	\N	\N	b_384_5
137	Büro 384 - 06	06	429eb72e-33be-4f5c-a968-5067e7469c76	https://rwm-ui-bcc6zao37a-oa.a.run.app/workplace/429eb72e-33be-4f5c-a968-5067e7469c76	3	39	2022-02-28 02:19:12.387	2022-06-05 15:59:03.56	\N	1	BC9740FFFE1092E9	\N	\N	b_384_6
140	Büro 387 - 03	03	f53299ad-dfe6-4f6c-b125-9468cd518b25	https://rwm-ui-bcc6zao37a-oa.a.run.app/workplace/f53299ad-dfe6-4f6c-b125-9468cd518b25	3	40	2022-02-28 02:20:44.098	2022-06-05 15:59:16.872	\N	1	BC9740FFFE109331	\N	\N	b_387_3
141	Büro 387 - 04	04	c08fe2f5-a1d0-4984-86e1-17c9e93360f6	https://rwm-ui-bcc6zao37a-oa.a.run.app/workplace/c08fe2f5-a1d0-4984-86e1-17c9e93360f6	3	40	2022-02-28 02:20:56.053	2022-06-05 15:59:32.008	\N	1	BC9740FFFE1092B6	\N	\N	b_387_4
142	Büro 390 - 01	01	538a4f2d-a31a-4808-abd2-1c391678cdfc	https://rwm-ui-bcc6zao37a-oa.a.run.app/workplace/538a4f2d-a31a-4808-abd2-1c391678cdfc	3	42	2022-02-28 02:21:38.847	2022-06-05 15:59:45.008	\N	1	BC9740FFFE1092EF	\N	\N	b_390_1
144	Büro 390 - 03	03	bc87e77f-1bbd-460a-a19a-b72581199e07	https://rwm-ui-bcc6zao37a-oa.a.run.app/workplace/bc87e77f-1bbd-460a-a19a-b72581199e07	3	42	2022-02-28 02:22:15.72	2022-06-05 16:00:01.542	\N	1	BC9740FFFE109330	\N	\N	b_390_3
145	Büro 390 - 04	04	69a28a11-e270-490d-9701-5ba8e5dc0bf4	https://rwm-ui-bcc6zao37a-oa.a.run.app/workplace/69a28a11-e270-490d-9701-5ba8e5dc0bf4	3	42	2022-02-28 02:22:28.887	2022-06-05 16:00:10.408	\N	1	BC9740FFFE109326	\N	\N	b_390_4
146	Büro 392 - 01	01	52147e36-2e9f-4167-a941-fe2a57e4fd65	https://rwm-ui-bcc6zao37a-oa.a.run.app/workplace/52147e36-2e9f-4167-a941-fe2a57e4fd65	3	43	2022-02-28 02:23:09.002	2022-06-05 16:00:22.069	\N	1	BC9740FFFE10931D	\N	\N	b_392_1
147	Büro 392 - 02	02	0d6fef43-7dd5-4af9-9f1f-d2ad3dc7d05d	https://rwm-ui-bcc6zao37a-oa.a.run.app/workplace/0d6fef43-7dd5-4af9-9f1f-d2ad3dc7d05d	3	43	2022-02-28 02:23:26.511	2022-06-05 16:00:43.643	\N	1	BC9740FFFE1092EC	\N	\N	b_392_2
148	Büro 392 - 03	03	f2640876-75d2-4eb3-bf28-35398421c1dd	https://rwm-ui-bcc6zao37a-oa.a.run.app/workplace/f2640876-75d2-4eb3-bf28-35398421c1dd	3	43	2022-02-28 02:23:41.827	2022-06-05 16:00:55.596	\N	1	BC9740FFFE1092F1	\N	\N	b_392_3
149	Büro 392 - 04	04	ca86b59b-2edc-4144-b9f4-88de74809b06	https://rwm-ui-bcc6zao37a-oa.a.run.app/workplace/ca86b59b-2edc-4144-b9f4-88de74809b06	3	43	2022-02-28 02:23:55.823	2022-06-05 16:01:04.112	\N	1	BC9740FFFE10931E	\N	\N	b_392_4
150	Büro 396 - 01	01	6327203f-f045-4fff-9fa3-1f872d0e9943	https://rwm-ui-bcc6zao37a-oa.a.run.app/workplace/6327203f-f045-4fff-9fa3-1f872d0e9943	3	44	2022-02-28 02:24:46.402	2022-06-05 16:01:13.342	\N	1	BC9740FFFE1092C8	\N	\N	b_396_1
151	Büro 396 - 02	02	1b84a259-e1b9-4553-8398-ef1ce6eeaea2	https://rwm-ui-bcc6zao37a-oa.a.run.app/workplace/1b84a259-e1b9-4553-8398-ef1ce6eeaea2	3	44	2022-02-28 02:25:02.496	2022-06-05 16:01:20.645	\N	1	BC9740FFFE1092D4	\N	\N	b_396_2
116	Büro 375 - 01	01	b73624b8-4c31-482d-b52b-f36a032e330f	https://rwm-ui-bcc6zao37a-oa.a.run.app/workplace/b73624b8-4c31-482d-b52b-f36a032e330f	3	35	2022-02-28 02:07:23.194	2022-06-05 16:10:11.233	\N	1	BC9740FFFE10932C	\N	\N	b_375_1
117	Büro 375 - 02	02	e7f2824f-637d-4833-a232-13114dd0759b	https://rwm-ui-bcc6zao37a-oa.a.run.app/workplace/e7f2824f-637d-4833-a232-13114dd0759b	3	35	2022-02-28 02:07:39.006	2022-06-05 16:10:18.995	\N	1	BC9740FFFE1092ED	\N	\N	b_375_2
119	Büro 375 - 04	04	c9bc2fc6-b9c8-4b47-a694-904d115d8972	https://rwm-ui-bcc6zao37a-oa.a.run.app/workplace/c9bc2fc6-b9c8-4b47-a694-904d115d8972	3	35	2022-02-28 02:08:18.668	2022-06-05 16:10:34.562	\N	1	BC9740FFFE10931F	\N	\N	b_375_4
124	Büro 379 - 01	01	1f54086c-613b-4231-8589-beee9285bd2d	https://rwm-ui-bcc6zao37a-oa.a.run.app/workplace/1f54086c-613b-4231-8589-beee9285bd2d	3	37	2022-02-28 02:10:44.797	2022-06-05 16:10:46.076	\N	1	BC9740FFFE1092E7	\N	\N	b_379_1
120	Büro 377 - 01	01	7c31b3d5-fc3a-44be-be22-b64d261718de	https://rwm-ui-bcc6zao37a-oa.a.run.app/workplace/7c31b3d5-fc3a-44be-be22-b64d261718de	3	36	2022-02-28 02:09:01.72	2022-06-05 16:10:51.09	\N	1	BC9740FFFE1092EA	\N	\N	b_377_1
125	Büro 379 - 02	02	00c7ecd3-c59c-418a-9587-b3e0ba7153e6	https://rwm-ui-bcc6zao37a-oa.a.run.app/workplace/00c7ecd3-c59c-418a-9587-b3e0ba7153e6	3	37	2022-02-28 02:11:07.389	2022-06-05 16:10:57.619	\N	1	BC9740FFFE1092E0	\N	\N	b_379_2
92	Büro 242 - 01	01	1e55dc11-2ad3-4777-a757-c3e216416f36	https://rwm-ui-bcc6zao37a-oa.a.run.app/workplace/1e55dc11-2ad3-4777-a757-c3e216416f36	2	20	2022-02-28 01:55:31.234	2022-05-29 17:50:44.418	\N	1	BC9740FFFE109306	\N	\N	b_242_1
186	Büro 490 - 01	01	2a7ce285-5d8c-48d4-bb43-8ce8472f4626	https://rwm-ui-bcc6zao37a-oa.a.run.app/workplace/2a7ce285-5d8c-48d4-bb43-8ce8472f4626	4	54	2022-02-28 02:49:28.858	2022-06-03 13:43:52.156	\N	1	BC9740FFFE108C74	\N	\N	b_490_1
154	Büro 398 - 01	01	5f840f56-779f-490b-8ca8-7078e9b0e00b	https://rwm-ui-bcc6zao37a-oa.a.run.app/workplace/5f840f56-779f-490b-8ca8-7078e9b0e00b	3	45	2022-02-28 02:26:25.119	2022-06-05 16:01:36.686	\N	1	BC9740FFFE1092F5	\N	\N	b_398_1
155	Büro 398 - 02	02	a7d4d9c4-5d9f-4306-9f1b-9e88d0b90488	https://rwm-ui-bcc6zao37a-oa.a.run.app/workplace/a7d4d9c4-5d9f-4306-9f1b-9e88d0b90488	3	45	2022-02-28 02:26:40.511	2022-06-05 16:01:59.445	\N	1	BC9740FFFE1092F6	\N	\N	b_398_2
157	Büro 398 - 04	04	6c1c73ed-4e8b-4d72-b5e8-15bbe9e93b8b	https://rwm-ui-bcc6zao37a-oa.a.run.app/workplace/6c1c73ed-4e8b-4d72-b5e8-15bbe9e93b8b	3	45	2022-02-28 02:27:05.126	2022-06-05 16:02:15.799	\N	1	BC9740FFFE1092F3	\N	\N	b_398_4
158	Büro 475 - 01	01	8ce37538-b1a2-422f-b25d-964a9f7cade4	https://rwm-ui-bcc6zao37a-oa.a.run.app/workplace/8ce37538-b1a2-422f-b25d-964a9f7cade4	4	46	2022-02-28 02:37:20.96	2022-06-05 16:02:51.539	\N	1	BC9740FFFE108C8A	\N	\N	b_475_1
159	Büro 475 - 02	02	6bf63a21-82aa-4c61-ae66-feb64c03f452	https://rwm-ui-bcc6zao37a-oa.a.run.app/workplace/6bf63a21-82aa-4c61-ae66-feb64c03f452	4	46	2022-02-28 02:37:45.791	2022-06-05 16:03:00.198	\N	1	BC9740FFFE108C88	\N	\N	b_475_2
161	Büro 477 - 02	02	4b01b88d-e1ae-4268-a04f-c24333b8934a	https://rwm-ui-bcc6zao37a-oa.a.run.app/workplace/4b01b88d-e1ae-4268-a04f-c24333b8934a	4	47	2022-02-28 02:38:52.034	2022-06-05 16:03:16.91	\N	1	BC9740FFFE108C89	\N	\N	b_477_2
162	Büro 477 - 03	03	1d6ccc04-16c6-459f-8861-c81e199854b9	https://rwm-ui-bcc6zao37a-oa.a.run.app/workplace/1d6ccc04-16c6-459f-8861-c81e199854b9	4	47	2022-02-28 02:39:05.711	2022-06-05 16:03:27.119	\N	1	BC9740FFFE108C81	\N	\N	b_477_3
163	Büro 477 - 04	04	ed8f3d49-73cb-4a4f-9e5e-35d4836e5a07	https://rwm-ui-bcc6zao37a-oa.a.run.app/workplace/ed8f3d49-73cb-4a4f-9e5e-35d4836e5a07	4	47	2022-02-28 02:39:17.377	2022-06-05 16:03:35.224	\N	1	BC9740FFFE108C8C	\N	\N	b_477_4
164	Büro 479 - 01	01	416aa227-cfab-4b10-a8ce-edbbcff1c7b4	https://rwm-ui-bcc6zao37a-oa.a.run.app/workplace/416aa227-cfab-4b10-a8ce-edbbcff1c7b4	4	48	2022-02-28 02:39:44.709	2022-06-05 16:03:48.52	\N	1	BC9740FFFE108C8D	\N	\N	b_479_1
165	Büro 479 - 02	02	0bf45298-6d0d-4206-9d00-7b20d1b72bcb	https://rwm-ui-bcc6zao37a-oa.a.run.app/workplace/0bf45298-6d0d-4206-9d00-7b20d1b72bcb	4	48	2022-02-28 02:40:02.761	2022-06-05 16:03:56.744	\N	1	BC9740FFFE108C7C	\N	\N	b_479_2
166	Büro 479 - 03	03	4cc29e48-ec46-40c4-8f42-ebae5bbd1b55	https://rwm-ui-bcc6zao37a-oa.a.run.app/workplace/4cc29e48-ec46-40c4-8f42-ebae5bbd1b55	4	48	2022-02-28 02:40:27.849	2022-06-05 16:04:32.224	\N	1	BC9740FFFE108C8B	\N	\N	b_479_3
167	Büro 479 - 04	04	1aa44df0-6be2-4992-a14f-af0a3a8f08ea	https://rwm-ui-bcc6zao37a-oa.a.run.app/workplace/1aa44df0-6be2-4992-a14f-af0a3a8f08ea	4	48	2022-02-28 02:40:47.45	2022-06-05 16:05:12.4	\N	1	BC9740FFFE108C90	\N	\N	b_479_4
169	Büro 481 - 02	02	a8a92ae9-9560-43a1-8689-0c1b46541441	https://rwm-ui-bcc6zao37a-oa.a.run.app/workplace/a8a92ae9-9560-43a1-8689-0c1b46541441	4	49	2022-02-28 02:42:48.897	2022-06-05 16:05:36.371	\N	1	BC9740FFFE108C78	\N	\N	b_481_2
168	Büro 481 - 01	01	ac8c10a9-2005-49e1-aaf9-36a93eacfd3e	https://rwm-ui-bcc6zao37a-oa.a.run.app/workplace/ac8c10a9-2005-49e1-aaf9-36a93eacfd3e	4	49	2022-02-28 02:41:29.076	2022-06-05 16:05:30.913	\N	1	BC9740FFFE108C8F	\N	\N	b_481_1
153	Büro 396 - 04	04	e3ddd388-d594-48bf-bd14-f1706bc02440	https://rwm-ui-bcc6zao37a-oa.a.run.app/workplace/e3ddd388-d594-48bf-bd14-f1706bc02440	3	44	2022-02-28 02:25:28.439	2022-06-05 16:05:45.691	\N	1	BC9740FFFE1092F4	\N	\N	b_396_4
171	Büro 481 - 04	04	a884fc54-9dac-4882-858d-3b1cb1dc6ca6	https://rwm-ui-bcc6zao37a-oa.a.run.app/workplace/a884fc54-9dac-4882-858d-3b1cb1dc6ca6	4	49	2022-02-28 02:43:38.822	2022-06-05 16:05:52.073	\N	1	BC9740FFFE108C79	\N	\N	b_481_4
172	Büro 483 - 01	01	6a0550f0-5130-4f67-8e39-49da32aef2b9	https://rwm-ui-bcc6zao37a-oa.a.run.app/workplace/6a0550f0-5130-4f67-8e39-49da32aef2b9	4	50	2022-02-28 02:44:12.335	2022-06-05 16:05:58.144	\N	1	BC9740FFFE108C7A	\N	\N	b_483_1
173	Büro 483 - 02	02	874de855-347a-42a2-a203-8159a7319b5a	https://rwm-ui-bcc6zao37a-oa.a.run.app/workplace/874de855-347a-42a2-a203-8159a7319b5a	4	50	2022-02-28 02:44:31.163	2022-06-05 16:06:20.928	\N	1	BC9740FFFE108C80	\N	\N	b_483_2
174	Büro 483 - 03	03	6cd7ae0d-2dd5-49b7-b89f-97f2c18c0dd3	https://rwm-ui-bcc6zao37a-oa.a.run.app/workplace/6cd7ae0d-2dd5-49b7-b89f-97f2c18c0dd3	4	50	2022-02-28 02:44:42.055	2022-06-05 16:06:29.033	\N	1	BC9740FFFE108C7F	\N	\N	b_483_3
175	Büro 483 - 04	04	abf10d62-e8f8-4fbf-ac2d-c4073433729a	https://rwm-ui-bcc6zao37a-oa.a.run.app/workplace/abf10d62-e8f8-4fbf-ac2d-c4073433729a	4	50	2022-02-28 02:44:53.258	2022-06-05 16:06:41.947	\N	1	BC9740FFFE108C8E	\N	\N	b_483_4
176	Büro 485 - 01	01	525a61cc-63b1-4a33-836e-7575d4267d90	https://rwm-ui-bcc6zao37a-oa.a.run.app/workplace/525a61cc-63b1-4a33-836e-7575d4267d90	4	51	2022-02-28 02:45:42.983	2022-06-05 16:06:59.203	\N	1	BC9740FFFE108C7E	\N	\N	b_485_1
177	Büro 485 - 02	02	44f9903a-294b-4a49-9413-a1ef8fa3f1b0	https://rwm-ui-bcc6zao37a-oa.a.run.app/workplace/44f9903a-294b-4a49-9413-a1ef8fa3f1b0	4	51	2022-02-28 02:45:57.902	2022-06-05 16:07:09.331	\N	1	BC9740FFFE108C7D	\N	\N	b_485_2
178	Büro 485 - 03	03	668a13e0-ff87-4b0b-8feb-63771160c69d	https://rwm-ui-bcc6zao37a-oa.a.run.app/workplace/668a13e0-ff87-4b0b-8feb-63771160c69d	4	51	2022-02-28 02:46:12.242	2022-06-05 16:07:21.5	\N	1	BC9740FFFE108C86	\N	\N	b_485_3
182	Büro 488 - 01	01	30e1b781-4d9d-49c5-9544-e30b680d974f	https://rwm-ui-bcc6zao37a-oa.a.run.app/workplace/30e1b781-4d9d-49c5-9544-e30b680d974f	4	53	2022-02-28 02:48:06.634	2022-06-05 16:07:27.593	\N	1	BC9740FFFE108C77	\N	\N	b_488_1
183	Büro 488 - 02	02	545e433c-a393-4072-89a8-d7bfe0653ebf	https://rwm-ui-bcc6zao37a-oa.a.run.app/workplace/545e433c-a393-4072-89a8-d7bfe0653ebf	4	53	2022-02-28 02:48:24.286	2022-06-05 16:07:34.116	\N	1	BC9740FFFE108C76	\N	\N	b_488_2
185	Büro 488 - 04	04	4708b154-44ba-41eb-97b6-89182ec70b0d	https://rwm-ui-bcc6zao37a-oa.a.run.app/workplace/4708b154-44ba-41eb-97b6-89182ec70b0d	4	53	2022-02-28 02:48:47.36	2022-06-05 16:08:07.316	\N	1	BC9740FFFE108C73	\N	\N	b_488_4
184	Büro 488 - 03	03	593deaf7-655f-4c26-b418-79ef2583c82a	https://rwm-ui-bcc6zao37a-oa.a.run.app/workplace/593deaf7-655f-4c26-b418-79ef2583c82a	4	53	2022-02-28 02:48:35.025	2022-06-05 16:07:40.87	\N	1	BC9740FFFE108C75	\N	\N	b_488_3
180	Büro 487 - 01	01	67524bc2-238b-4571-b141-d0191c44c853	https://rwm-ui-bcc6zao37a-oa.a.run.app/workplace/67524bc2-238b-4571-b141-d0191c44c853	4	52	2022-02-28 02:47:10.717	2022-06-07 11:16:35.644	\N	1	\N	\N	2	b_487_1
181	Büro 487 - 02	02	a0aba337-40ed-493f-b2ca-18fb4eda714e	https://rwm-ui-bcc6zao37a-oa.a.run.app/workplace/a0aba337-40ed-493f-b2ca-18fb4eda714e	4	52	2022-02-28 02:47:31.428	2022-06-07 11:16:39.144	\N	1	\N	\N	2	b_487_2
37	Büro 214 - 02	02	b527cd08-4a44-4a39-91a7-4062140a18c3	https://rwm-ui-bcc6zao37a-oa.a.run.app/workplace/b527cd08-4a44-4a39-91a7-4062140a18c3	2	27	2022-02-27 17:35:58.147	2022-05-29 17:42:34.007	\N	1	BC9740FFFE1092D0	\N	\N	b_214_2
59	Büro 214 - 24	24	f491b6b8-e7c2-484e-928f-97a2b9eee499	https://rwm-ui-bcc6zao37a-oa.a.run.app/workplace/f491b6b8-e7c2-484e-928f-97a2b9eee499	2	27	2022-02-27 17:41:54.715	2022-05-29 17:47:06.248	\N	1	BC9740FFFE1092F7	\N	\N	b_214_24
69	Büro 231 - 02	02	418b1682-f64e-40bc-81f5-cbbe520aef53	https://rwm-ui-bcc6zao37a-oa.a.run.app/workplace/418b1682-f64e-40bc-81f5-cbbe520aef53	2	28	2022-02-27 17:45:24.425	2022-05-29 17:48:20.152	\N	1	BC9740FFFE1092CD	\N	\N	b_231_2
191	Büro 495 - 01	01	010ea56a-2250-4826-8817-181d396f8bd0	https://rwm-ui-bcc6zao37a-oa.a.run.app/workplace/010ea56a-2250-4826-8817-181d396f8bd0	4	56	2022-02-28 02:51:52.339	2022-06-05 16:08:39.681	\N	1	\N	\N	\N	b_495_1
192	Büro 497 - 01	01	d5e32968-7a9f-4302-9dba-45d162207667	https://rwm-ui-bcc6zao37a-oa.a.run.app/workplace/d5e32968-7a9f-4302-9dba-45d162207667	4	57	2022-02-28 02:52:12.43	2022-06-05 16:08:47.079	\N	1	\N	\N	\N	b_497_1
132	Büro 384 - 01	01	43321a1b-5bc9-471d-a763-23a59296a8c3	https://rwm-ui-bcc6zao37a-oa.a.run.app/workplace/43321a1b-5bc9-471d-a763-23a59296a8c3	3	39	2022-02-28 02:15:41.658	2022-06-05 16:09:01.939	\N	1	BC9740FFFE1092BD	\N	\N	b_384_1
74	Büro 234 - 01	01	1b81c1b3-88ef-4cef-ae0a-373014582dd2	https://rwm-ui-bcc6zao37a-oa.a.run.app/workplace/1b81c1b3-88ef-4cef-ae0a-373014582dd2	2	30	2022-02-27 17:48:32.843	2022-05-29 17:49:12.588	\N	1	BC9740FFFE109313	\N	\N	b_234_1
79	Büro 252 - 03	03	82a3f8c0-ba39-475c-9197-130826ca2fe8	https://rwm-ui-bcc6zao37a-oa.a.run.app/workplace/82a3f8c0-ba39-475c-9197-130826ca2fe8	2	17	2022-02-27 18:03:22.595	2022-05-29 17:52:14.579	\N	1	BC9740FFFE1092BB	\N	\N	b_252_3
160	Büro 477 - 01	01	ef1be346-209c-4654-9119-848fdca85b89	https://rwm-ui-bcc6zao37a-oa.a.run.app/workplace/ef1be346-209c-4654-9119-848fdca85b89	4	47	2022-02-28 02:38:41.293	2022-06-05 16:09:28.189	\N	1	BC9740FFFE108C87	\N	\N	b_477_1
50	Büro 214 - 15	15	c77626df-f5f6-43c4-b179-014fdebe4170	https://rwm-ui-bcc6zao37a-oa.a.run.app/workplace/c77626df-f5f6-43c4-b179-014fdebe4170	2	27	2022-02-27 17:39:44.841	2022-05-29 17:44:50.206	\N	1	BC9740FFFE1092FF	\N	\N	b_214_15
33	Büro 254 - 01	01	9612519f-689d-409e-aab8-215195f62f5e	https://rwm-ui-bcc6zao37a-oa.a.run.app/workplace/9612519f-689d-409e-aab8-215195f62f5e	2	16	2022-02-27 17:29:00.915	2022-05-29 17:52:22.29	\N	1	BC9740FFFE1092C6	\N	\N	b_254_1
90	Büro 201 - 07	07	349a0b19-d166-4cf2-bc9c-d3a88c5cb291	https://rwm-ui-bcc6zao37a-oa.a.run.app/workplace/349a0b19-d166-4cf2-bc9c-d3a88c5cb291	2	19	2022-02-27 18:07:03.017	2022-05-29 17:36:57.664	\N	1	BC9740FFFE109317	\N	\N	b_201_7
115	Büro 212 - 02	02	8213d996-b222-4445-82d1-355a8638e030	https://rwm-ui-bcc6zao37a-oa.a.run.app/workplace/8213d996-b222-4445-82d1-355a8638e030	2	26	2022-02-28 02:05:24.051	2022-05-29 17:42:11.054	\N	1	BC9740FFFE10930E	\N	\N	b_212_2
36	Büro 214 - 01	01	043a0d25-32fe-45df-a9bf-dd0a89435d03	https://rwm-ui-bcc6zao37a-oa.a.run.app/workplace/043a0d25-32fe-45df-a9bf-dd0a89435d03	2	27	2022-02-27 17:35:35.159	2022-05-29 17:42:19.072	\N	1	BC9740FFFE1092CE	\N	\N	b_214_1
39	Büro 214 - 04	04	7c7d8b37-67fc-4dc0-be73-8e62adeaa7c4	https://rwm-ui-bcc6zao37a-oa.a.run.app/workplace/7c7d8b37-67fc-4dc0-be73-8e62adeaa7c4	2	27	2022-02-27 17:36:27.899	2022-05-29 17:42:46.097	\N	1	BC9740FFFE1092CF	\N	\N	b_214_4
40	Büro 214 - 05	05	57f76ce2-1604-481f-ab0a-52538ee1617e	https://rwm-ui-bcc6zao37a-oa.a.run.app/workplace/57f76ce2-1604-481f-ab0a-52538ee1617e	2	27	2022-02-27 17:36:41.063	2022-05-29 17:42:51.305	\N	1	BC9740FFFE1092CC	\N	\N	b_214_5
41	Büro 214 - 06	06	c59cd1cc-0705-41f8-a7e5-dbce62c650d4	https://rwm-ui-bcc6zao37a-oa.a.run.app/workplace/c59cd1cc-0705-41f8-a7e5-dbce62c650d4	2	27	2022-02-27 17:36:55.196	2022-05-29 17:43:00.125	\N	1	BC9740FFFE1092B5	\N	\N	b_214_6
110	Büro 238 - 04	04	9e149a22-9db2-4feb-af3e-97b6cac7e86a	https://rwm-ui-bcc6zao37a-oa.a.run.app/workplace/9e149a22-9db2-4feb-af3e-97b6cac7e86a	2	22	2022-02-28 02:03:16.787	2022-05-29 17:49:58.214	\N	1	BC9740FFFE109303	\N	\N	b_238_4
94	Büro 242 - 04	04	1086d50d-bc45-4c3e-940b-a5be4a520bbd	https://rwm-ui-bcc6zao37a-oa.a.run.app/workplace/1086d50d-bc45-4c3e-940b-a5be4a520bbd	2	20	2022-02-28 01:56:11.875	2022-06-20 10:37:00.904	\N	1	BC9740FFFE109311	\N	\N	b_242_4
31	Büro 256 - 02	02	7ca735c1-31f7-4a77-9494-0f20e2f7cace	https://rwm-ui-bcc6zao37a-oa.a.run.app/workplace/7ca735c1-31f7-4a77-9494-0f20e2f7cace	2	15	2022-02-27 17:27:41.714	2022-05-29 17:52:53.016	\N	1	BC9740FFFE10931C	\N	\N	b_256_2
190	Büro 494 - 01	01	907229ce-00d2-401c-8363-304e61ee97a5	https://rwm-ui-bcc6zao37a-oa.a.run.app/workplace/907229ce-00d2-401c-8363-304e61ee97a5	4	55	2022-02-28 02:51:02.531	2022-06-05 16:08:33.756	\N	1	\N	\N	\N	b_494_1
193	Büro 269 - 06	06	2d3b7ff6-3728-4671-a79f-ed05ea13c08c	https://rwm-ui-bcc6zao37a-oa.a.run.app/workplace/2d3b7ff6-3728-4671-a79f-ed05ea13c08c	2	11	2022-03-30 19:43:39.007	2022-05-29 17:57:33.17	\N	1	BC9740FFFE10931A	\N	\N	b_269_6
1	Büro 264 - 01	01	1673f404-0b6e-44b1-b5b9-d0f82b13cb6f	https://rwm-ui-bcc6zao37a-oa.a.run.app/workplace/1673f404-0b6e-44b1-b5b9-d0f82b13cb6f	2	1	2022-02-26 04:10:54.185	2022-05-29 17:58:49.544	\N	1	\N	\N	2	b_264_1
27	Büro 257 - 09	09	a9409159-141e-4706-921e-c6913d7eb894	https://rwm-ui-bcc6zao37a-oa.a.run.app/workplace/a9409159-141e-4706-921e-c6913d7eb894	2	14	2022-02-27 17:25:43.852	2022-05-29 18:01:09.065	\N	1	\N	\N	2	b_257_9
143	Büro 390 - 02	02	c3712092-26c8-4d97-abc7-12d27bada26d	https://rwm-ui-bcc6zao37a-oa.a.run.app/workplace/c3712092-26c8-4d97-abc7-12d27bada26d	3	42	2022-02-28 02:21:58.719	2022-06-05 16:09:08.341	\N	1	BC9740FFFE1092C4	\N	\N	b_390_2
152	Büro 396 - 03	03	0635aea9-1cf2-45bc-8e46-412e10d4a7c5	https://rwm-ui-bcc6zao37a-oa.a.run.app/workplace/0635aea9-1cf2-45bc-8e46-412e10d4a7c5	3	44	2022-02-28 02:25:16.806	2022-06-05 16:09:15.125	\N	1	BC9740FFFE1092BE	\N	\N	b_396_3
118	Büro 375 - 03	03	79e99c24-d466-4ad1-a5d0-0927e05f5ed6	https://rwm-ui-bcc6zao37a-oa.a.run.app/workplace/79e99c24-d466-4ad1-a5d0-0927e05f5ed6	3	35	2022-02-28 02:07:55.523	2022-06-05 16:09:22.404	\N	1		\N	\N	b_375_3
170	Büro 481 - 03	03	fdaf91cc-c7f8-4dd3-93d1-ad6786b4f590	https://rwm-ui-bcc6zao37a-oa.a.run.app/workplace/fdaf91cc-c7f8-4dd3-93d1-ad6786b4f590	4	49	2022-02-28 02:43:24.089	2022-06-05 16:09:38.424	\N	1	BC9740FFFE108C7B	\N	\N	b_481_3
179	Büro 485 - 04	04	0ab9685c-ff67-409a-a094-b467d85ca8ad	https://rwm-ui-bcc6zao37a-oa.a.run.app/workplace/0ab9685c-ff67-409a-a094-b467d85ca8ad	4	51	2022-02-28 02:46:28.313	2022-06-05 16:09:46.892	\N	1	BC9740FFFE108CAE	\N	\N	b_485_4
188	Büro 490 - 03	03	1dc5bc89-26da-4005-bb08-ada28717f142	https://rwm-ui-bcc6zao37a-oa.a.run.app/workplace/1dc5bc89-26da-4005-bb08-ada28717f142	4	54	2022-02-28 02:49:56.018	2022-06-05 16:09:53.315	\N	1	BC9740FFFE108CAC	\N	\N	b_490_3
189	Büro 490 - 04	04	de070c63-df6a-4a6e-b27d-085f14c7da04	https://rwm-ui-bcc6zao37a-oa.a.run.app/workplace/de070c63-df6a-4a6e-b27d-085f14c7da04	4	54	2022-02-28 02:50:11.376	2022-06-05 16:10:01.347	\N	1	BC9740FFFE108C85	\N	\N	b_490_4
100	Propeller-Bar 242 - 03	03	97343202-a21a-4493-a54e-14e7812fd303	https://rwm-ui-bcc6zao37a-oa.a.run.app/workplace/97343202-a21a-4493-a54e-14e7812fd303	2	20	2022-02-28 01:57:56.848	2022-06-23 08:15:17.742	\N	1	\N	\N	\N	b_p_242_3
84	Büro 201 - 01	01	7142287a-04c4-40f6-a2c7-1d943ced9017	https://rwm-ui-bcc6zao37a-oa.a.run.app/workplace/7142287a-04c4-40f6-a2c7-1d943ced9017	2	19	2022-02-27 18:05:38.925	2022-05-31 23:46:29.067	\N	1		\N	2	b_201_1
156	Büro 398 - 03	03	aafd7290-d56e-458c-a068-a1e62c5831d2	https://rwm-ui-bcc6zao37a-oa.a.run.app/workplace/aafd7290-d56e-458c-a068-a1e62c5831d2	3	45	2022-02-28 02:26:53.766	2022-06-05 16:02:09.818	\N	1	BC9740FFFE1092F2	\N	\N	b_398_3
187	Büro 490 - 02	02	6b78f539-c97b-432e-829a-bcab8c4f6496	https://rwm-ui-bcc6zao37a-oa.a.run.app/workplace/6b78f539-c97b-432e-829a-bcab8c4f6496	4	54	2022-02-28 02:49:44.257	2022-06-05 16:08:23.804	\N	1	BC9740FFFE108CAD	\N	\N	b_490_2
122	Büro 377 - 03	03	785f8244-399b-4663-8dda-cae62dfd3a56	https://rwm-ui-bcc6zao37a-oa.a.run.app/workplace/785f8244-399b-4663-8dda-cae62dfd3a56	3	36	2022-02-28 02:09:42.919	2022-06-05 16:08:55.395	\N	1	BC9740FFFE109320	\N	\N	b_377_3
123	Büro 377 - 04	04	d7c1db18-36c4-4d5a-8484-0f48d01ac62b	https://rwm-ui-bcc6zao37a-oa.a.run.app/workplace/d7c1db18-36c4-4d5a-8484-0f48d01ac62b	3	36	2022-02-28 02:09:59.236	2022-06-05 16:10:26.673	\N	1	BC9740FFFE1092B7	\N	\N	b_377_4
195	Büro 214 - 33	33	8ab7bee2-99c2-421b-9878-fbc5d9701551	https://rwm-ui-bcc6zao37a-oa.a.run.app/workplace/8ab7bee2-99c2-421b-9878-fbc5d9701551	2	27	2022-08-29 13:04:08.491	2022-08-29 13:06:05.265	\N	1	BC9740FFFE108C82	f	\N	b_214_33
196	Büro 214 - 34	34	30d22c08-7d14-414e-b95a-08b4a2774617	https://rwm-ui-bcc6zao37a-oa.a.run.app/workplace/30d22c08-7d14-414e-b95a-08b4a2774617	2	27	2022-08-29 13:04:21.933	2022-08-29 13:08:28.691	\N	1	BC9740FFFE108C83	f	\N	b_214_34
197	Büro 214 - 35	35	357aaeaf-32a8-4b4b-a994-659f931ffb2e	https://rwm-ui-bcc6zao37a-oa.a.run.app/workplace/357aaeaf-32a8-4b4b-a994-659f931ffb2e	2	27	2022-08-29 13:04:28.374	2022-08-29 13:09:21.978	\N	1	BC9740FFFE108C84	f	\N	b_214_35
198	Büro 214 - 36	36	d1ebac41-2c33-4c2f-93d3-ac12b3b04b9e	https://rwm-ui-bcc6zao37a-oa.a.run.app/workplace/d1ebac41-2c33-4c2f-93d3-ac12b3b04b9e	2	27	2022-08-29 13:04:34.303	2022-08-29 13:10:41.8	\N	1	BC9740FFFE108CAA	f	\N	b_214_36
\.


--
-- Name: activity_histories_id_seq; Type: SEQUENCE SET; Schema: public; Owner: -
--

SELECT pg_catalog.setval('public.activity_histories_id_seq', 204522, true);


--
-- Name: admin_permissions_id_seq; Type: SEQUENCE SET; Schema: public; Owner: -
--

SELECT pg_catalog.setval('public.admin_permissions_id_seq', 206, true);


--
-- Name: admin_permissions_role_links_id_seq; Type: SEQUENCE SET; Schema: public; Owner: -
--

SELECT pg_catalog.setval('public.admin_permissions_role_links_id_seq', 133, true);


--
-- Name: admin_roles_id_seq; Type: SEQUENCE SET; Schema: public; Owner: -
--

SELECT pg_catalog.setval('public.admin_roles_id_seq', 3, true);


--
-- Name: admin_users_id_seq; Type: SEQUENCE SET; Schema: public; Owner: -
--

SELECT pg_catalog.setval('public.admin_users_id_seq', 2, true);


--
-- Name: admin_users_roles_links_id_seq; Type: SEQUENCE SET; Schema: public; Owner: -
--

SELECT pg_catalog.setval('public.admin_users_roles_links_id_seq', 2, true);


--
-- Name: files_folder_links_id_seq; Type: SEQUENCE SET; Schema: public; Owner: -
--

SELECT pg_catalog.setval('public.files_folder_links_id_seq', 1, false);


--
-- Name: files_id_seq; Type: SEQUENCE SET; Schema: public; Owner: -
--

SELECT pg_catalog.setval('public.files_id_seq', 1, false);


--
-- Name: files_related_morphs_id_seq; Type: SEQUENCE SET; Schema: public; Owner: -
--

SELECT pg_catalog.setval('public.files_related_morphs_id_seq', 1, false);


--
-- Name: floors_id_seq; Type: SEQUENCE SET; Schema: public; Owner: -
--

SELECT pg_catalog.setval('public.floors_id_seq', 5, true);


--
-- Name: i18n_locale_id_seq; Type: SEQUENCE SET; Schema: public; Owner: -
--

SELECT pg_catalog.setval('public.i18n_locale_id_seq', 1, true);


--
-- Name: profiles_id_seq; Type: SEQUENCE SET; Schema: public; Owner: -
--

SELECT pg_catalog.setval('public.profiles_id_seq', 33, true);


--
-- Name: rooms_id_seq; Type: SEQUENCE SET; Schema: public; Owner: -
--

SELECT pg_catalog.setval('public.rooms_id_seq', 57, true);


--
-- Name: schedule_histories_id_seq; Type: SEQUENCE SET; Schema: public; Owner: -
--

SELECT pg_catalog.setval('public.schedule_histories_id_seq', 107796, true);


--
-- Name: schedules_id_seq; Type: SEQUENCE SET; Schema: public; Owner: -
--

SELECT pg_catalog.setval('public.schedules_id_seq', 173532, true);


--
-- Name: sensor_activities_id_seq; Type: SEQUENCE SET; Schema: public; Owner: -
--

SELECT pg_catalog.setval('public.sensor_activities_id_seq', 162, true);


--
-- Name: sensors_id_seq; Type: SEQUENCE SET; Schema: public; Owner: -
--

SELECT pg_catalog.setval('public.sensors_id_seq', 1, false);


--
-- Name: strapi_api_token_permissions_id_seq; Type: SEQUENCE SET; Schema: public; Owner: -
--

SELECT pg_catalog.setval('public.strapi_api_token_permissions_id_seq', 1, false);


--
-- Name: strapi_api_token_permissions_token_links_id_seq; Type: SEQUENCE SET; Schema: public; Owner: -
--

SELECT pg_catalog.setval('public.strapi_api_token_permissions_token_links_id_seq', 1, false);


--
-- Name: strapi_api_tokens_id_seq; Type: SEQUENCE SET; Schema: public; Owner: -
--

SELECT pg_catalog.setval('public.strapi_api_tokens_id_seq', 1, true);


--
-- Name: strapi_core_store_settings_id_seq; Type: SEQUENCE SET; Schema: public; Owner: -
--

SELECT pg_catalog.setval('public.strapi_core_store_settings_id_seq', 30, true);


--
-- Name: strapi_database_schema_id_seq; Type: SEQUENCE SET; Schema: public; Owner: -
--

SELECT pg_catalog.setval('public.strapi_database_schema_id_seq', 22, true);


--
-- Name: strapi_migrations_id_seq; Type: SEQUENCE SET; Schema: public; Owner: -
--

SELECT pg_catalog.setval('public.strapi_migrations_id_seq', 1, false);


--
-- Name: strapi_webhooks_id_seq; Type: SEQUENCE SET; Schema: public; Owner: -
--

SELECT pg_catalog.setval('public.strapi_webhooks_id_seq', 1, false);


--
-- Name: up_permissions_id_seq; Type: SEQUENCE SET; Schema: public; Owner: -
--

SELECT pg_catalog.setval('public.up_permissions_id_seq', 128, true);


--
-- Name: up_permissions_role_links_id_seq; Type: SEQUENCE SET; Schema: public; Owner: -
--

SELECT pg_catalog.setval('public.up_permissions_role_links_id_seq', 115, true);


--
-- Name: up_roles_id_seq; Type: SEQUENCE SET; Schema: public; Owner: -
--

SELECT pg_catalog.setval('public.up_roles_id_seq', 2, true);


--
-- Name: up_users_id_seq; Type: SEQUENCE SET; Schema: public; Owner: -
--

SELECT pg_catalog.setval('public.up_users_id_seq', 131, true);


--
-- Name: up_users_role_links_id_seq; Type: SEQUENCE SET; Schema: public; Owner: -
--

SELECT pg_catalog.setval('public.up_users_role_links_id_seq', 81, true);


--
-- Name: upload_folders_id_seq; Type: SEQUENCE SET; Schema: public; Owner: -
--

SELECT pg_catalog.setval('public.upload_folders_id_seq', 1, false);


--
-- Name: upload_folders_parent_links_id_seq; Type: SEQUENCE SET; Schema: public; Owner: -
--

SELECT pg_catalog.setval('public.upload_folders_parent_links_id_seq', 1, false);


--
-- Name: workplaces_id_seq; Type: SEQUENCE SET; Schema: public; Owner: -
--

SELECT pg_catalog.setval('public.workplaces_id_seq', 198, true);


--
-- Name: activity_histories activity_histories_pkey; Type: CONSTRAINT; Schema: public; Owner: -
--

ALTER TABLE ONLY public.activity_histories
    ADD CONSTRAINT activity_histories_pkey PRIMARY KEY (id);


--
-- Name: admin_permissions admin_permissions_pkey; Type: CONSTRAINT; Schema: public; Owner: -
--

ALTER TABLE ONLY public.admin_permissions
    ADD CONSTRAINT admin_permissions_pkey PRIMARY KEY (id);


--
-- Name: admin_permissions_role_links admin_permissions_role_links_pkey; Type: CONSTRAINT; Schema: public; Owner: -
--

ALTER TABLE ONLY public.admin_permissions_role_links
    ADD CONSTRAINT admin_permissions_role_links_pkey PRIMARY KEY (id);


--
-- Name: admin_roles admin_roles_pkey; Type: CONSTRAINT; Schema: public; Owner: -
--

ALTER TABLE ONLY public.admin_roles
    ADD CONSTRAINT admin_roles_pkey PRIMARY KEY (id);


--
-- Name: admin_users admin_users_pkey; Type: CONSTRAINT; Schema: public; Owner: -
--

ALTER TABLE ONLY public.admin_users
    ADD CONSTRAINT admin_users_pkey PRIMARY KEY (id);


--
-- Name: admin_users_roles_links admin_users_roles_links_pkey; Type: CONSTRAINT; Schema: public; Owner: -
--

ALTER TABLE ONLY public.admin_users_roles_links
    ADD CONSTRAINT admin_users_roles_links_pkey PRIMARY KEY (id);


--
-- Name: files_folder_links files_folder_links_pkey; Type: CONSTRAINT; Schema: public; Owner: -
--

ALTER TABLE ONLY public.files_folder_links
    ADD CONSTRAINT files_folder_links_pkey PRIMARY KEY (id);


--
-- Name: files files_pkey; Type: CONSTRAINT; Schema: public; Owner: -
--

ALTER TABLE ONLY public.files
    ADD CONSTRAINT files_pkey PRIMARY KEY (id);


--
-- Name: files_related_morphs files_related_morphs_pkey; Type: CONSTRAINT; Schema: public; Owner: -
--

ALTER TABLE ONLY public.files_related_morphs
    ADD CONSTRAINT files_related_morphs_pkey PRIMARY KEY (id);


--
-- Name: floors floors_pkey; Type: CONSTRAINT; Schema: public; Owner: -
--

ALTER TABLE ONLY public.floors
    ADD CONSTRAINT floors_pkey PRIMARY KEY (id);


--
-- Name: i18n_locale i18n_locale_pkey; Type: CONSTRAINT; Schema: public; Owner: -
--

ALTER TABLE ONLY public.i18n_locale
    ADD CONSTRAINT i18n_locale_pkey PRIMARY KEY (id);


--
-- Name: profiles profiles_pkey; Type: CONSTRAINT; Schema: public; Owner: -
--

ALTER TABLE ONLY public.profiles
    ADD CONSTRAINT profiles_pkey PRIMARY KEY (id);


--
-- Name: rooms rooms_pkey; Type: CONSTRAINT; Schema: public; Owner: -
--

ALTER TABLE ONLY public.rooms
    ADD CONSTRAINT rooms_pkey PRIMARY KEY (id);


--
-- Name: schedule_histories schedule_histories_pkey; Type: CONSTRAINT; Schema: public; Owner: -
--

ALTER TABLE ONLY public.schedule_histories
    ADD CONSTRAINT schedule_histories_pkey PRIMARY KEY (id);


--
-- Name: schedules schedules_pkey; Type: CONSTRAINT; Schema: public; Owner: -
--

ALTER TABLE ONLY public.schedules
    ADD CONSTRAINT schedules_pkey PRIMARY KEY (id);


--
-- Name: sensor_activities sensor_activities_pkey; Type: CONSTRAINT; Schema: public; Owner: -
--

ALTER TABLE ONLY public.sensor_activities
    ADD CONSTRAINT sensor_activities_pkey PRIMARY KEY (id);


--
-- Name: sensors sensors_pkey; Type: CONSTRAINT; Schema: public; Owner: -
--

ALTER TABLE ONLY public.sensors
    ADD CONSTRAINT sensors_pkey PRIMARY KEY (id);


--
-- Name: strapi_api_token_permissions strapi_api_token_permissions_pkey; Type: CONSTRAINT; Schema: public; Owner: -
--

ALTER TABLE ONLY public.strapi_api_token_permissions
    ADD CONSTRAINT strapi_api_token_permissions_pkey PRIMARY KEY (id);


--
-- Name: strapi_api_token_permissions_token_links strapi_api_token_permissions_token_links_pkey; Type: CONSTRAINT; Schema: public; Owner: -
--

ALTER TABLE ONLY public.strapi_api_token_permissions_token_links
    ADD CONSTRAINT strapi_api_token_permissions_token_links_pkey PRIMARY KEY (id);


--
-- Name: strapi_api_tokens strapi_api_tokens_pkey; Type: CONSTRAINT; Schema: public; Owner: -
--

ALTER TABLE ONLY public.strapi_api_tokens
    ADD CONSTRAINT strapi_api_tokens_pkey PRIMARY KEY (id);


--
-- Name: strapi_core_store_settings strapi_core_store_settings_pkey; Type: CONSTRAINT; Schema: public; Owner: -
--

ALTER TABLE ONLY public.strapi_core_store_settings
    ADD CONSTRAINT strapi_core_store_settings_pkey PRIMARY KEY (id);


--
-- Name: strapi_database_schema strapi_database_schema_pkey; Type: CONSTRAINT; Schema: public; Owner: -
--

ALTER TABLE ONLY public.strapi_database_schema
    ADD CONSTRAINT strapi_database_schema_pkey PRIMARY KEY (id);


--
-- Name: strapi_migrations strapi_migrations_pkey; Type: CONSTRAINT; Schema: public; Owner: -
--

ALTER TABLE ONLY public.strapi_migrations
    ADD CONSTRAINT strapi_migrations_pkey PRIMARY KEY (id);


--
-- Name: strapi_webhooks strapi_webhooks_pkey; Type: CONSTRAINT; Schema: public; Owner: -
--

ALTER TABLE ONLY public.strapi_webhooks
    ADD CONSTRAINT strapi_webhooks_pkey PRIMARY KEY (id);


--
-- Name: up_permissions up_permissions_pkey; Type: CONSTRAINT; Schema: public; Owner: -
--

ALTER TABLE ONLY public.up_permissions
    ADD CONSTRAINT up_permissions_pkey PRIMARY KEY (id);


--
-- Name: up_permissions_role_links up_permissions_role_links_pkey; Type: CONSTRAINT; Schema: public; Owner: -
--

ALTER TABLE ONLY public.up_permissions_role_links
    ADD CONSTRAINT up_permissions_role_links_pkey PRIMARY KEY (id);


--
-- Name: up_roles up_roles_pkey; Type: CONSTRAINT; Schema: public; Owner: -
--

ALTER TABLE ONLY public.up_roles
    ADD CONSTRAINT up_roles_pkey PRIMARY KEY (id);


--
-- Name: up_users up_users_pkey; Type: CONSTRAINT; Schema: public; Owner: -
--

ALTER TABLE ONLY public.up_users
    ADD CONSTRAINT up_users_pkey PRIMARY KEY (id);


--
-- Name: up_users_role_links up_users_role_links_pkey; Type: CONSTRAINT; Schema: public; Owner: -
--

ALTER TABLE ONLY public.up_users_role_links
    ADD CONSTRAINT up_users_role_links_pkey PRIMARY KEY (id);


--
-- Name: upload_folders_parent_links upload_folders_parent_links_pkey; Type: CONSTRAINT; Schema: public; Owner: -
--

ALTER TABLE ONLY public.upload_folders_parent_links
    ADD CONSTRAINT upload_folders_parent_links_pkey PRIMARY KEY (id);


--
-- Name: upload_folders upload_folders_path_id_index; Type: CONSTRAINT; Schema: public; Owner: -
--

ALTER TABLE ONLY public.upload_folders
    ADD CONSTRAINT upload_folders_path_id_index UNIQUE (path_id);


--
-- Name: upload_folders upload_folders_path_index; Type: CONSTRAINT; Schema: public; Owner: -
--

ALTER TABLE ONLY public.upload_folders
    ADD CONSTRAINT upload_folders_path_index UNIQUE (path);


--
-- Name: upload_folders upload_folders_pkey; Type: CONSTRAINT; Schema: public; Owner: -
--

ALTER TABLE ONLY public.upload_folders
    ADD CONSTRAINT upload_folders_pkey PRIMARY KEY (id);


--
-- Name: workplaces workplaces_pkey; Type: CONSTRAINT; Schema: public; Owner: -
--

ALTER TABLE ONLY public.workplaces
    ADD CONSTRAINT workplaces_pkey PRIMARY KEY (id);


--
-- Name: activity_histories_created_by_id_fk; Type: INDEX; Schema: public; Owner: -
--

CREATE INDEX activity_histories_created_by_id_fk ON public.activity_histories USING btree (created_by_id);


--
-- Name: activity_histories_updated_by_id_fk; Type: INDEX; Schema: public; Owner: -
--

CREATE INDEX activity_histories_updated_by_id_fk ON public.activity_histories USING btree (updated_by_id);


--
-- Name: admin_permissions_created_by_id_fk; Type: INDEX; Schema: public; Owner: -
--

CREATE INDEX admin_permissions_created_by_id_fk ON public.admin_permissions USING btree (created_by_id);


--
-- Name: admin_permissions_role_links_fk; Type: INDEX; Schema: public; Owner: -
--

CREATE INDEX admin_permissions_role_links_fk ON public.admin_permissions_role_links USING btree (permission_id);


--
-- Name: admin_permissions_role_links_inv_fk; Type: INDEX; Schema: public; Owner: -
--

CREATE INDEX admin_permissions_role_links_inv_fk ON public.admin_permissions_role_links USING btree (role_id);


--
-- Name: admin_permissions_updated_by_id_fk; Type: INDEX; Schema: public; Owner: -
--

CREATE INDEX admin_permissions_updated_by_id_fk ON public.admin_permissions USING btree (updated_by_id);


--
-- Name: admin_roles_created_by_id_fk; Type: INDEX; Schema: public; Owner: -
--

CREATE INDEX admin_roles_created_by_id_fk ON public.admin_roles USING btree (created_by_id);


--
-- Name: admin_roles_updated_by_id_fk; Type: INDEX; Schema: public; Owner: -
--

CREATE INDEX admin_roles_updated_by_id_fk ON public.admin_roles USING btree (updated_by_id);


--
-- Name: admin_users_created_by_id_fk; Type: INDEX; Schema: public; Owner: -
--

CREATE INDEX admin_users_created_by_id_fk ON public.admin_users USING btree (created_by_id);


--
-- Name: admin_users_roles_links_fk; Type: INDEX; Schema: public; Owner: -
--

CREATE INDEX admin_users_roles_links_fk ON public.admin_users_roles_links USING btree (user_id);


--
-- Name: admin_users_roles_links_inv_fk; Type: INDEX; Schema: public; Owner: -
--

CREATE INDEX admin_users_roles_links_inv_fk ON public.admin_users_roles_links USING btree (role_id);


--
-- Name: admin_users_updated_by_id_fk; Type: INDEX; Schema: public; Owner: -
--

CREATE INDEX admin_users_updated_by_id_fk ON public.admin_users USING btree (updated_by_id);


--
-- Name: files_created_by_id_fk; Type: INDEX; Schema: public; Owner: -
--

CREATE INDEX files_created_by_id_fk ON public.files USING btree (created_by_id);


--
-- Name: files_folder_links_fk; Type: INDEX; Schema: public; Owner: -
--

CREATE INDEX files_folder_links_fk ON public.files_folder_links USING btree (file_id);


--
-- Name: files_folder_links_inv_fk; Type: INDEX; Schema: public; Owner: -
--

CREATE INDEX files_folder_links_inv_fk ON public.files_folder_links USING btree (folder_id);


--
-- Name: files_related_morphs_fk; Type: INDEX; Schema: public; Owner: -
--

CREATE INDEX files_related_morphs_fk ON public.files_related_morphs USING btree (file_id);


--
-- Name: files_updated_by_id_fk; Type: INDEX; Schema: public; Owner: -
--

CREATE INDEX files_updated_by_id_fk ON public.files USING btree (updated_by_id);


--
-- Name: floors_created_by_id_fk; Type: INDEX; Schema: public; Owner: -
--

CREATE INDEX floors_created_by_id_fk ON public.floors USING btree (created_by_id);


--
-- Name: floors_updated_by_id_fk; Type: INDEX; Schema: public; Owner: -
--

CREATE INDEX floors_updated_by_id_fk ON public.floors USING btree (updated_by_id);


--
-- Name: i18n_locale_created_by_id_fk; Type: INDEX; Schema: public; Owner: -
--

CREATE INDEX i18n_locale_created_by_id_fk ON public.i18n_locale USING btree (created_by_id);


--
-- Name: i18n_locale_updated_by_id_fk; Type: INDEX; Schema: public; Owner: -
--

CREATE INDEX i18n_locale_updated_by_id_fk ON public.i18n_locale USING btree (updated_by_id);


--
-- Name: profiles_created_by_id_fk; Type: INDEX; Schema: public; Owner: -
--

CREATE INDEX profiles_created_by_id_fk ON public.profiles USING btree (created_by_id);


--
-- Name: profiles_updated_by_id_fk; Type: INDEX; Schema: public; Owner: -
--

CREATE INDEX profiles_updated_by_id_fk ON public.profiles USING btree (updated_by_id);


--
-- Name: rooms_created_by_id_fk; Type: INDEX; Schema: public; Owner: -
--

CREATE INDEX rooms_created_by_id_fk ON public.rooms USING btree (created_by_id);


--
-- Name: rooms_updated_by_id_fk; Type: INDEX; Schema: public; Owner: -
--

CREATE INDEX rooms_updated_by_id_fk ON public.rooms USING btree (updated_by_id);


--
-- Name: schedule_histories_created_by_id_fk; Type: INDEX; Schema: public; Owner: -
--

CREATE INDEX schedule_histories_created_by_id_fk ON public.schedule_histories USING btree (created_by_id);


--
-- Name: schedule_histories_updated_by_id_fk; Type: INDEX; Schema: public; Owner: -
--

CREATE INDEX schedule_histories_updated_by_id_fk ON public.schedule_histories USING btree (updated_by_id);


--
-- Name: schedules_created_by_id_fk; Type: INDEX; Schema: public; Owner: -
--

CREATE INDEX schedules_created_by_id_fk ON public.schedules USING btree (created_by_id);


--
-- Name: schedules_updated_by_id_fk; Type: INDEX; Schema: public; Owner: -
--

CREATE INDEX schedules_updated_by_id_fk ON public.schedules USING btree (updated_by_id);


--
-- Name: sensor_activities_created_by_id_fk; Type: INDEX; Schema: public; Owner: -
--

CREATE INDEX sensor_activities_created_by_id_fk ON public.sensor_activities USING btree (created_by_id);


--
-- Name: sensor_activities_updated_by_id_fk; Type: INDEX; Schema: public; Owner: -
--

CREATE INDEX sensor_activities_updated_by_id_fk ON public.sensor_activities USING btree (updated_by_id);


--
-- Name: sensors_created_by_id_fk; Type: INDEX; Schema: public; Owner: -
--

CREATE INDEX sensors_created_by_id_fk ON public.sensors USING btree (created_by_id);


--
-- Name: sensors_updated_by_id_fk; Type: INDEX; Schema: public; Owner: -
--

CREATE INDEX sensors_updated_by_id_fk ON public.sensors USING btree (updated_by_id);


--
-- Name: strapi_api_token_permissions_created_by_id_fk; Type: INDEX; Schema: public; Owner: -
--

CREATE INDEX strapi_api_token_permissions_created_by_id_fk ON public.strapi_api_token_permissions USING btree (created_by_id);


--
-- Name: strapi_api_token_permissions_token_links_fk; Type: INDEX; Schema: public; Owner: -
--

CREATE INDEX strapi_api_token_permissions_token_links_fk ON public.strapi_api_token_permissions_token_links USING btree (api_token_permission_id);


--
-- Name: strapi_api_token_permissions_token_links_inv_fk; Type: INDEX; Schema: public; Owner: -
--

CREATE INDEX strapi_api_token_permissions_token_links_inv_fk ON public.strapi_api_token_permissions_token_links USING btree (api_token_id);


--
-- Name: strapi_api_token_permissions_updated_by_id_fk; Type: INDEX; Schema: public; Owner: -
--

CREATE INDEX strapi_api_token_permissions_updated_by_id_fk ON public.strapi_api_token_permissions USING btree (updated_by_id);


--
-- Name: strapi_api_tokens_created_by_id_fk; Type: INDEX; Schema: public; Owner: -
--

CREATE INDEX strapi_api_tokens_created_by_id_fk ON public.strapi_api_tokens USING btree (created_by_id);


--
-- Name: strapi_api_tokens_updated_by_id_fk; Type: INDEX; Schema: public; Owner: -
--

CREATE INDEX strapi_api_tokens_updated_by_id_fk ON public.strapi_api_tokens USING btree (updated_by_id);


--
-- Name: up_permissions_created_by_id_fk; Type: INDEX; Schema: public; Owner: -
--

CREATE INDEX up_permissions_created_by_id_fk ON public.up_permissions USING btree (created_by_id);


--
-- Name: up_permissions_role_links_fk; Type: INDEX; Schema: public; Owner: -
--

CREATE INDEX up_permissions_role_links_fk ON public.up_permissions_role_links USING btree (permission_id);


--
-- Name: up_permissions_role_links_inv_fk; Type: INDEX; Schema: public; Owner: -
--

CREATE INDEX up_permissions_role_links_inv_fk ON public.up_permissions_role_links USING btree (role_id);


--
-- Name: up_permissions_updated_by_id_fk; Type: INDEX; Schema: public; Owner: -
--

CREATE INDEX up_permissions_updated_by_id_fk ON public.up_permissions USING btree (updated_by_id);


--
-- Name: up_roles_created_by_id_fk; Type: INDEX; Schema: public; Owner: -
--

CREATE INDEX up_roles_created_by_id_fk ON public.up_roles USING btree (created_by_id);


--
-- Name: up_roles_updated_by_id_fk; Type: INDEX; Schema: public; Owner: -
--

CREATE INDEX up_roles_updated_by_id_fk ON public.up_roles USING btree (updated_by_id);


--
-- Name: up_users_created_by_id_fk; Type: INDEX; Schema: public; Owner: -
--

CREATE INDEX up_users_created_by_id_fk ON public.up_users USING btree (created_by_id);


--
-- Name: up_users_role_links_fk; Type: INDEX; Schema: public; Owner: -
--

CREATE INDEX up_users_role_links_fk ON public.up_users_role_links USING btree (user_id);


--
-- Name: up_users_role_links_inv_fk; Type: INDEX; Schema: public; Owner: -
--

CREATE INDEX up_users_role_links_inv_fk ON public.up_users_role_links USING btree (role_id);


--
-- Name: up_users_updated_by_id_fk; Type: INDEX; Schema: public; Owner: -
--

CREATE INDEX up_users_updated_by_id_fk ON public.up_users USING btree (updated_by_id);


--
-- Name: upload_files_folder_path_index; Type: INDEX; Schema: public; Owner: -
--

CREATE INDEX upload_files_folder_path_index ON public.files USING btree (folder_path);


--
-- Name: upload_folders_created_by_id_fk; Type: INDEX; Schema: public; Owner: -
--

CREATE INDEX upload_folders_created_by_id_fk ON public.upload_folders USING btree (created_by_id);


--
-- Name: upload_folders_parent_links_fk; Type: INDEX; Schema: public; Owner: -
--

CREATE INDEX upload_folders_parent_links_fk ON public.upload_folders_parent_links USING btree (folder_id);


--
-- Name: upload_folders_parent_links_inv_fk; Type: INDEX; Schema: public; Owner: -
--

CREATE INDEX upload_folders_parent_links_inv_fk ON public.upload_folders_parent_links USING btree (inv_folder_id);


--
-- Name: upload_folders_updated_by_id_fk; Type: INDEX; Schema: public; Owner: -
--

CREATE INDEX upload_folders_updated_by_id_fk ON public.upload_folders USING btree (updated_by_id);


--
-- Name: workplaces_created_by_id_fk; Type: INDEX; Schema: public; Owner: -
--

CREATE INDEX workplaces_created_by_id_fk ON public.workplaces USING btree (created_by_id);


--
-- Name: workplaces_updated_by_id_fk; Type: INDEX; Schema: public; Owner: -
--

CREATE INDEX workplaces_updated_by_id_fk ON public.workplaces USING btree (updated_by_id);


--
-- Name: activity_histories activity_histories_created_by_id_fk; Type: FK CONSTRAINT; Schema: public; Owner: -
--

ALTER TABLE ONLY public.activity_histories
    ADD CONSTRAINT activity_histories_created_by_id_fk FOREIGN KEY (created_by_id) REFERENCES public.admin_users(id) ON DELETE SET NULL;


--
-- Name: activity_histories activity_histories_updated_by_id_fk; Type: FK CONSTRAINT; Schema: public; Owner: -
--

ALTER TABLE ONLY public.activity_histories
    ADD CONSTRAINT activity_histories_updated_by_id_fk FOREIGN KEY (updated_by_id) REFERENCES public.admin_users(id) ON DELETE SET NULL;


--
-- Name: admin_permissions admin_permissions_created_by_id_fk; Type: FK CONSTRAINT; Schema: public; Owner: -
--

ALTER TABLE ONLY public.admin_permissions
    ADD CONSTRAINT admin_permissions_created_by_id_fk FOREIGN KEY (created_by_id) REFERENCES public.admin_users(id) ON DELETE SET NULL;


--
-- Name: admin_permissions_role_links admin_permissions_role_links_fk; Type: FK CONSTRAINT; Schema: public; Owner: -
--

ALTER TABLE ONLY public.admin_permissions_role_links
    ADD CONSTRAINT admin_permissions_role_links_fk FOREIGN KEY (permission_id) REFERENCES public.admin_permissions(id) ON DELETE CASCADE;


--
-- Name: admin_permissions_role_links admin_permissions_role_links_inv_fk; Type: FK CONSTRAINT; Schema: public; Owner: -
--

ALTER TABLE ONLY public.admin_permissions_role_links
    ADD CONSTRAINT admin_permissions_role_links_inv_fk FOREIGN KEY (role_id) REFERENCES public.admin_roles(id) ON DELETE CASCADE;


--
-- Name: admin_permissions admin_permissions_updated_by_id_fk; Type: FK CONSTRAINT; Schema: public; Owner: -
--

ALTER TABLE ONLY public.admin_permissions
    ADD CONSTRAINT admin_permissions_updated_by_id_fk FOREIGN KEY (updated_by_id) REFERENCES public.admin_users(id) ON DELETE SET NULL;


--
-- Name: admin_roles admin_roles_created_by_id_fk; Type: FK CONSTRAINT; Schema: public; Owner: -
--

ALTER TABLE ONLY public.admin_roles
    ADD CONSTRAINT admin_roles_created_by_id_fk FOREIGN KEY (created_by_id) REFERENCES public.admin_users(id) ON DELETE SET NULL;


--
-- Name: admin_roles admin_roles_updated_by_id_fk; Type: FK CONSTRAINT; Schema: public; Owner: -
--

ALTER TABLE ONLY public.admin_roles
    ADD CONSTRAINT admin_roles_updated_by_id_fk FOREIGN KEY (updated_by_id) REFERENCES public.admin_users(id) ON DELETE SET NULL;


--
-- Name: admin_users admin_users_created_by_id_fk; Type: FK CONSTRAINT; Schema: public; Owner: -
--

ALTER TABLE ONLY public.admin_users
    ADD CONSTRAINT admin_users_created_by_id_fk FOREIGN KEY (created_by_id) REFERENCES public.admin_users(id) ON DELETE SET NULL;


--
-- Name: admin_users_roles_links admin_users_roles_links_fk; Type: FK CONSTRAINT; Schema: public; Owner: -
--

ALTER TABLE ONLY public.admin_users_roles_links
    ADD CONSTRAINT admin_users_roles_links_fk FOREIGN KEY (user_id) REFERENCES public.admin_users(id) ON DELETE CASCADE;


--
-- Name: admin_users_roles_links admin_users_roles_links_inv_fk; Type: FK CONSTRAINT; Schema: public; Owner: -
--

ALTER TABLE ONLY public.admin_users_roles_links
    ADD CONSTRAINT admin_users_roles_links_inv_fk FOREIGN KEY (role_id) REFERENCES public.admin_roles(id) ON DELETE CASCADE;


--
-- Name: admin_users admin_users_updated_by_id_fk; Type: FK CONSTRAINT; Schema: public; Owner: -
--

ALTER TABLE ONLY public.admin_users
    ADD CONSTRAINT admin_users_updated_by_id_fk FOREIGN KEY (updated_by_id) REFERENCES public.admin_users(id) ON DELETE SET NULL;


--
-- Name: files files_created_by_id_fk; Type: FK CONSTRAINT; Schema: public; Owner: -
--

ALTER TABLE ONLY public.files
    ADD CONSTRAINT files_created_by_id_fk FOREIGN KEY (created_by_id) REFERENCES public.admin_users(id) ON DELETE SET NULL;


--
-- Name: files_folder_links files_folder_links_fk; Type: FK CONSTRAINT; Schema: public; Owner: -
--

ALTER TABLE ONLY public.files_folder_links
    ADD CONSTRAINT files_folder_links_fk FOREIGN KEY (file_id) REFERENCES public.files(id) ON DELETE CASCADE;


--
-- Name: files_folder_links files_folder_links_inv_fk; Type: FK CONSTRAINT; Schema: public; Owner: -
--

ALTER TABLE ONLY public.files_folder_links
    ADD CONSTRAINT files_folder_links_inv_fk FOREIGN KEY (folder_id) REFERENCES public.upload_folders(id) ON DELETE CASCADE;


--
-- Name: files_related_morphs files_related_morphs_fk; Type: FK CONSTRAINT; Schema: public; Owner: -
--

ALTER TABLE ONLY public.files_related_morphs
    ADD CONSTRAINT files_related_morphs_fk FOREIGN KEY (file_id) REFERENCES public.files(id) ON DELETE CASCADE;


--
-- Name: files files_updated_by_id_fk; Type: FK CONSTRAINT; Schema: public; Owner: -
--

ALTER TABLE ONLY public.files
    ADD CONSTRAINT files_updated_by_id_fk FOREIGN KEY (updated_by_id) REFERENCES public.admin_users(id) ON DELETE SET NULL;


--
-- Name: floors floors_created_by_id_fk; Type: FK CONSTRAINT; Schema: public; Owner: -
--

ALTER TABLE ONLY public.floors
    ADD CONSTRAINT floors_created_by_id_fk FOREIGN KEY (created_by_id) REFERENCES public.admin_users(id) ON DELETE SET NULL;


--
-- Name: floors floors_updated_by_id_fk; Type: FK CONSTRAINT; Schema: public; Owner: -
--

ALTER TABLE ONLY public.floors
    ADD CONSTRAINT floors_updated_by_id_fk FOREIGN KEY (updated_by_id) REFERENCES public.admin_users(id) ON DELETE SET NULL;


--
-- Name: i18n_locale i18n_locale_created_by_id_fk; Type: FK CONSTRAINT; Schema: public; Owner: -
--

ALTER TABLE ONLY public.i18n_locale
    ADD CONSTRAINT i18n_locale_created_by_id_fk FOREIGN KEY (created_by_id) REFERENCES public.admin_users(id) ON DELETE SET NULL;


--
-- Name: i18n_locale i18n_locale_updated_by_id_fk; Type: FK CONSTRAINT; Schema: public; Owner: -
--

ALTER TABLE ONLY public.i18n_locale
    ADD CONSTRAINT i18n_locale_updated_by_id_fk FOREIGN KEY (updated_by_id) REFERENCES public.admin_users(id) ON DELETE SET NULL;


--
-- Name: profiles profiles_created_by_id_fk; Type: FK CONSTRAINT; Schema: public; Owner: -
--

ALTER TABLE ONLY public.profiles
    ADD CONSTRAINT profiles_created_by_id_fk FOREIGN KEY (created_by_id) REFERENCES public.admin_users(id) ON DELETE SET NULL;


--
-- Name: profiles profiles_updated_by_id_fk; Type: FK CONSTRAINT; Schema: public; Owner: -
--

ALTER TABLE ONLY public.profiles
    ADD CONSTRAINT profiles_updated_by_id_fk FOREIGN KEY (updated_by_id) REFERENCES public.admin_users(id) ON DELETE SET NULL;


--
-- Name: rooms rooms_created_by_id_fk; Type: FK CONSTRAINT; Schema: public; Owner: -
--

ALTER TABLE ONLY public.rooms
    ADD CONSTRAINT rooms_created_by_id_fk FOREIGN KEY (created_by_id) REFERENCES public.admin_users(id) ON DELETE SET NULL;


--
-- Name: rooms rooms_updated_by_id_fk; Type: FK CONSTRAINT; Schema: public; Owner: -
--

ALTER TABLE ONLY public.rooms
    ADD CONSTRAINT rooms_updated_by_id_fk FOREIGN KEY (updated_by_id) REFERENCES public.admin_users(id) ON DELETE SET NULL;


--
-- Name: schedule_histories schedule_histories_created_by_id_fk; Type: FK CONSTRAINT; Schema: public; Owner: -
--

ALTER TABLE ONLY public.schedule_histories
    ADD CONSTRAINT schedule_histories_created_by_id_fk FOREIGN KEY (created_by_id) REFERENCES public.admin_users(id) ON DELETE SET NULL;


--
-- Name: schedule_histories schedule_histories_updated_by_id_fk; Type: FK CONSTRAINT; Schema: public; Owner: -
--

ALTER TABLE ONLY public.schedule_histories
    ADD CONSTRAINT schedule_histories_updated_by_id_fk FOREIGN KEY (updated_by_id) REFERENCES public.admin_users(id) ON DELETE SET NULL;


--
-- Name: schedules schedules_created_by_id_fk; Type: FK CONSTRAINT; Schema: public; Owner: -
--

ALTER TABLE ONLY public.schedules
    ADD CONSTRAINT schedules_created_by_id_fk FOREIGN KEY (created_by_id) REFERENCES public.admin_users(id) ON DELETE SET NULL;


--
-- Name: schedules schedules_updated_by_id_fk; Type: FK CONSTRAINT; Schema: public; Owner: -
--

ALTER TABLE ONLY public.schedules
    ADD CONSTRAINT schedules_updated_by_id_fk FOREIGN KEY (updated_by_id) REFERENCES public.admin_users(id) ON DELETE SET NULL;


--
-- Name: sensor_activities sensor_activities_created_by_id_fk; Type: FK CONSTRAINT; Schema: public; Owner: -
--

ALTER TABLE ONLY public.sensor_activities
    ADD CONSTRAINT sensor_activities_created_by_id_fk FOREIGN KEY (created_by_id) REFERENCES public.admin_users(id) ON DELETE SET NULL;


--
-- Name: sensor_activities sensor_activities_updated_by_id_fk; Type: FK CONSTRAINT; Schema: public; Owner: -
--

ALTER TABLE ONLY public.sensor_activities
    ADD CONSTRAINT sensor_activities_updated_by_id_fk FOREIGN KEY (updated_by_id) REFERENCES public.admin_users(id) ON DELETE SET NULL;


--
-- Name: sensors sensors_created_by_id_fk; Type: FK CONSTRAINT; Schema: public; Owner: -
--

ALTER TABLE ONLY public.sensors
    ADD CONSTRAINT sensors_created_by_id_fk FOREIGN KEY (created_by_id) REFERENCES public.admin_users(id) ON DELETE SET NULL;


--
-- Name: sensors sensors_updated_by_id_fk; Type: FK CONSTRAINT; Schema: public; Owner: -
--

ALTER TABLE ONLY public.sensors
    ADD CONSTRAINT sensors_updated_by_id_fk FOREIGN KEY (updated_by_id) REFERENCES public.admin_users(id) ON DELETE SET NULL;


--
-- Name: strapi_api_token_permissions strapi_api_token_permissions_created_by_id_fk; Type: FK CONSTRAINT; Schema: public; Owner: -
--

ALTER TABLE ONLY public.strapi_api_token_permissions
    ADD CONSTRAINT strapi_api_token_permissions_created_by_id_fk FOREIGN KEY (created_by_id) REFERENCES public.admin_users(id) ON DELETE SET NULL;


--
-- Name: strapi_api_token_permissions_token_links strapi_api_token_permissions_token_links_fk; Type: FK CONSTRAINT; Schema: public; Owner: -
--

ALTER TABLE ONLY public.strapi_api_token_permissions_token_links
    ADD CONSTRAINT strapi_api_token_permissions_token_links_fk FOREIGN KEY (api_token_permission_id) REFERENCES public.strapi_api_token_permissions(id) ON DELETE CASCADE;


--
-- Name: strapi_api_token_permissions_token_links strapi_api_token_permissions_token_links_inv_fk; Type: FK CONSTRAINT; Schema: public; Owner: -
--

ALTER TABLE ONLY public.strapi_api_token_permissions_token_links
    ADD CONSTRAINT strapi_api_token_permissions_token_links_inv_fk FOREIGN KEY (api_token_id) REFERENCES public.strapi_api_tokens(id) ON DELETE CASCADE;


--
-- Name: strapi_api_token_permissions strapi_api_token_permissions_updated_by_id_fk; Type: FK CONSTRAINT; Schema: public; Owner: -
--

ALTER TABLE ONLY public.strapi_api_token_permissions
    ADD CONSTRAINT strapi_api_token_permissions_updated_by_id_fk FOREIGN KEY (updated_by_id) REFERENCES public.admin_users(id) ON DELETE SET NULL;


--
-- Name: strapi_api_tokens strapi_api_tokens_created_by_id_fk; Type: FK CONSTRAINT; Schema: public; Owner: -
--

ALTER TABLE ONLY public.strapi_api_tokens
    ADD CONSTRAINT strapi_api_tokens_created_by_id_fk FOREIGN KEY (created_by_id) REFERENCES public.admin_users(id) ON DELETE SET NULL;


--
-- Name: strapi_api_tokens strapi_api_tokens_updated_by_id_fk; Type: FK CONSTRAINT; Schema: public; Owner: -
--

ALTER TABLE ONLY public.strapi_api_tokens
    ADD CONSTRAINT strapi_api_tokens_updated_by_id_fk FOREIGN KEY (updated_by_id) REFERENCES public.admin_users(id) ON DELETE SET NULL;


--
-- Name: up_permissions up_permissions_created_by_id_fk; Type: FK CONSTRAINT; Schema: public; Owner: -
--

ALTER TABLE ONLY public.up_permissions
    ADD CONSTRAINT up_permissions_created_by_id_fk FOREIGN KEY (created_by_id) REFERENCES public.admin_users(id) ON DELETE SET NULL;


--
-- Name: up_permissions_role_links up_permissions_role_links_fk; Type: FK CONSTRAINT; Schema: public; Owner: -
--

ALTER TABLE ONLY public.up_permissions_role_links
    ADD CONSTRAINT up_permissions_role_links_fk FOREIGN KEY (permission_id) REFERENCES public.up_permissions(id) ON DELETE CASCADE;


--
-- Name: up_permissions_role_links up_permissions_role_links_inv_fk; Type: FK CONSTRAINT; Schema: public; Owner: -
--

ALTER TABLE ONLY public.up_permissions_role_links
    ADD CONSTRAINT up_permissions_role_links_inv_fk FOREIGN KEY (role_id) REFERENCES public.up_roles(id) ON DELETE CASCADE;


--
-- Name: up_permissions up_permissions_updated_by_id_fk; Type: FK CONSTRAINT; Schema: public; Owner: -
--

ALTER TABLE ONLY public.up_permissions
    ADD CONSTRAINT up_permissions_updated_by_id_fk FOREIGN KEY (updated_by_id) REFERENCES public.admin_users(id) ON DELETE SET NULL;


--
-- Name: up_roles up_roles_created_by_id_fk; Type: FK CONSTRAINT; Schema: public; Owner: -
--

ALTER TABLE ONLY public.up_roles
    ADD CONSTRAINT up_roles_created_by_id_fk FOREIGN KEY (created_by_id) REFERENCES public.admin_users(id) ON DELETE SET NULL;


--
-- Name: up_roles up_roles_updated_by_id_fk; Type: FK CONSTRAINT; Schema: public; Owner: -
--

ALTER TABLE ONLY public.up_roles
    ADD CONSTRAINT up_roles_updated_by_id_fk FOREIGN KEY (updated_by_id) REFERENCES public.admin_users(id) ON DELETE SET NULL;


--
-- Name: up_users up_users_created_by_id_fk; Type: FK CONSTRAINT; Schema: public; Owner: -
--

ALTER TABLE ONLY public.up_users
    ADD CONSTRAINT up_users_created_by_id_fk FOREIGN KEY (created_by_id) REFERENCES public.admin_users(id) ON DELETE SET NULL;


--
-- Name: up_users_role_links up_users_role_links_fk; Type: FK CONSTRAINT; Schema: public; Owner: -
--

ALTER TABLE ONLY public.up_users_role_links
    ADD CONSTRAINT up_users_role_links_fk FOREIGN KEY (user_id) REFERENCES public.up_users(id) ON DELETE CASCADE;


--
-- Name: up_users_role_links up_users_role_links_inv_fk; Type: FK CONSTRAINT; Schema: public; Owner: -
--

ALTER TABLE ONLY public.up_users_role_links
    ADD CONSTRAINT up_users_role_links_inv_fk FOREIGN KEY (role_id) REFERENCES public.up_roles(id) ON DELETE CASCADE;


--
-- Name: up_users up_users_updated_by_id_fk; Type: FK CONSTRAINT; Schema: public; Owner: -
--

ALTER TABLE ONLY public.up_users
    ADD CONSTRAINT up_users_updated_by_id_fk FOREIGN KEY (updated_by_id) REFERENCES public.admin_users(id) ON DELETE SET NULL;


--
-- Name: upload_folders upload_folders_created_by_id_fk; Type: FK CONSTRAINT; Schema: public; Owner: -
--

ALTER TABLE ONLY public.upload_folders
    ADD CONSTRAINT upload_folders_created_by_id_fk FOREIGN KEY (created_by_id) REFERENCES public.admin_users(id) ON DELETE SET NULL;


--
-- Name: upload_folders_parent_links upload_folders_parent_links_fk; Type: FK CONSTRAINT; Schema: public; Owner: -
--

ALTER TABLE ONLY public.upload_folders_parent_links
    ADD CONSTRAINT upload_folders_parent_links_fk FOREIGN KEY (folder_id) REFERENCES public.upload_folders(id) ON DELETE CASCADE;


--
-- Name: upload_folders_parent_links upload_folders_parent_links_inv_fk; Type: FK CONSTRAINT; Schema: public; Owner: -
--

ALTER TABLE ONLY public.upload_folders_parent_links
    ADD CONSTRAINT upload_folders_parent_links_inv_fk FOREIGN KEY (inv_folder_id) REFERENCES public.upload_folders(id) ON DELETE CASCADE;


--
-- Name: upload_folders upload_folders_updated_by_id_fk; Type: FK CONSTRAINT; Schema: public; Owner: -
--

ALTER TABLE ONLY public.upload_folders
    ADD CONSTRAINT upload_folders_updated_by_id_fk FOREIGN KEY (updated_by_id) REFERENCES public.admin_users(id) ON DELETE SET NULL;


--
-- Name: workplaces workplaces_created_by_id_fk; Type: FK CONSTRAINT; Schema: public; Owner: -
--

ALTER TABLE ONLY public.workplaces
    ADD CONSTRAINT workplaces_created_by_id_fk FOREIGN KEY (created_by_id) REFERENCES public.admin_users(id) ON DELETE SET NULL;


--
-- Name: workplaces workplaces_updated_by_id_fk; Type: FK CONSTRAINT; Schema: public; Owner: -
--

ALTER TABLE ONLY public.workplaces
    ADD CONSTRAINT workplaces_updated_by_id_fk FOREIGN KEY (updated_by_id) REFERENCES public.admin_users(id) ON DELETE SET NULL;


--
-- Name: SCHEMA public; Type: ACL; Schema: -; Owner: -
--

REVOKE ALL ON SCHEMA public FROM cloudsqladmin;
REVOKE ALL ON SCHEMA public FROM PUBLIC;
GRANT ALL ON SCHEMA public TO cloudsqlsuperuser;
GRANT ALL ON SCHEMA public TO PUBLIC;


--
-- Name: SEQUENCE activity_histories_id_seq; Type: ACL; Schema: public; Owner: -
--

GRANT SELECT ON SEQUENCE public.activity_histories_id_seq TO cloudsqlimportexport;


--
-- Name: SEQUENCE admin_permissions_id_seq; Type: ACL; Schema: public; Owner: -
--

GRANT SELECT ON SEQUENCE public.admin_permissions_id_seq TO cloudsqlimportexport;


--
-- Name: SEQUENCE admin_roles_id_seq; Type: ACL; Schema: public; Owner: -
--

GRANT SELECT ON SEQUENCE public.admin_roles_id_seq TO cloudsqlimportexport;


--
-- Name: SEQUENCE admin_users_id_seq; Type: ACL; Schema: public; Owner: -
--

GRANT SELECT ON SEQUENCE public.admin_users_id_seq TO cloudsqlimportexport;


--
-- Name: SEQUENCE files_id_seq; Type: ACL; Schema: public; Owner: -
--

GRANT SELECT ON SEQUENCE public.files_id_seq TO cloudsqlimportexport;


--
-- Name: SEQUENCE floors_id_seq; Type: ACL; Schema: public; Owner: -
--

GRANT SELECT ON SEQUENCE public.floors_id_seq TO cloudsqlimportexport;


--
-- Name: SEQUENCE i18n_locale_id_seq; Type: ACL; Schema: public; Owner: -
--

GRANT SELECT ON SEQUENCE public.i18n_locale_id_seq TO cloudsqlimportexport;


--
-- Name: SEQUENCE profiles_id_seq; Type: ACL; Schema: public; Owner: -
--

GRANT SELECT ON SEQUENCE public.profiles_id_seq TO cloudsqlimportexport;


--
-- Name: SEQUENCE rooms_id_seq; Type: ACL; Schema: public; Owner: -
--

GRANT SELECT ON SEQUENCE public.rooms_id_seq TO cloudsqlimportexport;


--
-- Name: SEQUENCE schedules_id_seq; Type: ACL; Schema: public; Owner: -
--

GRANT SELECT ON SEQUENCE public.schedules_id_seq TO cloudsqlimportexport;


--
-- Name: SEQUENCE sensor_activities_id_seq; Type: ACL; Schema: public; Owner: -
--

GRANT SELECT ON SEQUENCE public.sensor_activities_id_seq TO cloudsqlimportexport;


--
-- Name: SEQUENCE sensors_id_seq; Type: ACL; Schema: public; Owner: -
--

GRANT SELECT ON SEQUENCE public.sensors_id_seq TO cloudsqlimportexport;


--
-- Name: SEQUENCE strapi_api_tokens_id_seq; Type: ACL; Schema: public; Owner: -
--

GRANT SELECT ON SEQUENCE public.strapi_api_tokens_id_seq TO cloudsqlimportexport;


--
-- Name: SEQUENCE strapi_core_store_settings_id_seq; Type: ACL; Schema: public; Owner: -
--

GRANT SELECT ON SEQUENCE public.strapi_core_store_settings_id_seq TO cloudsqlimportexport;


--
-- Name: SEQUENCE strapi_database_schema_id_seq; Type: ACL; Schema: public; Owner: -
--

GRANT SELECT ON SEQUENCE public.strapi_database_schema_id_seq TO cloudsqlimportexport;


--
-- Name: SEQUENCE strapi_migrations_id_seq; Type: ACL; Schema: public; Owner: -
--

GRANT SELECT ON SEQUENCE public.strapi_migrations_id_seq TO cloudsqlimportexport;


--
-- Name: SEQUENCE strapi_webhooks_id_seq; Type: ACL; Schema: public; Owner: -
--

GRANT SELECT ON SEQUENCE public.strapi_webhooks_id_seq TO cloudsqlimportexport;


--
-- Name: SEQUENCE up_permissions_id_seq; Type: ACL; Schema: public; Owner: -
--

GRANT SELECT ON SEQUENCE public.up_permissions_id_seq TO cloudsqlimportexport;


--
-- Name: SEQUENCE up_roles_id_seq; Type: ACL; Schema: public; Owner: -
--

GRANT SELECT ON SEQUENCE public.up_roles_id_seq TO cloudsqlimportexport;


--
-- Name: SEQUENCE up_users_id_seq; Type: ACL; Schema: public; Owner: -
--

GRANT SELECT ON SEQUENCE public.up_users_id_seq TO cloudsqlimportexport;


--
-- Name: SEQUENCE workplaces_id_seq; Type: ACL; Schema: public; Owner: -
--

GRANT SELECT ON SEQUENCE public.workplaces_id_seq TO cloudsqlimportexport;


--
--

